{"id":1040,"date":"2019-02-07T21:33:33","date_gmt":"2019-02-07T21:33:33","guid":{"rendered":"http:\/\/www.travelanddine.info\/?page_id=1040"},"modified":"2021-06-11T12:04:15","modified_gmt":"2021-06-11T12:04:15","slug":"amerika-karibik","status":"publish","type":"page","link":"https:\/\/www.travelanddine.info\/index.php\/amerika-karibik\/","title":{"rendered":"Amerika &#038; Karibik"},"content":{"rendered":"\n<figure class=\"wp-block-image\"><img loading=\"lazy\" width=\"1024\" height=\"683\" src=\"https:\/\/www.travelanddine.info\/wp-content\/uploads\/2019\/07\/americas-caribbean-1024x683.jpg\" alt=\"\" class=\"wp-image-2934\" srcset=\"https:\/\/www.travelanddine.info\/wp-content\/uploads\/2019\/07\/americas-caribbean-1024x683.jpg 1024w, https:\/\/www.travelanddine.info\/wp-content\/uploads\/2019\/07\/americas-caribbean-300x200.jpg 300w, https:\/\/www.travelanddine.info\/wp-content\/uploads\/2019\/07\/americas-caribbean-768x512.jpg 768w, https:\/\/www.travelanddine.info\/wp-content\/uploads\/2019\/07\/americas-caribbean.jpg 1920w\" sizes=\"(max-width: 1024px) 100vw, 1024px\" \/><\/figure>\n\n\n\n<div class=\"wp-block-columns has-2-columns\">\n<div class=\"wp-block-column\">\n<figure class=\"wp-block-image size-large\"><a href=\"https:\/\/www.travelanddine.info\/index.php\/kanada\/\"><img loading=\"lazy\" width=\"770\" height=\"73\" src=\"https:\/\/www.travelanddine.info\/wp-content\/uploads\/2021\/06\/KANADA.png\" alt=\"\" class=\"wp-image-4594\" srcset=\"https:\/\/www.travelanddine.info\/wp-content\/uploads\/2021\/06\/KANADA.png 770w, https:\/\/www.travelanddine.info\/wp-content\/uploads\/2021\/06\/KANADA-300x28.png 300w, https:\/\/www.travelanddine.info\/wp-content\/uploads\/2021\/06\/KANADA-768x73.png 768w\" sizes=\"(max-width: 770px) 100vw, 770px\" \/><\/a><\/figure>\n\n\n\n<figure class=\"wp-block-image size-large\"><a href=\"https:\/\/www.travelanddine.info\/index.php\/mexiko\/\"><img loading=\"lazy\" width=\"770\" height=\"73\" src=\"https:\/\/www.travelanddine.info\/wp-content\/uploads\/2021\/06\/MEXIKO.png\" alt=\"\" class=\"wp-image-4597\" srcset=\"https:\/\/www.travelanddine.info\/wp-content\/uploads\/2021\/06\/MEXIKO.png 770w, https:\/\/www.travelanddine.info\/wp-content\/uploads\/2021\/06\/MEXIKO-300x28.png 300w, https:\/\/www.travelanddine.info\/wp-content\/uploads\/2021\/06\/MEXIKO-768x73.png 768w\" sizes=\"(max-width: 770px) 100vw, 770px\" \/><\/a><\/figure>\n\n\n\n<figure class=\"wp-block-image size-large\"><a href=\"https:\/\/www.travelanddine.info\/index.php\/argentina\/\"><img loading=\"lazy\" width=\"770\" height=\"73\" src=\"https:\/\/www.travelanddine.info\/wp-content\/uploads\/2021\/06\/ARGENTINA.png\" alt=\"\" class=\"wp-image-4599\" srcset=\"https:\/\/www.travelanddine.info\/wp-content\/uploads\/2021\/06\/ARGENTINA.png 770w, https:\/\/www.travelanddine.info\/wp-content\/uploads\/2021\/06\/ARGENTINA-300x28.png 300w, https:\/\/www.travelanddine.info\/wp-content\/uploads\/2021\/06\/ARGENTINA-768x73.png 768w\" sizes=\"(max-width: 770px) 100vw, 770px\" \/><\/a><\/figure>\n\n\n\n<figure class=\"wp-block-image size-large\"><a href=\"https:\/\/www.travelanddine.info\/index.php\/svaty-bartolomej\/\"><img loading=\"lazy\" width=\"770\" height=\"73\" src=\"https:\/\/www.travelanddine.info\/wp-content\/uploads\/2021\/06\/SVATY-BARTOLOMEJ.png\" alt=\"\" class=\"wp-image-4601\" srcset=\"https:\/\/www.travelanddine.info\/wp-content\/uploads\/2021\/06\/SVATY-BARTOLOMEJ.png 770w, https:\/\/www.travelanddine.info\/wp-content\/uploads\/2021\/06\/SVATY-BARTOLOMEJ-300x28.png 300w, https:\/\/www.travelanddine.info\/wp-content\/uploads\/2021\/06\/SVATY-BARTOLOMEJ-768x73.png 768w\" sizes=\"(max-width: 770px) 100vw, 770px\" \/><\/a><\/figure>\n\n\n\n<figure class=\"wp-block-image size-large\"><a href=\"https:\/\/www.travelanddine.info\/index.php\/aruba\/\"><img loading=\"lazy\" width=\"770\" height=\"73\" src=\"https:\/\/www.travelanddine.info\/wp-content\/uploads\/2021\/06\/ARUBA.png\" alt=\"\" class=\"wp-image-4603\" srcset=\"https:\/\/www.travelanddine.info\/wp-content\/uploads\/2021\/06\/ARUBA.png 770w, https:\/\/www.travelanddine.info\/wp-content\/uploads\/2021\/06\/ARUBA-300x28.png 300w, https:\/\/www.travelanddine.info\/wp-content\/uploads\/2021\/06\/ARUBA-768x73.png 768w\" sizes=\"(max-width: 770px) 100vw, 770px\" \/><\/a><\/figure>\n<\/div>\n\n\n\n<div class=\"wp-block-column\">\n<figure class=\"wp-block-image size-large\"><a href=\"https:\/\/www.travelanddine.info\/index.php\/usa\/\"><img loading=\"lazy\" width=\"770\" height=\"73\" src=\"https:\/\/www.travelanddine.info\/wp-content\/uploads\/2021\/06\/USA.png\" alt=\"\" class=\"wp-image-4596\" srcset=\"https:\/\/www.travelanddine.info\/wp-content\/uploads\/2021\/06\/USA.png 770w, https:\/\/www.travelanddine.info\/wp-content\/uploads\/2021\/06\/USA-300x28.png 300w, https:\/\/www.travelanddine.info\/wp-content\/uploads\/2021\/06\/USA-768x73.png 768w\" sizes=\"(max-width: 770px) 100vw, 770px\" \/><\/a><\/figure>\n\n\n\n<figure class=\"wp-block-image size-large\"><a href=\"https:\/\/www.travelanddine.info\/index.php\/brazilie\/\"><img loading=\"lazy\" width=\"770\" height=\"73\" src=\"https:\/\/www.travelanddine.info\/wp-content\/uploads\/2021\/06\/BRAZILIE.png\" alt=\"\" class=\"wp-image-4598\" srcset=\"https:\/\/www.travelanddine.info\/wp-content\/uploads\/2021\/06\/BRAZILIE.png 770w, https:\/\/www.travelanddine.info\/wp-content\/uploads\/2021\/06\/BRAZILIE-300x28.png 300w, https:\/\/www.travelanddine.info\/wp-content\/uploads\/2021\/06\/BRAZILIE-768x73.png 768w\" sizes=\"(max-width: 770px) 100vw, 770px\" \/><\/a><\/figure>\n\n\n\n<figure class=\"wp-block-image size-large\"><a href=\"https:\/\/www.travelanddine.info\/index.php\/bahamy\/\"><img loading=\"lazy\" width=\"770\" height=\"73\" src=\"https:\/\/www.travelanddine.info\/wp-content\/uploads\/2021\/06\/BAHAMY.png\" alt=\"\" class=\"wp-image-4600\" srcset=\"https:\/\/www.travelanddine.info\/wp-content\/uploads\/2021\/06\/BAHAMY.png 770w, https:\/\/www.travelanddine.info\/wp-content\/uploads\/2021\/06\/BAHAMY-300x28.png 300w, https:\/\/www.travelanddine.info\/wp-content\/uploads\/2021\/06\/BAHAMY-768x73.png 768w\" sizes=\"(max-width: 770px) 100vw, 770px\" \/><\/a><\/figure>\n\n\n\n<figure class=\"wp-block-image size-large\"><a href=\"https:\/\/www.travelanddine.info\/index.php\/svata-lucie\/\"><img loading=\"lazy\" width=\"770\" height=\"73\" src=\"https:\/\/www.travelanddine.info\/wp-content\/uploads\/2021\/06\/SVATA-LUCIE.png\" alt=\"\" class=\"wp-image-4602\" srcset=\"https:\/\/www.travelanddine.info\/wp-content\/uploads\/2021\/06\/SVATA-LUCIE.png 770w, https:\/\/www.travelanddine.info\/wp-content\/uploads\/2021\/06\/SVATA-LUCIE-300x28.png 300w, https:\/\/www.travelanddine.info\/wp-content\/uploads\/2021\/06\/SVATA-LUCIE-768x73.png 768w\" sizes=\"(max-width: 770px) 100vw, 770px\" \/><\/a><\/figure>\n<\/div>\n<\/div>\n\n\n\n<p><\/p>\n","protected":false},"excerpt":{"rendered":"","protected":false},"author":1,"featured_media":0,"parent":0,"menu_order":0,"comment_status":"closed","ping_status":"closed","template":"","meta":[],"yoast_head":"<!-- This site is optimized with the Yoast SEO plugin v17.0 - https:\/\/yoast.com\/wordpress\/plugins\/seo\/ -->\n<title>Amerika &amp; Karibik - Premium Travel&amp;Dine Info<\/title>\n<meta name=\"robots\" content=\"index, follow, max-snippet:-1, max-image-preview:large, max-video-preview:-1\" \/>\n<link rel=\"canonical\" href=\"https:\/\/www.travelanddine.info\/index.php\/amerika-karibik\/\" \/>\n<meta property=\"og:locale\" content=\"cs_CZ\" \/>\n<meta property=\"og:type\" content=\"article\" \/>\n<meta property=\"og:title\" content=\"Amerika &amp; Karibik - Premium Travel&amp;Dine Info\" \/>\n<meta property=\"og:url\" content=\"https:\/\/www.travelanddine.info\/index.php\/amerika-karibik\/\" \/>\n<meta property=\"og:site_name\" content=\"Premium Travel&amp;Dine Info\" \/>\n<meta property=\"article:publisher\" content=\"http:\/\/www.facebook.com\/PremiumTravelAndDineInfo\" \/>\n<meta property=\"article:modified_time\" content=\"2021-06-11T12:04:15+00:00\" \/>\n<meta property=\"og:image\" content=\"http:\/\/www.travelanddine.info\/wp-content\/uploads\/2019\/07\/americas-caribbean-1024x683.jpg\" \/>\n<meta name=\"twitter:card\" content=\"summary_large_image\" \/>\n<meta name=\"twitter:label1\" content=\"Odhadovan\u00e1 doba \u010dten\u00ed\" \/>\n\t<meta name=\"twitter:data1\" content=\"2 minuty\" \/>\n<script type=\"application\/ld+json\" class=\"yoast-schema-graph\">{\"@context\":\"https:\/\/schema.org\",\"@graph\":[{\"@type\":\"Organization\",\"@id\":\"https:\/\/www.travelanddine.info\/#organization\",\"name\":\"Premium Travel & Dine Info\",\"url\":\"https:\/\/www.travelanddine.info\/\",\"sameAs\":[\"http:\/\/www.facebook.com\/PremiumTravelAndDineInfo\",\"https:\/\/www.instagram.com\/premium_travel_and_dine_info\/\",\"https:\/\/www.youtube.com\/channel\/UCq4d7zmKK3AOuzDrR1p_2Qw\/featured?disable_polymer=1\"],\"logo\":{\"@type\":\"ImageObject\",\"@id\":\"https:\/\/www.travelanddine.info\/#logo\",\"inLanguage\":\"cs\",\"url\":\"https:\/\/www.travelanddine.info\/wp-content\/uploads\/2019\/01\/logo-premium-e1547240252292.jpg\",\"contentUrl\":\"https:\/\/www.travelanddine.info\/wp-content\/uploads\/2019\/01\/logo-premium-e1547240252292.jpg\",\"width\":1000,\"height\":406,\"caption\":\"Premium Travel & Dine Info\"},\"image\":{\"@id\":\"https:\/\/www.travelanddine.info\/#logo\"}},{\"@type\":\"WebSite\",\"@id\":\"https:\/\/www.travelanddine.info\/#website\",\"url\":\"https:\/\/www.travelanddine.info\/\",\"name\":\"Premium Travel&amp;Dine Info\",\"description\":\"tipy, doporu\\u010den\\u00ed, informace.. pro ty, kte\\u0159\\u00ed maj\\u00ed r\\u00e1di cestov\\u00e1n\\u00ed na vysok\\u00e9 \\u00farovni a skv\\u011bl\\u00e9 j\\u00eddlo\",\"publisher\":{\"@id\":\"https:\/\/www.travelanddine.info\/#organization\"},\"potentialAction\":[{\"@type\":\"SearchAction\",\"target\":{\"@type\":\"EntryPoint\",\"urlTemplate\":\"https:\/\/www.travelanddine.info\/?s={search_term_string}\"},\"query-input\":\"required name=search_term_string\"}],\"inLanguage\":\"cs\"},{\"@type\":\"ImageObject\",\"@id\":\"https:\/\/www.travelanddine.info\/index.php\/amerika-karibik\/#primaryimage\",\"inLanguage\":\"cs\",\"url\":\"http:\/\/www.travelanddine.info\/wp-content\/uploads\/2019\/07\/americas-caribbean-1024x683.jpg\",\"contentUrl\":\"http:\/\/www.travelanddine.info\/wp-content\/uploads\/2019\/07\/americas-caribbean-1024x683.jpg\"},{\"@type\":\"WebPage\",\"@id\":\"https:\/\/www.travelanddine.info\/index.php\/amerika-karibik\/#webpage\",\"url\":\"https:\/\/www.travelanddine.info\/index.php\/amerika-karibik\/\",\"name\":\"Amerika & Karibik - Premium Travel&amp;Dine Info\",\"isPartOf\":{\"@id\":\"https:\/\/www.travelanddine.info\/#website\"},\"primaryImageOfPage\":{\"@id\":\"https:\/\/www.travelanddine.info\/index.php\/amerika-karibik\/#primaryimage\"},\"datePublished\":\"2019-02-07T21:33:33+00:00\",\"dateModified\":\"2021-06-11T12:04:15+00:00\",\"breadcrumb\":{\"@id\":\"https:\/\/www.travelanddine.info\/index.php\/amerika-karibik\/#breadcrumb\"},\"inLanguage\":\"cs\",\"potentialAction\":[{\"@type\":\"ReadAction\",\"target\":[\"https:\/\/www.travelanddine.info\/index.php\/amerika-karibik\/\"]}]},{\"@type\":\"BreadcrumbList\",\"@id\":\"https:\/\/www.travelanddine.info\/index.php\/amerika-karibik\/#breadcrumb\",\"itemListElement\":[{\"@type\":\"ListItem\",\"position\":1,\"name\":\"Dom\\u016f\",\"item\":\"https:\/\/www.travelanddine.info\/index.php\/en\/home\/\"},{\"@type\":\"ListItem\",\"position\":2,\"name\":\"Amerika &#038; Karibik\"}]}]}<\/script>\n<!-- \/ Yoast SEO plugin. -->","yoast_head_json":{"title":"Amerika & Karibik - Premium Travel&amp;Dine Info","robots":{"index":"index","follow":"follow","max-snippet":"max-snippet:-1","max-image-preview":"max-image-preview:large","max-video-preview":"max-video-preview:-1"},"canonical":"https:\/\/www.travelanddine.info\/index.php\/amerika-karibik\/","og_locale":"cs_CZ","og_type":"article","og_title":"Amerika & Karibik - Premium Travel&amp;Dine Info","og_url":"https:\/\/www.travelanddine.info\/index.php\/amerika-karibik\/","og_site_name":"Premium Travel&amp;Dine Info","article_publisher":"http:\/\/www.facebook.com\/PremiumTravelAndDineInfo","article_modified_time":"2021-06-11T12:04:15+00:00","og_image":[{"url":"http:\/\/www.travelanddine.info\/wp-content\/uploads\/2019\/07\/americas-caribbean-1024x683.jpg"}],"twitter_card":"summary_large_image","twitter_misc":{"Odhadovan\u00e1 doba \u010dten\u00ed":"2 minuty"},"schema":{"@context":"https:\/\/schema.org","@graph":[{"@type":"Organization","@id":"https:\/\/www.travelanddine.info\/#organization","name":"Premium Travel & Dine Info","url":"https:\/\/www.travelanddine.info\/","sameAs":["http:\/\/www.facebook.com\/PremiumTravelAndDineInfo","https:\/\/www.instagram.com\/premium_travel_and_dine_info\/","https:\/\/www.youtube.com\/channel\/UCq4d7zmKK3AOuzDrR1p_2Qw\/featured?disable_polymer=1"],"logo":{"@type":"ImageObject","@id":"https:\/\/www.travelanddine.info\/#logo","inLanguage":"cs","url":"https:\/\/www.travelanddine.info\/wp-content\/uploads\/2019\/01\/logo-premium-e1547240252292.jpg","contentUrl":"https:\/\/www.travelanddine.info\/wp-content\/uploads\/2019\/01\/logo-premium-e1547240252292.jpg","width":1000,"height":406,"caption":"Premium Travel & Dine Info"},"image":{"@id":"https:\/\/www.travelanddine.info\/#logo"}},{"@type":"WebSite","@id":"https:\/\/www.travelanddine.info\/#website","url":"https:\/\/www.travelanddine.info\/","name":"Premium Travel&amp;Dine Info","description":"tipy, doporu\u010den\u00ed, informace.. pro ty, kte\u0159\u00ed maj\u00ed r\u00e1di cestov\u00e1n\u00ed na vysok\u00e9 \u00farovni a skv\u011bl\u00e9 j\u00eddlo","publisher":{"@id":"https:\/\/www.travelanddine.info\/#organization"},"potentialAction":[{"@type":"SearchAction","target":{"@type":"EntryPoint","urlTemplate":"https:\/\/www.travelanddine.info\/?s={search_term_string}"},"query-input":"required name=search_term_string"}],"inLanguage":"cs"},{"@type":"ImageObject","@id":"https:\/\/www.travelanddine.info\/index.php\/amerika-karibik\/#primaryimage","inLanguage":"cs","url":"http:\/\/www.travelanddine.info\/wp-content\/uploads\/2019\/07\/americas-caribbean-1024x683.jpg","contentUrl":"http:\/\/www.travelanddine.info\/wp-content\/uploads\/2019\/07\/americas-caribbean-1024x683.jpg"},{"@type":"WebPage","@id":"https:\/\/www.travelanddine.info\/index.php\/amerika-karibik\/#webpage","url":"https:\/\/www.travelanddine.info\/index.php\/amerika-karibik\/","name":"Amerika & Karibik - Premium Travel&amp;Dine Info","isPartOf":{"@id":"https:\/\/www.travelanddine.info\/#website"},"primaryImageOfPage":{"@id":"https:\/\/www.travelanddine.info\/index.php\/amerika-karibik\/#primaryimage"},"datePublished":"2019-02-07T21:33:33+00:00","dateModified":"2021-06-11T12:04:15+00:00","breadcrumb":{"@id":"https:\/\/www.travelanddine.info\/index.php\/amerika-karibik\/#breadcrumb"},"inLanguage":"cs","potentialAction":[{"@type":"ReadAction","target":["https:\/\/www.travelanddine.info\/index.php\/amerika-karibik\/"]}]},{"@type":"BreadcrumbList","@id":"https:\/\/www.travelanddine.info\/index.php\/amerika-karibik\/#breadcrumb","itemListElement":[{"@type":"ListItem","position":1,"name":"Dom\u016f","item":"https:\/\/www.travelanddine.info\/index.php\/en\/home\/"},{"@type":"ListItem","position":2,"name":"Amerika &#038; Karibik"}]}]}},"_links":{"self":[{"href":"https:\/\/www.travelanddine.info\/index.php\/wp-json\/wp\/v2\/pages\/1040"}],"collection":[{"href":"https:\/\/www.travelanddine.info\/index.php\/wp-json\/wp\/v2\/pages"}],"about":[{"href":"https:\/\/www.travelanddine.info\/index.php\/wp-json\/wp\/v2\/types\/page"}],"author":[{"embeddable":true,"href":"https:\/\/www.travelanddine.info\/index.php\/wp-json\/wp\/v2\/users\/1"}],"replies":[{"embeddable":true,"href":"https:\/\/www.travelanddine.info\/index.php\/wp-json\/wp\/v2\/comments?post=1040"}],"version-history":[{"count":14,"href":"https:\/\/www.travelanddine.info\/index.php\/wp-json\/wp\/v2\/pages\/1040\/revisions"}],"predecessor-version":[{"id":4604,"href":"https:\/\/www.travelanddine.info\/index.php\/wp-json\/wp\/v2\/pages\/1040\/revisions\/4604"}],"wp:attachment":[{"href":"https:\/\/www.travelanddine.info\/index.php\/wp-json\/wp\/v2\/media?parent=1040"}],"curies":[{"name":"wp","href":"https:\/\/api.w.org\/{rel}","templated":true}]}}