{"id":1566,"date":"2019-02-16T20:41:30","date_gmt":"2019-02-16T20:41:30","guid":{"rendered":"http:\/\/www.travelanddine.info\/?page_id=1566"},"modified":"2019-07-09T21:36:55","modified_gmt":"2019-07-09T21:36:55","slug":"ahangri-la-rasa-sayang-resort-spa-penang-cz","status":"publish","type":"page","link":"https:\/\/www.travelanddine.info\/index.php\/malajsie-cz\/ahangri-la-rasa-sayang-resort-spa-penang-cz\/","title":{"rendered":"SHANGRI-LA RASA SAYANG RESORT &#038; SPA, PENANG"},"content":{"rendered":"\n<figure class=\"wp-block-image\"><img loading=\"lazy\" width=\"800\" height=\"370\" src=\"https:\/\/www.travelanddine.info\/wp-content\/uploads\/2019\/02\/image-66.png\" alt=\"\" class=\"wp-image-1567\" srcset=\"https:\/\/www.travelanddine.info\/wp-content\/uploads\/2019\/02\/image-66.png 800w, https:\/\/www.travelanddine.info\/wp-content\/uploads\/2019\/02\/image-66-300x139.png 300w, https:\/\/www.travelanddine.info\/wp-content\/uploads\/2019\/02\/image-66-768x355.png 768w\" sizes=\"(max-width: 800px) 100vw, 800px\" \/><\/figure>\n\n\n\n<p><em>Hotelov\u00fd \u0159et\u011bzec a v\u011brnostn\u00ed program<\/em><\/p>\n\n\n\n<p>Shangri-La hotels and resorts, p\u011btihv\u011bzdi\u010dkov\u00e1 mezin\u00e1rodn\u00ed hotelov\u00e1 s\u00ed\u0165. V\u011brnostn\u00ed program je Golden Circle.<\/p>\n\n\n\n<p><em>P\u0159ihl\u00e1\u0161en\u00ed do hotelu a ve\u0159ejn\u00fd prostor vstupn\u00ed haly<\/em><\/p>\n\n\n\n<p>V prostorn\u00e9 recepci jsme byli po p\u0159\u00edjezdu do hotelu p\u0159iv\u00edt\u00e1ni ovocn\u00fdm \u010derstv\u00fdm d\u017eusem a studen\u00fdm osv\u011b\u017euj\u00edc\u00edm ru\u010dn\u00edkem. Person\u00e1l byl profesion\u00e1ln\u00ed a p\u0159\u00edjemn\u00fd. P\u0159i odbaven\u00ed do sv\u00e9ho pokoje jsme dostali nab\u00eddku na pokoj vy\u0161\u0161\u00ed kategorie Rasa Premier. Dali jsme si \u010das na rozhodnut\u00ed a nejprve jsme se odbavili do objednan\u00e9ho pokoje Deluxe Garden View. Zam\u011bstnankyn\u011b slu\u017eeb pro z\u00e1kazn\u00edky n\u00e1s doprovodila do na\u0161eho p\u016fvodn\u00edho pokoje, pot\u00e9 n\u00e1m uk\u00e1zala pokoj vy\u0161\u0161\u00ed kategorie Rasa Premier, abychom m\u011bli mo\u017enost vid\u011bt rozd\u00edl na vlastn\u00ed o\u010di. Posl\u00e9ze jsme se skute\u010dn\u011b rozhodli pro pokoj v&nbsp;traktu Rasa. Pobyt v pokoji Rasa Premier nab\u00edz\u00ed i n\u011bkolik zaj\u00edmav\u00fdch v\u00fdhod. Za upgrade do Rasa se \u00fa\u010dtuje p\u0159\u00edplatek.&nbsp;<\/p>\n\n\n\n<p>V&nbsp;komfortn\u00edm hotelov\u00e9m lobby se nach\u00e1z\u00ed recepce, slu\u017eby concierge, sm\u011bn\u00e1rna, zavazadlov\u00fd servis a obchod se suven\u00fdry. Pohodln\u00e9 a velk\u00e9 pohovky a k\u0159esla slou\u017e\u00ed vskutku k&nbsp;pohodln\u00e9mu \u010dek\u00e1n\u00ed v&nbsp;prostoru lobby. Je be\u017en\u00e9, \u017ee v\u0161echny hlavn\u00ed platebn\u00ed karty jsou v&nbsp;hotelu p\u0159ij\u00edm\u00e1ny.<\/p>\n\n\n\n<figure class=\"wp-block-image is-resized\"><img loading=\"lazy\" src=\"https:\/\/www.travelanddine.info\/wp-content\/uploads\/2019\/02\/image-67.png\" alt=\"\" class=\"wp-image-1568\" width=\"557\" height=\"371\" srcset=\"https:\/\/www.travelanddine.info\/wp-content\/uploads\/2019\/02\/image-67.png 690w, https:\/\/www.travelanddine.info\/wp-content\/uploads\/2019\/02\/image-67-300x200.png 300w\" sizes=\"(max-width: 557px) 100vw, 557px\" \/><\/figure>\n\n\n\n<figure class=\"wp-block-image is-resized\"><img loading=\"lazy\" src=\"https:\/\/www.travelanddine.info\/wp-content\/uploads\/2019\/02\/image-68.png\" alt=\"\" class=\"wp-image-1569\" width=\"564\" height=\"317\" srcset=\"https:\/\/www.travelanddine.info\/wp-content\/uploads\/2019\/02\/image-68.png 666w, https:\/\/www.travelanddine.info\/wp-content\/uploads\/2019\/02\/image-68-300x169.png 300w\" sizes=\"(max-width: 564px) 100vw, 564px\" \/><\/figure>\n\n\n\n<p><em>Um\u00edst\u011bn\u00ed hotelu<\/em><\/p>\n\n\n\n<p>Oblast Batu Ferringhi, kter\u00e1 se nach\u00e1z\u00ed v severn\u00ed \u010d\u00e1sti Penangu, pravd\u011bpodobn\u011b nejv\u00edce turistick\u00e9 \u010d\u00e1sti ostrova. Mezin\u00e1rodn\u00ed leti\u0161t\u011b Penang je asi 45 minut j\u00edzdy, a Georgetown &#8211; hlavn\u00ed m\u011bsto Penang je asi 25 minut j\u00edzdy autem.<br>Rezort se nach\u00e1z\u00ed na pl\u00e1\u017ei. Nicm\u00e9n\u011b sotva byste v&nbsp;mo\u0159i n\u011bkoho hledali. Pro\u010d? Mraky mal\u00fdch med\u00faz. Mohlo by to b\u00fdt z d\u016fvodu glob\u00e1ln\u00edho oteplov\u00e1n\u00ed? Jak \u0159\u00edkaj\u00ed m\u00edstn\u00ed obyvatel\u00e9, med\u00fazy nejsou \u017eivotu nebezpe\u010dn\u00e9, ale jejich \u017eahnut\u00ed m\u016f\u017ee b\u00fdt opravdu bolestiv\u00e9. Proch\u00e1zka po p\u00edse\u010dn\u00e9 pl\u00e1\u017ei se m\u016f\u017ee zm\u011bnit na proch\u00e1zku po stovk\u00e1ch vyplaven\u00fdch uhynul\u00fdch med\u00faz, pokud si ven vyjdete v&nbsp;ur\u010ditou dobu.<br>Ostrov Penang je vyhl\u00e1\u0161en\u00fd sv\u00fdm j\u00eddlem. Tis\u00edce turist\u016f pravideln\u011b p\u0159ij\u00ed\u017ed\u011bj\u00ed nejenom kv\u016fli odpo\u010dinku, ale tak\u00e9 kv\u016fli vyhl\u00e1\u0161en\u00e9 m\u00edstn\u00ed kuchyni. \u010cerstv\u00e9 ryby a mo\u0159sk\u00e9 plody pat\u0159\u00ed ke \u0161pi\u010dce m\u00edstn\u00edch j\u00eddeln\u00edch l\u00edstk\u016f. Typick\u00e9 penangsk\u00e9 j\u00eddlo, kter\u00e9 se jmenuje Asam Laksa a je p\u0159ipraveno z ryb\u00edho v\u00fdvaru, ryb, mo\u0159sk\u00fdch plod\u016f a zeleniny je spoustou n\u00e1v\u0161t\u011bvn\u00edk\u016f pova\u017eov\u00e1no za &#8222;nebe v \u00fastech&#8220;.<\/p>\n\n\n\n<p><em>Hotelov\u00e9 pokoje<\/em><\/p>\n\n\n\n<p>304 luxusn\u00edch pokoj\u016f a apartm\u00e1n\u016f. Pokoj Rasa Premier, kter\u00fd m\u00e1 rozlohu 62 m2 je rozd\u011blen velk\u00fdm pracovn\u00edm stolem na ob\u00fdvac\u00ed a spac\u00ed \u010d\u00e1st. Ob\u00fdvac\u00ed \u010d\u00e1st je vybavena pohovkou a \u017eidlemi, konferen\u010dn\u00edm stolkem, minibarem, k\u00e1vovarem a rychlovarnou konvic\u00ed. Spac\u00ed \u010d\u00e1st m\u00e1 velk\u00e9 pohodln\u00e9 postele a no\u010dn\u00ed stolky s lampou a klasick\u00fdm bud\u00edkem. Ploch\u00fd televizor na st\u011bn\u011b lze nato\u010dit do obou \u010d\u00e1st\u00ed m\u00edstnosti. Velk\u00e9 \u0161atn\u00ed sk\u0159\u00edn\u011b s trezorem jsou um\u00edst\u011bny u vchodu do m\u00edstnosti a prostor m\u016f\u017ee slou\u017eit i jako p\u0159evl\u00e9k\u00e1rna. Koupelna se samostatn\u00fdm prostorem pro WC je velk\u00e1 a je vyrobena z mramoru. Sprchov\u00fd kout je um\u00edst\u011bn na konci koupelny a jeho velikost p\u0159ekra\u010duje standardn\u00ed rozm\u011bry.<br>Pokoj je vyzdoben v tmav\u00e9m d\u0159ev\u011bn\u00e9m dekoru a kombinuje modern\u00ed design s tradi\u010dn\u00edmi malajsk\u00fdmi detaily. Pokoj Rasa Premier m\u00e1 velk\u00fd balkon s v\u00ed\u0159ivkou, st\u016fl se \u017eidlemi, pohovkou a slune\u010dn\u00edky, kter\u00e9 mohou b\u00fdt zata\u017eeny pro \u00fapln\u00e9 soukrom\u00ed.<br>V\u00fdhody ubytov\u00e1n\u00ed Rasa jsou tak\u00e9 odpoledn\u00ed \u010daj a ob\u010derstven\u00ed pod\u00e1van\u00e9 v salonku Rasa, vybran\u00e9 alkoholick\u00e9 n\u00e1poje a koktejly, v\u00edna v\u010detn\u011b \u0161ampa\u0148sk\u00e9ho s&nbsp;mal\u00fdm ob\u010derstven\u00edm p\u0159ed ve\u010de\u0159\u00ed a nealkoholick\u00e9 n\u00e1poje, k\u00e1va a \u010daj pod\u00e1van\u00e9 bezplatn\u011b u baz\u00e9nu Rasa. K dispozici je 24hodinov\u00e1 slu\u017eba \u010dist\u011bn\u00ed bot. Pro hosty Rasa je umo\u017en\u011bn v\u00fdhradn\u00ed p\u0159\u00edstup k baz\u00e9nu Rasa Wing, kter\u00fd je ur\u010den pouze pro dosp\u011bl\u00e9 osoby. Etiketa je samoz\u0159ejm\u011b vy\u017eadov\u00e1na p\u0159i vyu\u017e\u00edv\u00e1n\u00ed extra v\u00fdhod RASA.<br>P\u0159ipojen\u00ed WIFI je dobr\u00e9, rychl\u00e9 a pom\u011brn\u011b stabiln\u00ed.<\/p>\n\n\n\n<figure class=\"wp-block-image is-resized\"><img loading=\"lazy\" src=\"https:\/\/www.travelanddine.info\/wp-content\/uploads\/2019\/02\/image-69.png\" alt=\"\" class=\"wp-image-1570\" width=\"564\" height=\"375\" srcset=\"https:\/\/www.travelanddine.info\/wp-content\/uploads\/2019\/02\/image-69.png 612w, https:\/\/www.travelanddine.info\/wp-content\/uploads\/2019\/02\/image-69-300x200.png 300w\" sizes=\"(max-width: 564px) 100vw, 564px\" \/><\/figure>\n\n\n\n<figure class=\"wp-block-image is-resized\"><img loading=\"lazy\" src=\"https:\/\/www.travelanddine.info\/wp-content\/uploads\/2019\/02\/image-70.png\" alt=\"\" class=\"wp-image-1571\" width=\"568\" height=\"378\" srcset=\"https:\/\/www.travelanddine.info\/wp-content\/uploads\/2019\/02\/image-70.png 612w, https:\/\/www.travelanddine.info\/wp-content\/uploads\/2019\/02\/image-70-300x200.png 300w\" sizes=\"(max-width: 568px) 100vw, 568px\" \/><\/figure>\n\n\n\n<p><em>Restaurace a j\u00eddlo<\/em><\/p>\n\n\n\n<p>V&nbsp;rezortu jsou k dispozici 3 restaurace a 2 bary.&nbsp;<em>Spice Market Caf\u00e9<\/em>pod\u00e1v\u00e1 sn\u00eddani formou bufetu. Sn\u00eddan\u011b je obrovsk\u00e1 a nab\u00edz\u00ed mnoho mo\u017enost\u00ed &#8211; kontinent\u00e1ln\u00ed, americkou, malajskou, \u010d\u00ednskou&#8230; J\u00eddlo je chutn\u00e9 a p\u0159\u00e1telsk\u00fd person\u00e1l je v\u017edy k dispozici. Po sn\u00eddani serv\u00edruje restaurace z\u00e1padn\u00ed a asijsk\u00e9 j\u00eddlo, jako malajsk\u00e9, thajsk\u00e9, \u010d\u00ednsk\u00e9, indick\u00e9 nebo japonsk\u00e9 formou a la carte nebo bufetu. V\u00fdb\u011br v\u00edn a kvalita j\u00eddel je skute\u010dn\u011b 5ti hv\u011bzdi\u010dkov\u00e1.&nbsp;<em>Feringgi Grill<\/em>mohou host\u00e9 Rasa vyu\u017e\u00edt pro sn\u00eddani serv\u00edrovanou formou a la carte. Jinak slou\u017e\u00ed jako m\u00edsto pro modern\u00ed kuchyni s&nbsp;j\u00eddlem na ro\u0161tu a s v\u00fdb\u011brem archivn\u00edch v\u00edn a jemn\u00fdch doutn\u00edk\u016f.<em>Pinang<\/em><em>restaurace a bar<\/em>je neform\u00e1ln\u00ed m\u00edsto pro denn\u00ed j\u00eddlo a pit\u00ed a nach\u00e1z\u00ed se v bl\u00edzkosti hlavn\u00edho baz\u00e9nu. Chcete-li si pivo nebo koktejl, m\u016f\u017eete nav\u0161t\u00edvit&nbsp;<em>FIP Fun Interactive &amp; Play Bar<\/em>, kde se pod\u00e1v\u00e1 lehk\u00e9 ob\u010derstven\u00ed &#8211; ku\u0159ec\u00ed nebo krab\u00ed, makronky apod. V&nbsp;<em>Bar Feringgi<\/em>je mo\u017en\u00e9 si vychutnat intimn\u00ed atmosf\u00e9ru s&nbsp;\u017eivou hudbou.&nbsp;<\/p>\n\n\n\n<figure class=\"wp-block-image is-resized\"><img loading=\"lazy\" src=\"https:\/\/www.travelanddine.info\/wp-content\/uploads\/2019\/02\/image-71.png\" alt=\"\" class=\"wp-image-1572\" width=\"546\" height=\"363\" srcset=\"https:\/\/www.travelanddine.info\/wp-content\/uploads\/2019\/02\/image-71.png 612w, https:\/\/www.travelanddine.info\/wp-content\/uploads\/2019\/02\/image-71-300x200.png 300w\" sizes=\"(max-width: 546px) 100vw, 546px\" \/><\/figure>\n\n\n\n<figure class=\"wp-block-image is-resized\"><img loading=\"lazy\" src=\"https:\/\/www.travelanddine.info\/wp-content\/uploads\/2019\/02\/image-72.png\" alt=\"\" class=\"wp-image-1573\" width=\"552\" height=\"310\" srcset=\"https:\/\/www.travelanddine.info\/wp-content\/uploads\/2019\/02\/image-72.png 666w, https:\/\/www.travelanddine.info\/wp-content\/uploads\/2019\/02\/image-72-300x169.png 300w\" sizes=\"(max-width: 552px) 100vw, 552px\" \/><\/figure>\n\n\n\n<p><em>Mo\u017enosti pro voln\u00fd \u010das<\/em><\/p>\n\n\n\n<p>Rezort m\u00e1 t\u0159i baz\u00e9ny v&nbsp;zahrad\u00e1ch o rozloze 30ti akr\u016f. Hlavn\u00ed baz\u00e9n pro v\u0161echny hotelov\u00e9 hosty, d\u011btsk\u00fd baz\u00e9n a Rasa baz\u00e9n ur\u010den\u00fd pro dosp\u011bl\u00e9 vyu\u017e\u00edvaj\u00edc\u00ed ubytovan\u00ed v&nbsp;hotelov\u00e9m k\u0159\u00eddle Rasa. K dispozici je tak\u00e9 9ti jamkov\u00e9 golfov\u00e9 h\u0159i\u0161t\u011b, dob\u0159e vybaven\u00fd health club, t\u0159i tenisov\u00e9 kurty, stoln\u00ed tenis u baz\u00e9nu, a rovn\u011b\u017e hodiny cvi\u010den\u00ed tai-chi.<br>Host\u00e9 k\u0159\u00eddla Rasa mohou tak\u00e9 vyu\u017e\u00edt mas\u00e1\u017ee u baz\u00e9nu, kter\u00fd je ur\u010den pouze pro dosp\u011bl\u00e9.<br>Slu\u017eba pran\u00ed pr\u00e1dla je dobr\u00e1 a spolehliv\u00e1, z jednoho dne do druh\u00e9ho.<\/p>\n\n\n\n<figure class=\"wp-block-image is-resized\"><img loading=\"lazy\" src=\"https:\/\/www.travelanddine.info\/wp-content\/uploads\/2019\/02\/image-73.png\" alt=\"\" class=\"wp-image-1574\" width=\"569\" height=\"320\" srcset=\"https:\/\/www.travelanddine.info\/wp-content\/uploads\/2019\/02\/image-73.png 666w, https:\/\/www.travelanddine.info\/wp-content\/uploads\/2019\/02\/image-73-300x169.png 300w\" sizes=\"(max-width: 569px) 100vw, 569px\" \/><\/figure>\n\n\n\n<figure class=\"wp-block-image is-resized\"><img loading=\"lazy\" src=\"https:\/\/www.travelanddine.info\/wp-content\/uploads\/2019\/02\/image-74.png\" alt=\"\" class=\"wp-image-1575\" width=\"570\" height=\"320\" srcset=\"https:\/\/www.travelanddine.info\/wp-content\/uploads\/2019\/02\/image-74.png 666w, https:\/\/www.travelanddine.info\/wp-content\/uploads\/2019\/02\/image-74-300x169.png 300w\" sizes=\"(max-width: 570px) 100vw, 570px\" \/><\/figure>\n\n\n\n<p><em>Z\u00e1v\u011br<\/em><\/p>\n\n\n\n<p>Nejlep\u0161\u00ed pro : prost\u0159ed\u00ed, atmosf\u00e9ru a j\u00eddlo<\/p>\n\n\n\n<p>Neprop\u00e1sn\u011bte : j\u00eddlo uvnit\u0159 i mimo rezortu, mas\u00e1\u017ee v centrech pobl\u00ed\u017e hotelu<\/p>\n\n\n\n<p>Room price : 280,- Euro \/ Rasa Premier room<\/p>\n\n\n\n<p>Contact : <a href=\"http:\/\/www.shangri-la.com\/penang\/rasasayangresort\/\" target=\"_blank\" rel=\"noreferrer noopener\" aria-label=\"http:\/\/www.shangri-la.com\/penang\/rasasayangresort\/ (otev\u0159e se na nov\u00e9 z\u00e1lo\u017ece)\">http:\/\/www.shangri-la.com\/penang\/rasasayangresort\/<\/a><\/p>\n\n\n\n<p>V rezortu jsme si u\u017eili p\u0159\u00edjemn\u00fd a odpo\u010dinkov\u00fd pobyt.<\/p>\n\n\n\n<p><br><\/p>\n","protected":false},"excerpt":{"rendered":"<p>Hotelov\u00fd \u0159et\u011bzec a v\u011brnostn\u00ed program Shangri-La hotels and resorts, p\u011btihv\u011bzdi\u010dkov\u00e1 mezin\u00e1rodn\u00ed hotelov\u00e1 s\u00ed\u0165. V\u011brnostn\u00ed program je Golden Circle. P\u0159ihl\u00e1\u0161en\u00ed do hotelu a ve\u0159ejn\u00fd prostor vstupn\u00ed haly V prostorn\u00e9 recepci jsme byli po p\u0159\u00edjezdu do hotelu p\u0159iv\u00edt\u00e1ni ovocn\u00fdm \u010derstv\u00fdm d\u017eusem a&#8230;<\/p>\n","protected":false},"author":1,"featured_media":0,"parent":1524,"menu_order":0,"comment_status":"closed","ping_status":"closed","template":"","meta":[],"yoast_head":"<!-- This site is optimized with the Yoast SEO plugin v17.0 - https:\/\/yoast.com\/wordpress\/plugins\/seo\/ -->\n<title>SHANGRI-LA RASA SAYANG RESORT &amp; SPA, PENANG - Premium Travel&amp;Dine Info<\/title>\n<meta name=\"robots\" content=\"index, follow, max-snippet:-1, max-image-preview:large, max-video-preview:-1\" \/>\n<link rel=\"canonical\" href=\"https:\/\/www.travelanddine.info\/index.php\/malajsie-cz\/ahangri-la-rasa-sayang-resort-spa-penang-cz\/\" \/>\n<meta property=\"og:locale\" content=\"cs_CZ\" \/>\n<meta property=\"og:type\" content=\"article\" \/>\n<meta property=\"og:title\" content=\"SHANGRI-LA RASA SAYANG RESORT &amp; SPA, PENANG - Premium Travel&amp;Dine Info\" \/>\n<meta property=\"og:description\" content=\"Hotelov\u00fd \u0159et\u011bzec a v\u011brnostn\u00ed program Shangri-La hotels and resorts, p\u011btihv\u011bzdi\u010dkov\u00e1 mezin\u00e1rodn\u00ed hotelov\u00e1 s\u00ed\u0165. V\u011brnostn\u00ed program je Golden Circle. P\u0159ihl\u00e1\u0161en\u00ed do hotelu a ve\u0159ejn\u00fd prostor vstupn\u00ed haly V prostorn\u00e9 recepci jsme byli po p\u0159\u00edjezdu do hotelu p\u0159iv\u00edt\u00e1ni ovocn\u00fdm \u010derstv\u00fdm d\u017eusem a...\" \/>\n<meta property=\"og:url\" content=\"https:\/\/www.travelanddine.info\/index.php\/malajsie-cz\/ahangri-la-rasa-sayang-resort-spa-penang-cz\/\" \/>\n<meta property=\"og:site_name\" content=\"Premium Travel&amp;Dine Info\" \/>\n<meta property=\"article:publisher\" content=\"http:\/\/www.facebook.com\/PremiumTravelAndDineInfo\" \/>\n<meta property=\"article:modified_time\" content=\"2019-07-09T21:36:55+00:00\" \/>\n<meta property=\"og:image\" content=\"http:\/\/www.travelanddine.info\/wp-content\/uploads\/2019\/02\/image-66.png\" \/>\n<meta name=\"twitter:card\" content=\"summary_large_image\" \/>\n<meta name=\"twitter:label1\" content=\"Odhadovan\u00e1 doba \u010dten\u00ed\" \/>\n\t<meta name=\"twitter:data1\" content=\"6 minut\" \/>\n<script type=\"application\/ld+json\" class=\"yoast-schema-graph\">{\"@context\":\"https:\/\/schema.org\",\"@graph\":[{\"@type\":\"Organization\",\"@id\":\"https:\/\/www.travelanddine.info\/#organization\",\"name\":\"Premium Travel & Dine Info\",\"url\":\"https:\/\/www.travelanddine.info\/\",\"sameAs\":[\"http:\/\/www.facebook.com\/PremiumTravelAndDineInfo\",\"https:\/\/www.instagram.com\/premium_travel_and_dine_info\/\",\"https:\/\/www.youtube.com\/channel\/UCq4d7zmKK3AOuzDrR1p_2Qw\/featured?disable_polymer=1\"],\"logo\":{\"@type\":\"ImageObject\",\"@id\":\"https:\/\/www.travelanddine.info\/#logo\",\"inLanguage\":\"cs\",\"url\":\"https:\/\/www.travelanddine.info\/wp-content\/uploads\/2019\/01\/logo-premium-e1547240252292.jpg\",\"contentUrl\":\"https:\/\/www.travelanddine.info\/wp-content\/uploads\/2019\/01\/logo-premium-e1547240252292.jpg\",\"width\":1000,\"height\":406,\"caption\":\"Premium Travel & Dine Info\"},\"image\":{\"@id\":\"https:\/\/www.travelanddine.info\/#logo\"}},{\"@type\":\"WebSite\",\"@id\":\"https:\/\/www.travelanddine.info\/#website\",\"url\":\"https:\/\/www.travelanddine.info\/\",\"name\":\"Premium Travel&amp;Dine Info\",\"description\":\"tipy, doporu\\u010den\\u00ed, informace.. pro ty, kte\\u0159\\u00ed maj\\u00ed r\\u00e1di cestov\\u00e1n\\u00ed na vysok\\u00e9 \\u00farovni a skv\\u011bl\\u00e9 j\\u00eddlo\",\"publisher\":{\"@id\":\"https:\/\/www.travelanddine.info\/#organization\"},\"potentialAction\":[{\"@type\":\"SearchAction\",\"target\":{\"@type\":\"EntryPoint\",\"urlTemplate\":\"https:\/\/www.travelanddine.info\/?s={search_term_string}\"},\"query-input\":\"required name=search_term_string\"}],\"inLanguage\":\"cs\"},{\"@type\":\"ImageObject\",\"@id\":\"https:\/\/www.travelanddine.info\/index.php\/malajsie-cz\/ahangri-la-rasa-sayang-resort-spa-penang-cz\/#primaryimage\",\"inLanguage\":\"cs\",\"url\":\"http:\/\/www.travelanddine.info\/wp-content\/uploads\/2019\/02\/image-66.png\",\"contentUrl\":\"http:\/\/www.travelanddine.info\/wp-content\/uploads\/2019\/02\/image-66.png\"},{\"@type\":\"WebPage\",\"@id\":\"https:\/\/www.travelanddine.info\/index.php\/malajsie-cz\/ahangri-la-rasa-sayang-resort-spa-penang-cz\/#webpage\",\"url\":\"https:\/\/www.travelanddine.info\/index.php\/malajsie-cz\/ahangri-la-rasa-sayang-resort-spa-penang-cz\/\",\"name\":\"SHANGRI-LA RASA SAYANG RESORT & SPA, PENANG - Premium Travel&amp;Dine Info\",\"isPartOf\":{\"@id\":\"https:\/\/www.travelanddine.info\/#website\"},\"primaryImageOfPage\":{\"@id\":\"https:\/\/www.travelanddine.info\/index.php\/malajsie-cz\/ahangri-la-rasa-sayang-resort-spa-penang-cz\/#primaryimage\"},\"datePublished\":\"2019-02-16T20:41:30+00:00\",\"dateModified\":\"2019-07-09T21:36:55+00:00\",\"breadcrumb\":{\"@id\":\"https:\/\/www.travelanddine.info\/index.php\/malajsie-cz\/ahangri-la-rasa-sayang-resort-spa-penang-cz\/#breadcrumb\"},\"inLanguage\":\"cs\",\"potentialAction\":[{\"@type\":\"ReadAction\",\"target\":[\"https:\/\/www.travelanddine.info\/index.php\/malajsie-cz\/ahangri-la-rasa-sayang-resort-spa-penang-cz\/\"]}]},{\"@type\":\"BreadcrumbList\",\"@id\":\"https:\/\/www.travelanddine.info\/index.php\/malajsie-cz\/ahangri-la-rasa-sayang-resort-spa-penang-cz\/#breadcrumb\",\"itemListElement\":[{\"@type\":\"ListItem\",\"position\":1,\"name\":\"Dom\\u016f\",\"item\":\"https:\/\/www.travelanddine.info\/index.php\/en\/home\/\"},{\"@type\":\"ListItem\",\"position\":2,\"name\":\"Malajsie\",\"item\":\"https:\/\/www.travelanddine.info\/index.php\/malajsie-cz\/\"},{\"@type\":\"ListItem\",\"position\":3,\"name\":\"SHANGRI-LA RASA SAYANG RESORT &#038; SPA, PENANG\"}]}]}<\/script>\n<!-- \/ Yoast SEO plugin. -->","yoast_head_json":{"title":"SHANGRI-LA RASA SAYANG RESORT & SPA, PENANG - Premium Travel&amp;Dine Info","robots":{"index":"index","follow":"follow","max-snippet":"max-snippet:-1","max-image-preview":"max-image-preview:large","max-video-preview":"max-video-preview:-1"},"canonical":"https:\/\/www.travelanddine.info\/index.php\/malajsie-cz\/ahangri-la-rasa-sayang-resort-spa-penang-cz\/","og_locale":"cs_CZ","og_type":"article","og_title":"SHANGRI-LA RASA SAYANG RESORT & SPA, PENANG - Premium Travel&amp;Dine Info","og_description":"Hotelov\u00fd \u0159et\u011bzec a v\u011brnostn\u00ed program Shangri-La hotels and resorts, p\u011btihv\u011bzdi\u010dkov\u00e1 mezin\u00e1rodn\u00ed hotelov\u00e1 s\u00ed\u0165. V\u011brnostn\u00ed program je Golden Circle. P\u0159ihl\u00e1\u0161en\u00ed do hotelu a ve\u0159ejn\u00fd prostor vstupn\u00ed haly V prostorn\u00e9 recepci jsme byli po p\u0159\u00edjezdu do hotelu p\u0159iv\u00edt\u00e1ni ovocn\u00fdm \u010derstv\u00fdm d\u017eusem a...","og_url":"https:\/\/www.travelanddine.info\/index.php\/malajsie-cz\/ahangri-la-rasa-sayang-resort-spa-penang-cz\/","og_site_name":"Premium Travel&amp;Dine Info","article_publisher":"http:\/\/www.facebook.com\/PremiumTravelAndDineInfo","article_modified_time":"2019-07-09T21:36:55+00:00","og_image":[{"url":"http:\/\/www.travelanddine.info\/wp-content\/uploads\/2019\/02\/image-66.png"}],"twitter_card":"summary_large_image","twitter_misc":{"Odhadovan\u00e1 doba \u010dten\u00ed":"6 minut"},"schema":{"@context":"https:\/\/schema.org","@graph":[{"@type":"Organization","@id":"https:\/\/www.travelanddine.info\/#organization","name":"Premium Travel & Dine Info","url":"https:\/\/www.travelanddine.info\/","sameAs":["http:\/\/www.facebook.com\/PremiumTravelAndDineInfo","https:\/\/www.instagram.com\/premium_travel_and_dine_info\/","https:\/\/www.youtube.com\/channel\/UCq4d7zmKK3AOuzDrR1p_2Qw\/featured?disable_polymer=1"],"logo":{"@type":"ImageObject","@id":"https:\/\/www.travelanddine.info\/#logo","inLanguage":"cs","url":"https:\/\/www.travelanddine.info\/wp-content\/uploads\/2019\/01\/logo-premium-e1547240252292.jpg","contentUrl":"https:\/\/www.travelanddine.info\/wp-content\/uploads\/2019\/01\/logo-premium-e1547240252292.jpg","width":1000,"height":406,"caption":"Premium Travel & Dine Info"},"image":{"@id":"https:\/\/www.travelanddine.info\/#logo"}},{"@type":"WebSite","@id":"https:\/\/www.travelanddine.info\/#website","url":"https:\/\/www.travelanddine.info\/","name":"Premium Travel&amp;Dine Info","description":"tipy, doporu\u010den\u00ed, informace.. pro ty, kte\u0159\u00ed maj\u00ed r\u00e1di cestov\u00e1n\u00ed na vysok\u00e9 \u00farovni a skv\u011bl\u00e9 j\u00eddlo","publisher":{"@id":"https:\/\/www.travelanddine.info\/#organization"},"potentialAction":[{"@type":"SearchAction","target":{"@type":"EntryPoint","urlTemplate":"https:\/\/www.travelanddine.info\/?s={search_term_string}"},"query-input":"required name=search_term_string"}],"inLanguage":"cs"},{"@type":"ImageObject","@id":"https:\/\/www.travelanddine.info\/index.php\/malajsie-cz\/ahangri-la-rasa-sayang-resort-spa-penang-cz\/#primaryimage","inLanguage":"cs","url":"http:\/\/www.travelanddine.info\/wp-content\/uploads\/2019\/02\/image-66.png","contentUrl":"http:\/\/www.travelanddine.info\/wp-content\/uploads\/2019\/02\/image-66.png"},{"@type":"WebPage","@id":"https:\/\/www.travelanddine.info\/index.php\/malajsie-cz\/ahangri-la-rasa-sayang-resort-spa-penang-cz\/#webpage","url":"https:\/\/www.travelanddine.info\/index.php\/malajsie-cz\/ahangri-la-rasa-sayang-resort-spa-penang-cz\/","name":"SHANGRI-LA RASA SAYANG RESORT & SPA, PENANG - Premium Travel&amp;Dine Info","isPartOf":{"@id":"https:\/\/www.travelanddine.info\/#website"},"primaryImageOfPage":{"@id":"https:\/\/www.travelanddine.info\/index.php\/malajsie-cz\/ahangri-la-rasa-sayang-resort-spa-penang-cz\/#primaryimage"},"datePublished":"2019-02-16T20:41:30+00:00","dateModified":"2019-07-09T21:36:55+00:00","breadcrumb":{"@id":"https:\/\/www.travelanddine.info\/index.php\/malajsie-cz\/ahangri-la-rasa-sayang-resort-spa-penang-cz\/#breadcrumb"},"inLanguage":"cs","potentialAction":[{"@type":"ReadAction","target":["https:\/\/www.travelanddine.info\/index.php\/malajsie-cz\/ahangri-la-rasa-sayang-resort-spa-penang-cz\/"]}]},{"@type":"BreadcrumbList","@id":"https:\/\/www.travelanddine.info\/index.php\/malajsie-cz\/ahangri-la-rasa-sayang-resort-spa-penang-cz\/#breadcrumb","itemListElement":[{"@type":"ListItem","position":1,"name":"Dom\u016f","item":"https:\/\/www.travelanddine.info\/index.php\/en\/home\/"},{"@type":"ListItem","position":2,"name":"Malajsie","item":"https:\/\/www.travelanddine.info\/index.php\/malajsie-cz\/"},{"@type":"ListItem","position":3,"name":"SHANGRI-LA RASA SAYANG RESORT &#038; SPA, PENANG"}]}]}},"_links":{"self":[{"href":"https:\/\/www.travelanddine.info\/index.php\/wp-json\/wp\/v2\/pages\/1566"}],"collection":[{"href":"https:\/\/www.travelanddine.info\/index.php\/wp-json\/wp\/v2\/pages"}],"about":[{"href":"https:\/\/www.travelanddine.info\/index.php\/wp-json\/wp\/v2\/types\/page"}],"author":[{"embeddable":true,"href":"https:\/\/www.travelanddine.info\/index.php\/wp-json\/wp\/v2\/users\/1"}],"replies":[{"embeddable":true,"href":"https:\/\/www.travelanddine.info\/index.php\/wp-json\/wp\/v2\/comments?post=1566"}],"version-history":[{"count":6,"href":"https:\/\/www.travelanddine.info\/index.php\/wp-json\/wp\/v2\/pages\/1566\/revisions"}],"predecessor-version":[{"id":3413,"href":"https:\/\/www.travelanddine.info\/index.php\/wp-json\/wp\/v2\/pages\/1566\/revisions\/3413"}],"up":[{"embeddable":true,"href":"https:\/\/www.travelanddine.info\/index.php\/wp-json\/wp\/v2\/pages\/1524"}],"wp:attachment":[{"href":"https:\/\/www.travelanddine.info\/index.php\/wp-json\/wp\/v2\/media?parent=1566"}],"curies":[{"name":"wp","href":"https:\/\/api.w.org\/{rel}","templated":true}]}}