{"id":1694,"date":"2019-02-17T10:28:28","date_gmt":"2019-02-17T10:28:28","guid":{"rendered":"http:\/\/www.travelanddine.info\/?page_id=1694"},"modified":"2019-07-09T21:39:30","modified_gmt":"2019-07-09T21:39:30","slug":"sofitel-mumbai-bkc-bombaj","status":"publish","type":"page","link":"https:\/\/www.travelanddine.info\/index.php\/indie\/sofitel-mumbai-bkc-bombaj\/","title":{"rendered":"SOFITEL MUMBAI BKC, BOMBAJ"},"content":{"rendered":"\n<p><em>Hotelov\u00fd \u0159et\u011bzec a v\u011brnostn\u00ed program<\/em><\/p>\n\n\n\n<p>Celosv\u011btov\u00fd hotelov\u00fd \u0159et\u011bzec AccorHotels. V\u011brnostn\u00ed program je Le Club Accor.<\/p>\n\n\n\n<figure class=\"wp-block-image is-resized\"><img loading=\"lazy\" src=\"https:\/\/www.travelanddine.info\/wp-content\/uploads\/2019\/02\/image-127.png\" alt=\"\" class=\"wp-image-1695\" width=\"231\" height=\"231\" srcset=\"https:\/\/www.travelanddine.info\/wp-content\/uploads\/2019\/02\/image-127.png 225w, https:\/\/www.travelanddine.info\/wp-content\/uploads\/2019\/02\/image-127-150x150.png 150w\" sizes=\"(max-width: 231px) 100vw, 231px\" \/><\/figure>\n\n\n\n<figure class=\"wp-block-image\"><img loading=\"lazy\" width=\"612\" height=\"408\" src=\"https:\/\/www.travelanddine.info\/wp-content\/uploads\/2019\/02\/image-128.png\" alt=\"\" class=\"wp-image-1696\" srcset=\"https:\/\/www.travelanddine.info\/wp-content\/uploads\/2019\/02\/image-128.png 612w, https:\/\/www.travelanddine.info\/wp-content\/uploads\/2019\/02\/image-128-300x200.png 300w\" sizes=\"(max-width: 612px) 100vw, 612px\" \/><\/figure>\n\n\n\n<p><em>Hotelov\u00e9 lobby<\/em><\/p>\n\n\n\n<p>Do hotelu jsem p\u0159ijel odpoledne a m\u016fj prvn\u00ed dojem z prostorn\u00e9, luxusn\u00ed a velmi modern\u00ed vstupn\u00ed haly byl lep\u0161\u00ed ne\u017e dobr\u00fd. Zam\u011bstnanci, od vstupu do hotelu a\u017e k recepci, byli p\u0159\u00edjemn\u00ed a zdvo\u0159il\u00ed. Proces p\u0159ihl\u00e1\u0161en\u00ed do hotelu byl bezprobl\u00e9mov\u00fd a rychl\u00fd.<\/p>\n\n\n\n<p>Hotelov\u00e9 lobby vypad\u00e1 velmi modern\u011b a okouzluj\u00edc\u00ed, stejn\u011b jako ostatn\u00ed hotelov\u00e9 prostory a pokoje. V lobby jsou k dispozici v\u0161echny pot\u0159ebn\u00e9 hotelov\u00e9 slu\u017eby jako recepce, \u00faschovna zavazadel, slu\u017eby concierge, pult vztah\u016f se z\u00e1kazn\u00edky, sm\u011bn\u00e1rna a jin\u00e9. M\u00fdm doporu\u010den\u00edm je neposkytovat hotovost v EUR nebo USD jako finan\u010dn\u00ed deposit. V\u017edy pou\u017eijte rad\u011bji kreditn\u00ed kartu, proto\u017ee p\u0159i odhla\u0161ov\u00e1n\u00ed z hotelu v\u00e1m vr\u00e1t\u00ed hotovost v m\u00edstn\u00ed m\u011bn\u011b podle hotelov\u00e9ho sm\u011bnn\u00e9ho kurzu. Bylo mi \u0159e\u010deno, \u017ee je to kv\u016fli indick\u00e9mu z\u00e1konu, ale t\u00edmto m\u016f\u017eete p\u0159ij\u00edt o pom\u011brn\u011b dost pen\u011bz v z\u00e1vislosti na tom, jak velk\u00fd v\u00e1\u0161 finan\u010dn\u00ed deposit byl. Samoz\u0159ejmost\u00ed je, \u017ee v\u0161echny hlavn\u00ed kreditn\u00ed karty jsou p\u0159ij\u00edm\u00e1ny.<\/p>\n\n\n\n<figure class=\"wp-block-image\"><img loading=\"lazy\" width=\"794\" height=\"314\" src=\"https:\/\/www.travelanddine.info\/wp-content\/uploads\/2019\/02\/image-129.png\" alt=\"\" class=\"wp-image-1697\" srcset=\"https:\/\/www.travelanddine.info\/wp-content\/uploads\/2019\/02\/image-129.png 794w, https:\/\/www.travelanddine.info\/wp-content\/uploads\/2019\/02\/image-129-300x119.png 300w, https:\/\/www.travelanddine.info\/wp-content\/uploads\/2019\/02\/image-129-768x304.png 768w\" sizes=\"(max-width: 794px) 100vw, 794px\" \/><\/figure>\n\n\n\n<p><em>Um\u00edst\u011bn\u00ed hotelu<\/em><\/p>\n\n\n\n<p>Hotel se nach\u00e1z\u00ed asi 10 km od mezin\u00e1rodn\u00edho leti\u0161t\u011b Shhatrapaji Shivaji, kter\u00e9 je asi 25 minut j\u00edzdy v z\u00e1vislosti na provozu. Gate of India v \u010d\u00e1sti Colaba je asi hodinu j\u00edzdy autem. Mumbai m\u00e1 p\u0159\u00ed\u0161ern\u00fd provoz na silnic\u00edch, a proto se doba j\u00edzdy tax\u00edkem m\u016f\u017ee n\u011bkdy zdvojn\u00e1sobit nebo a\u017e ztrojn\u00e1sobit.<\/p>\n\n\n\n<p>BKC znamen\u00e1 Bandra Kurla Complex a je m\u00edstem, kde se hotel nach\u00e1z\u00ed. Tato oblast m\u00e1 pom\u011brn\u011b snadn\u00fd p\u0159\u00edstup k n\u011bkter\u00fdm konzul\u00e1t\u016fm, stejn\u011b tak i k n\u011bkter\u00fdm z\u00e1bavn\u00edm a n\u00e1kupn\u00edm centr\u016fm. Po\u017eadavky na taxi mohou b\u00fdt snadno za\u0159\u00edzeny hotelov\u00fdm person\u00e1lem.<\/p>\n\n\n\n<p><em>Hotelov\u00e9 pokoje<\/em><\/p>\n\n\n\n<p>Hotel m\u00e1 v\u00edce ne\u017e 300 pokoj\u016f a apartm\u00e1n\u016f. M\u016fj prostorn\u00fd pokoj s rozlohou 41 m\u00b2 Luxury King Size Room m\u011bl v\u00fdhled na staveni\u0161t\u011b a n\u011bkolik nov\u011b postaven\u00fdch budov. Vybaven\u00ed a dekorov\u00e1n\u00ed pokoje bylo modern\u00ed a odr\u00e1\u017eelo luxus indick\u00e9ho bohatstv\u00ed a sl\u00e1vy film\u016f Bollywoodu. Pokoj byl vybaven n\u00e1bytkem z tmav\u00e9ho d\u0159eva v kombinaci s fialovou a b\u00edlou barvou. Velmi netypick\u00e1 kombinace, ale dekor pokoje vypadal vskutku luxusn\u011b. Pokoj je vybaven komfortn\u00ed velkou postel\u00ed velikosti s no\u010dn\u00edmi stolky, automatickou a manu\u00e1ln\u00ed regulac\u00ed klimatizace a teploty, modern\u00ed pracovn\u00edm stolem s velkou \u017eidl\u00ed, dokovac\u00ed stanic\u00ed pro Ipod, zvukov\u00fdm syst\u00e9mem Bose, k\u00e1vovarem a varnou konvic\u00ed, minibarem, velkou pohodlnou pohovkou, bezdr\u00e1tov\u00fdm telefonem atd. Na podlaze le\u017e\u00ed tlust\u00fd komfortn\u00ed koberec. Velk\u00e1 \u0161atn\u00ed sk\u0159\u00ed\u0148, kter\u00e1 se nach\u00e1z\u00ed za vstupn\u00edmi dve\u0159mi, m\u00e1 trezor, \u017eupany a dal\u0161\u00ed pot\u0159ebn\u00e9 vybaven\u00ed.<\/p>\n\n\n\n<p>Velk\u00e1 koupelna je vybavena stylovou vanou, samostatn\u00fdm sprchov\u00fdm koutem, toaletou, umyvadly a vysou\u0161e\u010dem vlas\u016f.<\/p>\n\n\n\n<p>P\u0159ipojen\u00ed WIFI bylo rychl\u00e9 a stabiln\u00ed.<\/p>\n\n\n\n<figure class=\"wp-block-image\"><img loading=\"lazy\" width=\"763\" height=\"327\" src=\"https:\/\/www.travelanddine.info\/wp-content\/uploads\/2019\/02\/image-130.png\" alt=\"\" class=\"wp-image-1698\" srcset=\"https:\/\/www.travelanddine.info\/wp-content\/uploads\/2019\/02\/image-130.png 763w, https:\/\/www.travelanddine.info\/wp-content\/uploads\/2019\/02\/image-130-300x129.png 300w\" sizes=\"(max-width: 763px) 100vw, 763px\" \/><\/figure>\n\n\n\n<p><em>Restaurace a j\u00eddlo&nbsp;<\/em><\/p>\n\n\n\n<p>V hotelu jsou 4 restaurace a 2 bary. JYRAN &#8211; TANDOOR DINING &amp; LOUNGE nab\u00edz\u00ed kulin\u00e1\u0159sk\u00e9 speciality ze severoz\u00e1padn\u00ed indick\u00e9 provincie k ob\u011bdu a ve\u010de\u0159i v modern\u00edm a stylov\u00e9m interi\u00e9ru. Restaurace m\u00e1 i terasu. PONDICHERY CAF\u00c9 nab\u00edz\u00ed butikov\u00e9 stolov\u00e1n\u00ed j\u00eddel mezin\u00e1rodn\u00ed kuchyn\u011b formou bufetu nebo a la carte. JYRAN &#8211; TANDOOR DINING &amp; LOUNGE pod\u00e1v\u00e1 m\u00edstn\u00ed indick\u00e9 pokrmy. TUKERS &#8211; VEGETARIAN DINING BAR je \u010dist\u011b vegetari\u00e1nsk\u00e1 restaurace s indick\u00fdmi j\u00eddly i j\u00eddly mezin\u00e1rodn\u00ed kuchyn\u011b a chutn\u00fdmi koktejly. ARTISAN Bistro slibuje, \u017ee v\u00e1s p\u0159ivede do &#8222;Caf\u00e9 Parisiene \u2013 pa\u0159\u00ed\u017esk\u00e9 kav\u00e1rny&#8220; uprost\u0159ed m\u011bsta Bombaj a nab\u00edz\u00ed jemn\u00e9 s\u00fdry a \u010dokol\u00e1dy, stejn\u011b jako mal\u00e9 kousky ob\u010derstven\u00ed. LE BAR DIAMANTAIRE a L OH POOL A BAR jsou m\u00edstem kde se pod\u00e1vaj\u00ed kvalitn\u00ed n\u00e1poje, chutn\u00e9 koktejly a mal\u00e9 ob\u010derstven\u00ed.<\/p>\n\n\n\n<figure class=\"wp-block-image\"><img loading=\"lazy\" width=\"675\" height=\"370\" src=\"https:\/\/www.travelanddine.info\/wp-content\/uploads\/2019\/02\/image-131.png\" alt=\"\" class=\"wp-image-1699\" srcset=\"https:\/\/www.travelanddine.info\/wp-content\/uploads\/2019\/02\/image-131.png 675w, https:\/\/www.travelanddine.info\/wp-content\/uploads\/2019\/02\/image-131-300x164.png 300w\" sizes=\"(max-width: 675px) 100vw, 675px\" \/><\/figure>\n\n\n\n<figure class=\"wp-block-image\"><img loading=\"lazy\" width=\"603\" height=\"414\" src=\"https:\/\/www.travelanddine.info\/wp-content\/uploads\/2019\/02\/image-132.png\" alt=\"\" class=\"wp-image-1700\" srcset=\"https:\/\/www.travelanddine.info\/wp-content\/uploads\/2019\/02\/image-132.png 603w, https:\/\/www.travelanddine.info\/wp-content\/uploads\/2019\/02\/image-132-300x206.png 300w\" sizes=\"(max-width: 603px) 100vw, 603px\" \/><\/figure>\n\n\n\n<p><em>Mo\u017enosti pro voln\u00fd \u010das<\/em><\/p>\n\n\n\n<p>Hotel m\u00e1 ve 4. pat\u0159e baz\u00e9n s barem, kter\u00fd je v bl\u00edzkosti a m\u00e1 v\u00fdhled na Bandra Kurla Complex. V hotelu je tak\u00e9 dob\u0159e vybaven\u00e1 posilovna.<\/p>\n\n\n\n<p>Slu\u017eby pr\u00e1delny jsou spolehliv\u00e9.<\/p>\n\n\n\n<p><em>Z\u00e1v\u011br<\/em><\/p>\n\n\n\n<p>Nejlep\u0161\u00ed pro : modern\u00ed komfort s prvky indick\u00e9 klasiky&nbsp;<\/p>\n\n\n\n<p>Neprop\u00e1sn\u011bte : indick\u00e9 delikatesy<\/p>\n\n\n\n<p>Cena pokoje : od 190.- EUR \/ Luxury King Size Room<\/p>\n\n\n\n<p>Kontakt : <a rel=\"noreferrer noopener\" aria-label=\"https:\/\/www.accorhotels.com\/gb\/hotel-6451-sofitel-mumbai-bkc\/index.shtml (otev\u0159e se na nov\u00e9 z\u00e1lo\u017ece)\" href=\"https:\/\/www.accorhotels.com\/gb\/hotel-6451-sofitel-mumbai-bkc\/index.shtml\" target=\"_blank\">https:\/\/www.accorhotels.com\/gb\/hotel-6451-sofitel-mumbai-bkc\/index.shtml<\/a><br><\/p>\n\n\n\n<p><\/p>\n","protected":false},"excerpt":{"rendered":"<p>Hotelov\u00fd \u0159et\u011bzec a v\u011brnostn\u00ed program Celosv\u011btov\u00fd hotelov\u00fd \u0159et\u011bzec AccorHotels. V\u011brnostn\u00ed program je Le Club Accor. Hotelov\u00e9 lobby Do hotelu jsem p\u0159ijel odpoledne a m\u016fj prvn\u00ed dojem z prostorn\u00e9, luxusn\u00ed a velmi modern\u00ed vstupn\u00ed haly byl lep\u0161\u00ed ne\u017e dobr\u00fd. Zam\u011bstnanci, od&#8230;<\/p>\n","protected":false},"author":1,"featured_media":0,"parent":1686,"menu_order":0,"comment_status":"closed","ping_status":"closed","template":"","meta":[],"yoast_head":"<!-- This site is optimized with the Yoast SEO plugin v17.0 - https:\/\/yoast.com\/wordpress\/plugins\/seo\/ -->\n<title>SOFITEL MUMBAI BKC, BOMBAJ - Premium Travel&amp;Dine Info<\/title>\n<meta name=\"robots\" content=\"index, follow, max-snippet:-1, max-image-preview:large, max-video-preview:-1\" \/>\n<link rel=\"canonical\" href=\"https:\/\/www.travelanddine.info\/index.php\/indie\/sofitel-mumbai-bkc-bombaj\/\" \/>\n<meta property=\"og:locale\" content=\"cs_CZ\" \/>\n<meta property=\"og:type\" content=\"article\" \/>\n<meta property=\"og:title\" content=\"SOFITEL MUMBAI BKC, BOMBAJ - Premium Travel&amp;Dine Info\" \/>\n<meta property=\"og:description\" content=\"Hotelov\u00fd \u0159et\u011bzec a v\u011brnostn\u00ed program Celosv\u011btov\u00fd hotelov\u00fd \u0159et\u011bzec AccorHotels. V\u011brnostn\u00ed program je Le Club Accor. Hotelov\u00e9 lobby Do hotelu jsem p\u0159ijel odpoledne a m\u016fj prvn\u00ed dojem z prostorn\u00e9, luxusn\u00ed a velmi modern\u00ed vstupn\u00ed haly byl lep\u0161\u00ed ne\u017e dobr\u00fd. Zam\u011bstnanci, od...\" \/>\n<meta property=\"og:url\" content=\"https:\/\/www.travelanddine.info\/index.php\/indie\/sofitel-mumbai-bkc-bombaj\/\" \/>\n<meta property=\"og:site_name\" content=\"Premium Travel&amp;Dine Info\" \/>\n<meta property=\"article:publisher\" content=\"http:\/\/www.facebook.com\/PremiumTravelAndDineInfo\" \/>\n<meta property=\"article:modified_time\" content=\"2019-07-09T21:39:30+00:00\" \/>\n<meta property=\"og:image\" content=\"http:\/\/www.travelanddine.info\/wp-content\/uploads\/2019\/02\/image-127.png\" \/>\n<meta name=\"twitter:card\" content=\"summary_large_image\" \/>\n<meta name=\"twitter:label1\" content=\"Odhadovan\u00e1 doba \u010dten\u00ed\" \/>\n\t<meta name=\"twitter:data1\" content=\"4 minuty\" \/>\n<script type=\"application\/ld+json\" class=\"yoast-schema-graph\">{\"@context\":\"https:\/\/schema.org\",\"@graph\":[{\"@type\":\"Organization\",\"@id\":\"https:\/\/www.travelanddine.info\/#organization\",\"name\":\"Premium Travel & Dine Info\",\"url\":\"https:\/\/www.travelanddine.info\/\",\"sameAs\":[\"http:\/\/www.facebook.com\/PremiumTravelAndDineInfo\",\"https:\/\/www.instagram.com\/premium_travel_and_dine_info\/\",\"https:\/\/www.youtube.com\/channel\/UCq4d7zmKK3AOuzDrR1p_2Qw\/featured?disable_polymer=1\"],\"logo\":{\"@type\":\"ImageObject\",\"@id\":\"https:\/\/www.travelanddine.info\/#logo\",\"inLanguage\":\"cs\",\"url\":\"https:\/\/www.travelanddine.info\/wp-content\/uploads\/2019\/01\/logo-premium-e1547240252292.jpg\",\"contentUrl\":\"https:\/\/www.travelanddine.info\/wp-content\/uploads\/2019\/01\/logo-premium-e1547240252292.jpg\",\"width\":1000,\"height\":406,\"caption\":\"Premium Travel & Dine Info\"},\"image\":{\"@id\":\"https:\/\/www.travelanddine.info\/#logo\"}},{\"@type\":\"WebSite\",\"@id\":\"https:\/\/www.travelanddine.info\/#website\",\"url\":\"https:\/\/www.travelanddine.info\/\",\"name\":\"Premium Travel&amp;Dine Info\",\"description\":\"tipy, doporu\\u010den\\u00ed, informace.. pro ty, kte\\u0159\\u00ed maj\\u00ed r\\u00e1di cestov\\u00e1n\\u00ed na vysok\\u00e9 \\u00farovni a skv\\u011bl\\u00e9 j\\u00eddlo\",\"publisher\":{\"@id\":\"https:\/\/www.travelanddine.info\/#organization\"},\"potentialAction\":[{\"@type\":\"SearchAction\",\"target\":{\"@type\":\"EntryPoint\",\"urlTemplate\":\"https:\/\/www.travelanddine.info\/?s={search_term_string}\"},\"query-input\":\"required name=search_term_string\"}],\"inLanguage\":\"cs\"},{\"@type\":\"ImageObject\",\"@id\":\"https:\/\/www.travelanddine.info\/index.php\/indie\/sofitel-mumbai-bkc-bombaj\/#primaryimage\",\"inLanguage\":\"cs\",\"url\":\"http:\/\/www.travelanddine.info\/wp-content\/uploads\/2019\/02\/image-127.png\",\"contentUrl\":\"http:\/\/www.travelanddine.info\/wp-content\/uploads\/2019\/02\/image-127.png\"},{\"@type\":\"WebPage\",\"@id\":\"https:\/\/www.travelanddine.info\/index.php\/indie\/sofitel-mumbai-bkc-bombaj\/#webpage\",\"url\":\"https:\/\/www.travelanddine.info\/index.php\/indie\/sofitel-mumbai-bkc-bombaj\/\",\"name\":\"SOFITEL MUMBAI BKC, BOMBAJ - Premium Travel&amp;Dine Info\",\"isPartOf\":{\"@id\":\"https:\/\/www.travelanddine.info\/#website\"},\"primaryImageOfPage\":{\"@id\":\"https:\/\/www.travelanddine.info\/index.php\/indie\/sofitel-mumbai-bkc-bombaj\/#primaryimage\"},\"datePublished\":\"2019-02-17T10:28:28+00:00\",\"dateModified\":\"2019-07-09T21:39:30+00:00\",\"breadcrumb\":{\"@id\":\"https:\/\/www.travelanddine.info\/index.php\/indie\/sofitel-mumbai-bkc-bombaj\/#breadcrumb\"},\"inLanguage\":\"cs\",\"potentialAction\":[{\"@type\":\"ReadAction\",\"target\":[\"https:\/\/www.travelanddine.info\/index.php\/indie\/sofitel-mumbai-bkc-bombaj\/\"]}]},{\"@type\":\"BreadcrumbList\",\"@id\":\"https:\/\/www.travelanddine.info\/index.php\/indie\/sofitel-mumbai-bkc-bombaj\/#breadcrumb\",\"itemListElement\":[{\"@type\":\"ListItem\",\"position\":1,\"name\":\"Dom\\u016f\",\"item\":\"https:\/\/www.travelanddine.info\/index.php\/en\/home\/\"},{\"@type\":\"ListItem\",\"position\":2,\"name\":\"Indie\",\"item\":\"https:\/\/www.travelanddine.info\/index.php\/indie\/\"},{\"@type\":\"ListItem\",\"position\":3,\"name\":\"SOFITEL MUMBAI BKC, BOMBAJ\"}]}]}<\/script>\n<!-- \/ Yoast SEO plugin. -->","yoast_head_json":{"title":"SOFITEL MUMBAI BKC, BOMBAJ - Premium Travel&amp;Dine Info","robots":{"index":"index","follow":"follow","max-snippet":"max-snippet:-1","max-image-preview":"max-image-preview:large","max-video-preview":"max-video-preview:-1"},"canonical":"https:\/\/www.travelanddine.info\/index.php\/indie\/sofitel-mumbai-bkc-bombaj\/","og_locale":"cs_CZ","og_type":"article","og_title":"SOFITEL MUMBAI BKC, BOMBAJ - Premium Travel&amp;Dine Info","og_description":"Hotelov\u00fd \u0159et\u011bzec a v\u011brnostn\u00ed program Celosv\u011btov\u00fd hotelov\u00fd \u0159et\u011bzec AccorHotels. V\u011brnostn\u00ed program je Le Club Accor. Hotelov\u00e9 lobby Do hotelu jsem p\u0159ijel odpoledne a m\u016fj prvn\u00ed dojem z prostorn\u00e9, luxusn\u00ed a velmi modern\u00ed vstupn\u00ed haly byl lep\u0161\u00ed ne\u017e dobr\u00fd. Zam\u011bstnanci, od...","og_url":"https:\/\/www.travelanddine.info\/index.php\/indie\/sofitel-mumbai-bkc-bombaj\/","og_site_name":"Premium Travel&amp;Dine Info","article_publisher":"http:\/\/www.facebook.com\/PremiumTravelAndDineInfo","article_modified_time":"2019-07-09T21:39:30+00:00","og_image":[{"url":"http:\/\/www.travelanddine.info\/wp-content\/uploads\/2019\/02\/image-127.png"}],"twitter_card":"summary_large_image","twitter_misc":{"Odhadovan\u00e1 doba \u010dten\u00ed":"4 minuty"},"schema":{"@context":"https:\/\/schema.org","@graph":[{"@type":"Organization","@id":"https:\/\/www.travelanddine.info\/#organization","name":"Premium Travel & Dine Info","url":"https:\/\/www.travelanddine.info\/","sameAs":["http:\/\/www.facebook.com\/PremiumTravelAndDineInfo","https:\/\/www.instagram.com\/premium_travel_and_dine_info\/","https:\/\/www.youtube.com\/channel\/UCq4d7zmKK3AOuzDrR1p_2Qw\/featured?disable_polymer=1"],"logo":{"@type":"ImageObject","@id":"https:\/\/www.travelanddine.info\/#logo","inLanguage":"cs","url":"https:\/\/www.travelanddine.info\/wp-content\/uploads\/2019\/01\/logo-premium-e1547240252292.jpg","contentUrl":"https:\/\/www.travelanddine.info\/wp-content\/uploads\/2019\/01\/logo-premium-e1547240252292.jpg","width":1000,"height":406,"caption":"Premium Travel & Dine Info"},"image":{"@id":"https:\/\/www.travelanddine.info\/#logo"}},{"@type":"WebSite","@id":"https:\/\/www.travelanddine.info\/#website","url":"https:\/\/www.travelanddine.info\/","name":"Premium Travel&amp;Dine Info","description":"tipy, doporu\u010den\u00ed, informace.. pro ty, kte\u0159\u00ed maj\u00ed r\u00e1di cestov\u00e1n\u00ed na vysok\u00e9 \u00farovni a skv\u011bl\u00e9 j\u00eddlo","publisher":{"@id":"https:\/\/www.travelanddine.info\/#organization"},"potentialAction":[{"@type":"SearchAction","target":{"@type":"EntryPoint","urlTemplate":"https:\/\/www.travelanddine.info\/?s={search_term_string}"},"query-input":"required name=search_term_string"}],"inLanguage":"cs"},{"@type":"ImageObject","@id":"https:\/\/www.travelanddine.info\/index.php\/indie\/sofitel-mumbai-bkc-bombaj\/#primaryimage","inLanguage":"cs","url":"http:\/\/www.travelanddine.info\/wp-content\/uploads\/2019\/02\/image-127.png","contentUrl":"http:\/\/www.travelanddine.info\/wp-content\/uploads\/2019\/02\/image-127.png"},{"@type":"WebPage","@id":"https:\/\/www.travelanddine.info\/index.php\/indie\/sofitel-mumbai-bkc-bombaj\/#webpage","url":"https:\/\/www.travelanddine.info\/index.php\/indie\/sofitel-mumbai-bkc-bombaj\/","name":"SOFITEL MUMBAI BKC, BOMBAJ - Premium Travel&amp;Dine Info","isPartOf":{"@id":"https:\/\/www.travelanddine.info\/#website"},"primaryImageOfPage":{"@id":"https:\/\/www.travelanddine.info\/index.php\/indie\/sofitel-mumbai-bkc-bombaj\/#primaryimage"},"datePublished":"2019-02-17T10:28:28+00:00","dateModified":"2019-07-09T21:39:30+00:00","breadcrumb":{"@id":"https:\/\/www.travelanddine.info\/index.php\/indie\/sofitel-mumbai-bkc-bombaj\/#breadcrumb"},"inLanguage":"cs","potentialAction":[{"@type":"ReadAction","target":["https:\/\/www.travelanddine.info\/index.php\/indie\/sofitel-mumbai-bkc-bombaj\/"]}]},{"@type":"BreadcrumbList","@id":"https:\/\/www.travelanddine.info\/index.php\/indie\/sofitel-mumbai-bkc-bombaj\/#breadcrumb","itemListElement":[{"@type":"ListItem","position":1,"name":"Dom\u016f","item":"https:\/\/www.travelanddine.info\/index.php\/en\/home\/"},{"@type":"ListItem","position":2,"name":"Indie","item":"https:\/\/www.travelanddine.info\/index.php\/indie\/"},{"@type":"ListItem","position":3,"name":"SOFITEL MUMBAI BKC, BOMBAJ"}]}]}},"_links":{"self":[{"href":"https:\/\/www.travelanddine.info\/index.php\/wp-json\/wp\/v2\/pages\/1694"}],"collection":[{"href":"https:\/\/www.travelanddine.info\/index.php\/wp-json\/wp\/v2\/pages"}],"about":[{"href":"https:\/\/www.travelanddine.info\/index.php\/wp-json\/wp\/v2\/types\/page"}],"author":[{"embeddable":true,"href":"https:\/\/www.travelanddine.info\/index.php\/wp-json\/wp\/v2\/users\/1"}],"replies":[{"embeddable":true,"href":"https:\/\/www.travelanddine.info\/index.php\/wp-json\/wp\/v2\/comments?post=1694"}],"version-history":[{"count":4,"href":"https:\/\/www.travelanddine.info\/index.php\/wp-json\/wp\/v2\/pages\/1694\/revisions"}],"predecessor-version":[{"id":3417,"href":"https:\/\/www.travelanddine.info\/index.php\/wp-json\/wp\/v2\/pages\/1694\/revisions\/3417"}],"up":[{"embeddable":true,"href":"https:\/\/www.travelanddine.info\/index.php\/wp-json\/wp\/v2\/pages\/1686"}],"wp:attachment":[{"href":"https:\/\/www.travelanddine.info\/index.php\/wp-json\/wp\/v2\/media?parent=1694"}],"curies":[{"name":"wp","href":"https:\/\/api.w.org\/{rel}","templated":true}]}}