{"id":1785,"date":"2019-02-17T11:15:11","date_gmt":"2019-02-17T11:15:11","guid":{"rendered":"http:\/\/www.travelanddine.info\/?page_id=1785"},"modified":"2021-05-18T13:39:29","modified_gmt":"2021-05-18T13:39:29","slug":"spojene-arabske-emiraty","status":"publish","type":"page","link":"https:\/\/www.travelanddine.info\/index.php\/spojene-arabske-emiraty\/","title":{"rendered":"Spojen\u00e9 Arabsk\u00e9 Emir\u00e1ty"},"content":{"rendered":"\n<figure class=\"wp-block-image\"><img loading=\"lazy\" width=\"1024\" height=\"531\" src=\"https:\/\/www.travelanddine.info\/wp-content\/uploads\/2019\/07\/united-arab-emirates-1-1024x531.jpg\" alt=\"\" class=\"wp-image-2789\" srcset=\"https:\/\/www.travelanddine.info\/wp-content\/uploads\/2019\/07\/united-arab-emirates-1-1024x531.jpg 1024w, https:\/\/www.travelanddine.info\/wp-content\/uploads\/2019\/07\/united-arab-emirates-1-300x156.jpg 300w, https:\/\/www.travelanddine.info\/wp-content\/uploads\/2019\/07\/united-arab-emirates-1-768x398.jpg 768w, https:\/\/www.travelanddine.info\/wp-content\/uploads\/2019\/07\/united-arab-emirates-1.jpg 1905w\" sizes=\"(max-width: 1024px) 100vw, 1024px\" \/><\/figure>\n\n\n\n<div class=\"wp-block-image\"><figure class=\"aligncenter size-large\"><img loading=\"lazy\" width=\"1024\" height=\"84\" src=\"https:\/\/www.travelanddine.info\/wp-content\/uploads\/2021\/05\/NAVSTIVENE-HOTELY-CZE-5-1024x84.png\" alt=\"\" class=\"wp-image-4198\" srcset=\"https:\/\/www.travelanddine.info\/wp-content\/uploads\/2021\/05\/NAVSTIVENE-HOTELY-CZE-5-1024x84.png 1024w, https:\/\/www.travelanddine.info\/wp-content\/uploads\/2021\/05\/NAVSTIVENE-HOTELY-CZE-5-300x24.png 300w, https:\/\/www.travelanddine.info\/wp-content\/uploads\/2021\/05\/NAVSTIVENE-HOTELY-CZE-5-768x63.png 768w, https:\/\/www.travelanddine.info\/wp-content\/uploads\/2021\/05\/NAVSTIVENE-HOTELY-CZE-5.png 1250w\" sizes=\"(max-width: 1024px) 100vw, 1024px\" \/><\/figure><\/div>\n\n\n\n<div class=\"wp-block-columns has-2-columns\">\n<div class=\"wp-block-column\">\n<figure class=\"wp-block-image size-large\"><a href=\"https:\/\/www.travelanddine.info\/index.php\/spojene-arabske-emiraty\/waldorf-astoria-ras-al-khaimah-cz\/\"><img loading=\"lazy\" width=\"770\" height=\"189\" src=\"https:\/\/www.travelanddine.info\/wp-content\/uploads\/2021\/05\/WALDORF-ASTORIA-CZ.png\" alt=\"\" class=\"wp-image-4202\" srcset=\"https:\/\/www.travelanddine.info\/wp-content\/uploads\/2021\/05\/WALDORF-ASTORIA-CZ.png 770w, https:\/\/www.travelanddine.info\/wp-content\/uploads\/2021\/05\/WALDORF-ASTORIA-CZ-300x74.png 300w, https:\/\/www.travelanddine.info\/wp-content\/uploads\/2021\/05\/WALDORF-ASTORIA-CZ-768x189.png 768w\" sizes=\"(max-width: 770px) 100vw, 770px\" \/><\/a><\/figure>\n\n\n\n<figure class=\"wp-block-image size-large\"><img loading=\"lazy\" width=\"770\" height=\"189\" src=\"https:\/\/www.travelanddine.info\/wp-content\/uploads\/2021\/05\/HILTON-DXB-CZ.png\" alt=\"\" class=\"wp-image-4204\" srcset=\"https:\/\/www.travelanddine.info\/wp-content\/uploads\/2021\/05\/HILTON-DXB-CZ.png 770w, https:\/\/www.travelanddine.info\/wp-content\/uploads\/2021\/05\/HILTON-DXB-CZ-300x74.png 300w, https:\/\/www.travelanddine.info\/wp-content\/uploads\/2021\/05\/HILTON-DXB-CZ-768x189.png 768w\" sizes=\"(max-width: 770px) 100vw, 770px\" \/><\/figure>\n<\/div>\n\n\n\n<div class=\"wp-block-column\">\n<figure class=\"wp-block-image size-large\"><a href=\"https:\/\/www.travelanddine.info\/index.php\/spojene-arabske-emiraty\/hilton-al-hamra-beach-golf-resort-ras-al-khaimah-cz\/\"><img loading=\"lazy\" width=\"770\" height=\"189\" src=\"https:\/\/www.travelanddine.info\/wp-content\/uploads\/2021\/05\/HILTON-RAK-CZ.png\" alt=\"\" class=\"wp-image-4203\" srcset=\"https:\/\/www.travelanddine.info\/wp-content\/uploads\/2021\/05\/HILTON-RAK-CZ.png 770w, https:\/\/www.travelanddine.info\/wp-content\/uploads\/2021\/05\/HILTON-RAK-CZ-300x74.png 300w, https:\/\/www.travelanddine.info\/wp-content\/uploads\/2021\/05\/HILTON-RAK-CZ-768x189.png 768w\" sizes=\"(max-width: 770px) 100vw, 770px\" \/><\/a><\/figure>\n<\/div>\n<\/div>\n\n\n\n<hr class=\"wp-block-separator\"\/>\n\n\n\n<div class=\"wp-block-image\"><figure class=\"aligncenter size-large\"><img loading=\"lazy\" width=\"1024\" height=\"39\" src=\"https:\/\/www.travelanddine.info\/wp-content\/uploads\/2021\/05\/OSTATNI-HOTELY-CZE-5-1024x39.png\" alt=\"\" class=\"wp-image-4200\" srcset=\"https:\/\/www.travelanddine.info\/wp-content\/uploads\/2021\/05\/OSTATNI-HOTELY-CZE-5-1024x39.png 1024w, https:\/\/www.travelanddine.info\/wp-content\/uploads\/2021\/05\/OSTATNI-HOTELY-CZE-5-300x12.png 300w, https:\/\/www.travelanddine.info\/wp-content\/uploads\/2021\/05\/OSTATNI-HOTELY-CZE-5-768x29.png 768w, https:\/\/www.travelanddine.info\/wp-content\/uploads\/2021\/05\/OSTATNI-HOTELY-CZE-5.png 1250w\" sizes=\"(max-width: 1024px) 100vw, 1024px\" \/><\/figure><\/div>\n\n\n\n<figure class=\"wp-block-table\"><table><tbody><tr><td>H<\/td><td>BURJ AL ARAB JUMEIRAH<\/td><td>DUBAI<\/td><\/tr><tr><td>H<\/td><td>BULGARI RESORT<\/td><td>DUBAI<\/td><\/tr><tr><td>H<\/td><td>AL MAHA, A LUXURY COLLECTION<\/td><td>DUBAI<\/td><\/tr><tr><td>H<\/td><td>FOUR SEASONS RESORT<\/td><td>DUBAI<\/td><\/tr><tr><td>H<\/td><td>ADDRESS DOWNTOWN<\/td><td>DUBAI<\/td><\/tr><tr><td>H<\/td><td>THE RITZ-CARLTON<\/td><td>DUBAI<\/td><\/tr><tr><td>H<\/td><td>PALACE DOWNTOWN<\/td><td>DUBAI<\/td><\/tr><tr><td>H<\/td><td>RAFFLES<\/td><td>DUBAI<\/td><\/tr><tr><td>H<\/td><td>LE ROYAL MERIDIEN BEACH RESORT &amp; SPA<\/td><td>DUBAI<\/td><\/tr><tr><td>H<\/td><td>PARK HYATT<\/td><td>DUBAI<\/td><\/tr><tr><td>H<\/td><td>JUMEIRAH EMIRATES TOWERS<\/td><td>DUBAI<\/td><\/tr><tr><td>H<\/td><td>TAJ DUBAI<\/td><td>DUBAI<\/td><\/tr><tr><td>H<\/td><td>EMIRATES PALACE<\/td><td>ABU DHABI<\/td><\/tr><tr><td>H<\/td><td>THE ST. REGIS<\/td><td>ABU DHABI<\/td><\/tr><tr><td>H<\/td><td>FOUR SEASONS AT AL MARYAH ISLAND<\/td><td>ABU DHABI<\/td><\/tr><tr><td>H<\/td><td>SOFITEL CORNICHE<\/td><td>ABU DHABI<\/td><\/tr><tr><td>H<\/td><td>ROSEWOOD<\/td><td>ABU DHABI<\/td><\/tr><tr><td>H<\/td><td>INTERCONTINENTAL<\/td><td>ABU DHABI<\/td><\/tr><tr><td>H<\/td><td>WALDORF ASTORIA<\/td><td>RAS AL KHAIMAH<\/td><\/tr><tr><td>H<\/td><td>HILTON AL HAMRA BEACH &amp; GOLF RESORT<\/td><td>RAS AL KHAIMAH<\/td><\/tr><tr><td>H<\/td><td>THE RITZ-CARLTON AL HAMRA BEACH<\/td><td>RAS AL KHAIMAH<\/td><\/tr><tr><td>H<\/td><td>INTERCONTINENTAL RESORT<\/td><td>FUJAIRAH<\/td><\/tr><tr><td>H<\/td><td>LE MERIDIEN AL AQAH BEACH RESORT<\/td><td>FUJAIRAH<\/td><\/tr><tr><td>H<\/td><td>SHERATON BEACH RESORT AND SPA<\/td><td>SHARJAH<\/td><\/tr><tr><td>H<\/td><td>HILTON&nbsp;&nbsp;&nbsp;<\/td><td>SHARJAH<\/td><\/tr><\/tbody><\/table><\/figure>\n\n\n\n<p><\/p>\n","protected":false},"excerpt":{"rendered":"<p>H BURJ AL ARAB JUMEIRAH DUBAI H BULGARI RESORT DUBAI H AL MAHA, A LUXURY COLLECTION DUBAI H FOUR SEASONS RESORT DUBAI H ADDRESS DOWNTOWN DUBAI H THE RITZ-CARLTON DUBAI H PALACE DOWNTOWN DUBAI H RAFFLES DUBAI H LE ROYAL&#8230;<\/p>\n","protected":false},"author":1,"featured_media":0,"parent":0,"menu_order":0,"comment_status":"closed","ping_status":"closed","template":"","meta":[],"yoast_head":"<!-- This site is optimized with the Yoast SEO plugin v17.0 - https:\/\/yoast.com\/wordpress\/plugins\/seo\/ -->\n<title>Spojen\u00e9 Arabsk\u00e9 Emir\u00e1ty - Premium Travel&amp;Dine Info<\/title>\n<meta name=\"robots\" content=\"index, follow, max-snippet:-1, max-image-preview:large, max-video-preview:-1\" \/>\n<link rel=\"canonical\" href=\"https:\/\/www.travelanddine.info\/index.php\/spojene-arabske-emiraty\/\" \/>\n<meta property=\"og:locale\" content=\"cs_CZ\" \/>\n<meta property=\"og:type\" content=\"article\" \/>\n<meta property=\"og:title\" content=\"Spojen\u00e9 Arabsk\u00e9 Emir\u00e1ty - Premium Travel&amp;Dine Info\" \/>\n<meta property=\"og:description\" content=\"H BURJ AL ARAB JUMEIRAH DUBAI H BULGARI RESORT DUBAI H AL MAHA, A LUXURY COLLECTION DUBAI H FOUR SEASONS RESORT DUBAI H ADDRESS DOWNTOWN DUBAI H THE RITZ-CARLTON DUBAI H PALACE DOWNTOWN DUBAI H RAFFLES DUBAI H LE ROYAL...\" \/>\n<meta property=\"og:url\" content=\"https:\/\/www.travelanddine.info\/index.php\/spojene-arabske-emiraty\/\" \/>\n<meta property=\"og:site_name\" content=\"Premium Travel&amp;Dine Info\" \/>\n<meta property=\"article:publisher\" content=\"http:\/\/www.facebook.com\/PremiumTravelAndDineInfo\" \/>\n<meta property=\"article:modified_time\" content=\"2021-05-18T13:39:29+00:00\" \/>\n<meta property=\"og:image\" content=\"http:\/\/www.travelanddine.info\/wp-content\/uploads\/2019\/07\/united-arab-emirates-1-1024x531.jpg\" \/>\n<meta name=\"twitter:card\" content=\"summary_large_image\" \/>\n<meta name=\"twitter:label1\" content=\"Odhadovan\u00e1 doba \u010dten\u00ed\" \/>\n\t<meta name=\"twitter:data1\" content=\"2 minuty\" \/>\n<script type=\"application\/ld+json\" class=\"yoast-schema-graph\">{\"@context\":\"https:\/\/schema.org\",\"@graph\":[{\"@type\":\"Organization\",\"@id\":\"https:\/\/www.travelanddine.info\/#organization\",\"name\":\"Premium Travel & Dine Info\",\"url\":\"https:\/\/www.travelanddine.info\/\",\"sameAs\":[\"http:\/\/www.facebook.com\/PremiumTravelAndDineInfo\",\"https:\/\/www.instagram.com\/premium_travel_and_dine_info\/\",\"https:\/\/www.youtube.com\/channel\/UCq4d7zmKK3AOuzDrR1p_2Qw\/featured?disable_polymer=1\"],\"logo\":{\"@type\":\"ImageObject\",\"@id\":\"https:\/\/www.travelanddine.info\/#logo\",\"inLanguage\":\"cs\",\"url\":\"https:\/\/www.travelanddine.info\/wp-content\/uploads\/2019\/01\/logo-premium-e1547240252292.jpg\",\"contentUrl\":\"https:\/\/www.travelanddine.info\/wp-content\/uploads\/2019\/01\/logo-premium-e1547240252292.jpg\",\"width\":1000,\"height\":406,\"caption\":\"Premium Travel & Dine Info\"},\"image\":{\"@id\":\"https:\/\/www.travelanddine.info\/#logo\"}},{\"@type\":\"WebSite\",\"@id\":\"https:\/\/www.travelanddine.info\/#website\",\"url\":\"https:\/\/www.travelanddine.info\/\",\"name\":\"Premium Travel&amp;Dine Info\",\"description\":\"tipy, doporu\\u010den\\u00ed, informace.. pro ty, kte\\u0159\\u00ed maj\\u00ed r\\u00e1di cestov\\u00e1n\\u00ed na vysok\\u00e9 \\u00farovni a skv\\u011bl\\u00e9 j\\u00eddlo\",\"publisher\":{\"@id\":\"https:\/\/www.travelanddine.info\/#organization\"},\"potentialAction\":[{\"@type\":\"SearchAction\",\"target\":{\"@type\":\"EntryPoint\",\"urlTemplate\":\"https:\/\/www.travelanddine.info\/?s={search_term_string}\"},\"query-input\":\"required name=search_term_string\"}],\"inLanguage\":\"cs\"},{\"@type\":\"ImageObject\",\"@id\":\"https:\/\/www.travelanddine.info\/index.php\/spojene-arabske-emiraty\/#primaryimage\",\"inLanguage\":\"cs\",\"url\":\"http:\/\/www.travelanddine.info\/wp-content\/uploads\/2019\/07\/united-arab-emirates-1-1024x531.jpg\",\"contentUrl\":\"http:\/\/www.travelanddine.info\/wp-content\/uploads\/2019\/07\/united-arab-emirates-1-1024x531.jpg\"},{\"@type\":\"WebPage\",\"@id\":\"https:\/\/www.travelanddine.info\/index.php\/spojene-arabske-emiraty\/#webpage\",\"url\":\"https:\/\/www.travelanddine.info\/index.php\/spojene-arabske-emiraty\/\",\"name\":\"Spojen\\u00e9 Arabsk\\u00e9 Emir\\u00e1ty - Premium Travel&amp;Dine Info\",\"isPartOf\":{\"@id\":\"https:\/\/www.travelanddine.info\/#website\"},\"primaryImageOfPage\":{\"@id\":\"https:\/\/www.travelanddine.info\/index.php\/spojene-arabske-emiraty\/#primaryimage\"},\"datePublished\":\"2019-02-17T11:15:11+00:00\",\"dateModified\":\"2021-05-18T13:39:29+00:00\",\"breadcrumb\":{\"@id\":\"https:\/\/www.travelanddine.info\/index.php\/spojene-arabske-emiraty\/#breadcrumb\"},\"inLanguage\":\"cs\",\"potentialAction\":[{\"@type\":\"ReadAction\",\"target\":[\"https:\/\/www.travelanddine.info\/index.php\/spojene-arabske-emiraty\/\"]}]},{\"@type\":\"BreadcrumbList\",\"@id\":\"https:\/\/www.travelanddine.info\/index.php\/spojene-arabske-emiraty\/#breadcrumb\",\"itemListElement\":[{\"@type\":\"ListItem\",\"position\":1,\"name\":\"Dom\\u016f\",\"item\":\"https:\/\/www.travelanddine.info\/index.php\/en\/home\/\"},{\"@type\":\"ListItem\",\"position\":2,\"name\":\"Spojen\\u00e9 Arabsk\\u00e9 Emir\\u00e1ty\"}]}]}<\/script>\n<!-- \/ Yoast SEO plugin. -->","yoast_head_json":{"title":"Spojen\u00e9 Arabsk\u00e9 Emir\u00e1ty - Premium Travel&amp;Dine Info","robots":{"index":"index","follow":"follow","max-snippet":"max-snippet:-1","max-image-preview":"max-image-preview:large","max-video-preview":"max-video-preview:-1"},"canonical":"https:\/\/www.travelanddine.info\/index.php\/spojene-arabske-emiraty\/","og_locale":"cs_CZ","og_type":"article","og_title":"Spojen\u00e9 Arabsk\u00e9 Emir\u00e1ty - Premium Travel&amp;Dine Info","og_description":"H BURJ AL ARAB JUMEIRAH DUBAI H BULGARI RESORT DUBAI H AL MAHA, A LUXURY COLLECTION DUBAI H FOUR SEASONS RESORT DUBAI H ADDRESS DOWNTOWN DUBAI H THE RITZ-CARLTON DUBAI H PALACE DOWNTOWN DUBAI H RAFFLES DUBAI H LE ROYAL...","og_url":"https:\/\/www.travelanddine.info\/index.php\/spojene-arabske-emiraty\/","og_site_name":"Premium Travel&amp;Dine Info","article_publisher":"http:\/\/www.facebook.com\/PremiumTravelAndDineInfo","article_modified_time":"2021-05-18T13:39:29+00:00","og_image":[{"url":"http:\/\/www.travelanddine.info\/wp-content\/uploads\/2019\/07\/united-arab-emirates-1-1024x531.jpg"}],"twitter_card":"summary_large_image","twitter_misc":{"Odhadovan\u00e1 doba \u010dten\u00ed":"2 minuty"},"schema":{"@context":"https:\/\/schema.org","@graph":[{"@type":"Organization","@id":"https:\/\/www.travelanddine.info\/#organization","name":"Premium Travel & Dine Info","url":"https:\/\/www.travelanddine.info\/","sameAs":["http:\/\/www.facebook.com\/PremiumTravelAndDineInfo","https:\/\/www.instagram.com\/premium_travel_and_dine_info\/","https:\/\/www.youtube.com\/channel\/UCq4d7zmKK3AOuzDrR1p_2Qw\/featured?disable_polymer=1"],"logo":{"@type":"ImageObject","@id":"https:\/\/www.travelanddine.info\/#logo","inLanguage":"cs","url":"https:\/\/www.travelanddine.info\/wp-content\/uploads\/2019\/01\/logo-premium-e1547240252292.jpg","contentUrl":"https:\/\/www.travelanddine.info\/wp-content\/uploads\/2019\/01\/logo-premium-e1547240252292.jpg","width":1000,"height":406,"caption":"Premium Travel & Dine Info"},"image":{"@id":"https:\/\/www.travelanddine.info\/#logo"}},{"@type":"WebSite","@id":"https:\/\/www.travelanddine.info\/#website","url":"https:\/\/www.travelanddine.info\/","name":"Premium Travel&amp;Dine Info","description":"tipy, doporu\u010den\u00ed, informace.. pro ty, kte\u0159\u00ed maj\u00ed r\u00e1di cestov\u00e1n\u00ed na vysok\u00e9 \u00farovni a skv\u011bl\u00e9 j\u00eddlo","publisher":{"@id":"https:\/\/www.travelanddine.info\/#organization"},"potentialAction":[{"@type":"SearchAction","target":{"@type":"EntryPoint","urlTemplate":"https:\/\/www.travelanddine.info\/?s={search_term_string}"},"query-input":"required name=search_term_string"}],"inLanguage":"cs"},{"@type":"ImageObject","@id":"https:\/\/www.travelanddine.info\/index.php\/spojene-arabske-emiraty\/#primaryimage","inLanguage":"cs","url":"http:\/\/www.travelanddine.info\/wp-content\/uploads\/2019\/07\/united-arab-emirates-1-1024x531.jpg","contentUrl":"http:\/\/www.travelanddine.info\/wp-content\/uploads\/2019\/07\/united-arab-emirates-1-1024x531.jpg"},{"@type":"WebPage","@id":"https:\/\/www.travelanddine.info\/index.php\/spojene-arabske-emiraty\/#webpage","url":"https:\/\/www.travelanddine.info\/index.php\/spojene-arabske-emiraty\/","name":"Spojen\u00e9 Arabsk\u00e9 Emir\u00e1ty - Premium Travel&amp;Dine Info","isPartOf":{"@id":"https:\/\/www.travelanddine.info\/#website"},"primaryImageOfPage":{"@id":"https:\/\/www.travelanddine.info\/index.php\/spojene-arabske-emiraty\/#primaryimage"},"datePublished":"2019-02-17T11:15:11+00:00","dateModified":"2021-05-18T13:39:29+00:00","breadcrumb":{"@id":"https:\/\/www.travelanddine.info\/index.php\/spojene-arabske-emiraty\/#breadcrumb"},"inLanguage":"cs","potentialAction":[{"@type":"ReadAction","target":["https:\/\/www.travelanddine.info\/index.php\/spojene-arabske-emiraty\/"]}]},{"@type":"BreadcrumbList","@id":"https:\/\/www.travelanddine.info\/index.php\/spojene-arabske-emiraty\/#breadcrumb","itemListElement":[{"@type":"ListItem","position":1,"name":"Dom\u016f","item":"https:\/\/www.travelanddine.info\/index.php\/en\/home\/"},{"@type":"ListItem","position":2,"name":"Spojen\u00e9 Arabsk\u00e9 Emir\u00e1ty"}]}]}},"_links":{"self":[{"href":"https:\/\/www.travelanddine.info\/index.php\/wp-json\/wp\/v2\/pages\/1785"}],"collection":[{"href":"https:\/\/www.travelanddine.info\/index.php\/wp-json\/wp\/v2\/pages"}],"about":[{"href":"https:\/\/www.travelanddine.info\/index.php\/wp-json\/wp\/v2\/types\/page"}],"author":[{"embeddable":true,"href":"https:\/\/www.travelanddine.info\/index.php\/wp-json\/wp\/v2\/users\/1"}],"replies":[{"embeddable":true,"href":"https:\/\/www.travelanddine.info\/index.php\/wp-json\/wp\/v2\/comments?post=1785"}],"version-history":[{"count":17,"href":"https:\/\/www.travelanddine.info\/index.php\/wp-json\/wp\/v2\/pages\/1785\/revisions"}],"predecessor-version":[{"id":4208,"href":"https:\/\/www.travelanddine.info\/index.php\/wp-json\/wp\/v2\/pages\/1785\/revisions\/4208"}],"wp:attachment":[{"href":"https:\/\/www.travelanddine.info\/index.php\/wp-json\/wp\/v2\/media?parent=1785"}],"curies":[{"name":"wp","href":"https:\/\/api.w.org\/{rel}","templated":true}]}}