{"id":1935,"date":"2019-02-17T15:37:05","date_gmt":"2019-02-17T15:37:05","guid":{"rendered":"http:\/\/www.travelanddine.info\/?page_id=1935"},"modified":"2021-05-18T14:06:28","modified_gmt":"2021-05-18T14:06:28","slug":"hong-kong-cz","status":"publish","type":"page","link":"https:\/\/www.travelanddine.info\/index.php\/hong-kong-cz\/","title":{"rendered":"Hong Kong"},"content":{"rendered":"\n<figure class=\"wp-block-image\"><img loading=\"lazy\" width=\"1024\" height=\"360\" src=\"https:\/\/www.travelanddine.info\/wp-content\/uploads\/2019\/07\/hong-kong-2-1024x360.jpg\" alt=\"\" class=\"wp-image-3038\" srcset=\"https:\/\/www.travelanddine.info\/wp-content\/uploads\/2019\/07\/hong-kong-2-1024x360.jpg 1024w, https:\/\/www.travelanddine.info\/wp-content\/uploads\/2019\/07\/hong-kong-2-300x106.jpg 300w, https:\/\/www.travelanddine.info\/wp-content\/uploads\/2019\/07\/hong-kong-2-768x270.jpg 768w\" sizes=\"(max-width: 1024px) 100vw, 1024px\" \/><\/figure>\n\n\n\n<div class=\"wp-block-image\"><figure class=\"aligncenter size-large\"><img loading=\"lazy\" width=\"1024\" height=\"84\" src=\"https:\/\/www.travelanddine.info\/wp-content\/uploads\/2021\/05\/NAVSTIVENE-RESTAURACE-CZE-1024x84.png\" alt=\"\" class=\"wp-image-4247\" srcset=\"https:\/\/www.travelanddine.info\/wp-content\/uploads\/2021\/05\/NAVSTIVENE-RESTAURACE-CZE-1024x84.png 1024w, https:\/\/www.travelanddine.info\/wp-content\/uploads\/2021\/05\/NAVSTIVENE-RESTAURACE-CZE-300x24.png 300w, https:\/\/www.travelanddine.info\/wp-content\/uploads\/2021\/05\/NAVSTIVENE-RESTAURACE-CZE-768x63.png 768w, https:\/\/www.travelanddine.info\/wp-content\/uploads\/2021\/05\/NAVSTIVENE-RESTAURACE-CZE.png 1250w\" sizes=\"(max-width: 1024px) 100vw, 1024px\" \/><\/figure><\/div>\n\n\n\n<div class=\"wp-block-columns has-2-columns\">\n<div class=\"wp-block-column\">\n<figure class=\"wp-block-image size-large\"><a href=\"https:\/\/www.travelanddine.info\/index.php\/hong-kong-cz\/ser-wong-fun-restaurant-cz\/\"><img loading=\"lazy\" width=\"770\" height=\"189\" src=\"https:\/\/www.travelanddine.info\/wp-content\/uploads\/2021\/05\/SER-WONG-FUN-CZ.png\" alt=\"\" class=\"wp-image-4253\" srcset=\"https:\/\/www.travelanddine.info\/wp-content\/uploads\/2021\/05\/SER-WONG-FUN-CZ.png 770w, https:\/\/www.travelanddine.info\/wp-content\/uploads\/2021\/05\/SER-WONG-FUN-CZ-300x74.png 300w, https:\/\/www.travelanddine.info\/wp-content\/uploads\/2021\/05\/SER-WONG-FUN-CZ-768x189.png 768w\" sizes=\"(max-width: 770px) 100vw, 770px\" \/><\/a><\/figure>\n\n\n\n<figure class=\"wp-block-image size-large\"><a href=\"https:\/\/www.travelanddine.info\/index.php\/hong-kong-cz\/dim-sum-square-cz\/\"><img loading=\"lazy\" width=\"770\" height=\"189\" src=\"https:\/\/www.travelanddine.info\/wp-content\/uploads\/2021\/05\/DIM-SUM-SQUARE-CZ.png\" alt=\"\" class=\"wp-image-4257\" srcset=\"https:\/\/www.travelanddine.info\/wp-content\/uploads\/2021\/05\/DIM-SUM-SQUARE-CZ.png 770w, https:\/\/www.travelanddine.info\/wp-content\/uploads\/2021\/05\/DIM-SUM-SQUARE-CZ-300x74.png 300w, https:\/\/www.travelanddine.info\/wp-content\/uploads\/2021\/05\/DIM-SUM-SQUARE-CZ-768x189.png 768w\" sizes=\"(max-width: 770px) 100vw, 770px\" \/><\/a><\/figure>\n<\/div>\n\n\n\n<div class=\"wp-block-column\">\n<figure class=\"wp-block-image size-large\"><a href=\"https:\/\/www.travelanddine.info\/index.php\/hong-kong-cz\/hutong-restaurant-cz\/\"><img loading=\"lazy\" width=\"770\" height=\"189\" src=\"https:\/\/www.travelanddine.info\/wp-content\/uploads\/2021\/05\/HUTONG-CZ.png\" alt=\"\" class=\"wp-image-4255\" srcset=\"https:\/\/www.travelanddine.info\/wp-content\/uploads\/2021\/05\/HUTONG-CZ.png 770w, https:\/\/www.travelanddine.info\/wp-content\/uploads\/2021\/05\/HUTONG-CZ-300x74.png 300w, https:\/\/www.travelanddine.info\/wp-content\/uploads\/2021\/05\/HUTONG-CZ-768x189.png 768w\" sizes=\"(max-width: 770px) 100vw, 770px\" \/><\/a><\/figure>\n\n\n\n<figure class=\"wp-block-image size-large\"><a href=\"https:\/\/www.travelanddine.info\/index.php\/hong-kong-cz\/pivo-the-czech-bar\/\"><img loading=\"lazy\" width=\"770\" height=\"189\" src=\"https:\/\/www.travelanddine.info\/wp-content\/uploads\/2021\/05\/PIVO-HK-CZ.png\" alt=\"\" class=\"wp-image-4259\" srcset=\"https:\/\/www.travelanddine.info\/wp-content\/uploads\/2021\/05\/PIVO-HK-CZ.png 770w, https:\/\/www.travelanddine.info\/wp-content\/uploads\/2021\/05\/PIVO-HK-CZ-300x74.png 300w, https:\/\/www.travelanddine.info\/wp-content\/uploads\/2021\/05\/PIVO-HK-CZ-768x189.png 768w\" sizes=\"(max-width: 770px) 100vw, 770px\" \/><\/a><\/figure>\n<\/div>\n<\/div>\n\n\n\n<hr class=\"wp-block-separator\"\/>\n\n\n\n<figure class=\"wp-block-image size-large\"><img loading=\"lazy\" width=\"1024\" height=\"39\" src=\"https:\/\/www.travelanddine.info\/wp-content\/uploads\/2021\/05\/OSTATNI-RESTAURACE-CZE-1024x39.png\" alt=\"\" class=\"wp-image-4250\" srcset=\"https:\/\/www.travelanddine.info\/wp-content\/uploads\/2021\/05\/OSTATNI-RESTAURACE-CZE-1024x39.png 1024w, https:\/\/www.travelanddine.info\/wp-content\/uploads\/2021\/05\/OSTATNI-RESTAURACE-CZE-300x12.png 300w, https:\/\/www.travelanddine.info\/wp-content\/uploads\/2021\/05\/OSTATNI-RESTAURACE-CZE-768x29.png 768w, https:\/\/www.travelanddine.info\/wp-content\/uploads\/2021\/05\/OSTATNI-RESTAURACE-CZE.png 1250w\" sizes=\"(max-width: 1024px) 100vw, 1024px\" \/><\/figure>\n\n\n\n<figure class=\"wp-block-table\"><table><tbody><tr><td>R<\/td><td>T&#8217;ANG COURT<\/td><td>Cantonese<\/td><\/tr><tr><td>R<\/td><td>LUNG KING HEEN<\/td><td>Cantonese<\/td><\/tr><tr><td>R<\/td><td>CAPRICE<\/td><td>French&nbsp;&nbsp;<\/td><\/tr><tr><td>R<\/td><td>SUSHI SHIKON<\/td><td>Japanese<\/td><\/tr><tr><td>R<\/td><td>SUN TUNG LOK<\/td><td>Cantonese<\/td><\/tr><tr><td>R<\/td><td>TENKU RIUGIN<\/td><td>Japanese<\/td><\/tr><tr><td>R<\/td><td>TIN LUNG HEEN<\/td><td>Cantonese<\/td><\/tr><tr><td>R<\/td><td>LOAF ON<\/td><td>Cantonese<\/td><\/tr><tr><td>R<\/td><td>CELEBRITY CUISINE<\/td><td>Cantonese<\/td><\/tr><tr><td>R<\/td><td>VEA<\/td><td>Innovative<\/td><\/tr><tr><td>R<\/td><td>IMPERIAL TREASURE FINE CHINESE CUISINE<\/td><td>Cantonese<\/td><\/tr><tr><td>R<\/td><td>SPRING MOON<\/td><td>Cantonese<\/td><\/tr><tr><td>R<\/td><td>SHANG PALACE<\/td><td>Cantonese<\/td><\/tr><tr><td>R<\/td><td>YEE TUNG HEEN<\/td><td>Cantonese<\/td><\/tr><tr><td>R<\/td><td>THE OCEAN<\/td><td>French<\/td><\/tr><tr><td>R<\/td><td>DUDDEL&#8217;S&nbsp;<\/td><td>Asian<\/td><\/tr><tr><td>R<\/td><td>RONIN RESTAURANT \/ YARDBIRD<\/td><td>Japanese<\/td><\/tr><tr><td>R<\/td><td>SAMSEN<\/td><td>Thai&nbsp;<\/td><\/tr><tr><td>R<\/td><td>LUK YU TEA HOUSE<\/td><td>Chinese&nbsp;<\/td><\/tr><tr><td>R<\/td><td>12000 FRANCS<\/td><td>European&nbsp;<\/td><\/tr><tr><td>R<\/td><td>LITTLE BAO&nbsp;<\/td><td>Chinese&nbsp;<\/td><\/tr><tr><td>R<\/td><td>THE CHAIRMAN<\/td><td>Cantonese&nbsp;<\/td><\/tr><tr><td>R<\/td><td>OTTO E MEZZO BOMBANA<\/td><td>Italian&nbsp;<\/td><\/tr><tr><td>R<\/td><td>TATE DANING ROOM &amp; BAR<\/td><td>Japanese<\/td><\/tr><tr><td>R<\/td><td>HAPPY PARADISE<\/td><td>Chinese<\/td><\/tr><tr><td>R<\/td><td>HAKU<\/td><td>Japan-Spain<\/td><\/tr><tr><td>R<\/td><td>ARCANE RESTAURANT<\/td><td>International<\/td><\/tr><tr><td>R<\/td><td>HO LEE FOOK RESTAURANT<\/td><td>Chinese<\/td><\/tr><tr><td>R<\/td><td>SEVVA RESTAURANT<\/td><td>Chinese<\/td><\/tr><tr><td>R<\/td><td>WOOLOO MOOLOO PRIME RESTAURANT<\/td><td>Australian steaks<\/td><\/tr><tr><td>R<\/td><td>EBISOBA ICHIGEN&nbsp;<\/td><td>Japanese<\/td><\/tr><tr><td>R<\/td><td>MADAME FU GRAND CAF\u00c9<\/td><td>Cantonese<\/td><\/tr><tr><td>R<\/td><td>OLD BAILY<\/td><td>Chinese<\/td><\/tr><tr><td>R<\/td><td>ARBON&nbsp;<\/td><td>French-Japanese<\/td><\/tr><\/tbody><\/table><\/figure>\n","protected":false},"excerpt":{"rendered":"<p>R T&#8217;ANG COURT Cantonese R LUNG KING HEEN Cantonese R CAPRICE French&nbsp;&nbsp; R SUSHI SHIKON Japanese R SUN TUNG LOK Cantonese R TENKU RIUGIN Japanese R TIN LUNG HEEN Cantonese R LOAF ON Cantonese R CELEBRITY CUISINE Cantonese R VEA&#8230;<\/p>\n","protected":false},"author":1,"featured_media":0,"parent":0,"menu_order":0,"comment_status":"closed","ping_status":"closed","template":"","meta":[],"yoast_head":"<!-- This site is optimized with the Yoast SEO plugin v17.0 - https:\/\/yoast.com\/wordpress\/plugins\/seo\/ -->\n<title>Hong Kong - Premium Travel&amp;Dine Info<\/title>\n<meta name=\"robots\" content=\"index, follow, max-snippet:-1, max-image-preview:large, max-video-preview:-1\" \/>\n<link rel=\"canonical\" href=\"https:\/\/www.travelanddine.info\/index.php\/hong-kong-cz\/\" \/>\n<meta property=\"og:locale\" content=\"cs_CZ\" \/>\n<meta property=\"og:type\" content=\"article\" \/>\n<meta property=\"og:title\" content=\"Hong Kong - Premium Travel&amp;Dine Info\" \/>\n<meta property=\"og:description\" content=\"R T&#8217;ANG COURT Cantonese R LUNG KING HEEN Cantonese R CAPRICE French&nbsp;&nbsp; R SUSHI SHIKON Japanese R SUN TUNG LOK Cantonese R TENKU RIUGIN Japanese R TIN LUNG HEEN Cantonese R LOAF ON Cantonese R CELEBRITY CUISINE Cantonese R VEA...\" \/>\n<meta property=\"og:url\" content=\"https:\/\/www.travelanddine.info\/index.php\/hong-kong-cz\/\" \/>\n<meta property=\"og:site_name\" content=\"Premium Travel&amp;Dine Info\" \/>\n<meta property=\"article:publisher\" content=\"http:\/\/www.facebook.com\/PremiumTravelAndDineInfo\" \/>\n<meta property=\"article:modified_time\" content=\"2021-05-18T14:06:28+00:00\" \/>\n<meta property=\"og:image\" content=\"http:\/\/www.travelanddine.info\/wp-content\/uploads\/2019\/07\/hong-kong-2-1024x360.jpg\" \/>\n<meta name=\"twitter:card\" content=\"summary_large_image\" \/>\n<meta name=\"twitter:label1\" content=\"Odhadovan\u00e1 doba \u010dten\u00ed\" \/>\n\t<meta name=\"twitter:data1\" content=\"3 minuty\" \/>\n<script type=\"application\/ld+json\" class=\"yoast-schema-graph\">{\"@context\":\"https:\/\/schema.org\",\"@graph\":[{\"@type\":\"Organization\",\"@id\":\"https:\/\/www.travelanddine.info\/#organization\",\"name\":\"Premium Travel & Dine Info\",\"url\":\"https:\/\/www.travelanddine.info\/\",\"sameAs\":[\"http:\/\/www.facebook.com\/PremiumTravelAndDineInfo\",\"https:\/\/www.instagram.com\/premium_travel_and_dine_info\/\",\"https:\/\/www.youtube.com\/channel\/UCq4d7zmKK3AOuzDrR1p_2Qw\/featured?disable_polymer=1\"],\"logo\":{\"@type\":\"ImageObject\",\"@id\":\"https:\/\/www.travelanddine.info\/#logo\",\"inLanguage\":\"cs\",\"url\":\"https:\/\/www.travelanddine.info\/wp-content\/uploads\/2019\/01\/logo-premium-e1547240252292.jpg\",\"contentUrl\":\"https:\/\/www.travelanddine.info\/wp-content\/uploads\/2019\/01\/logo-premium-e1547240252292.jpg\",\"width\":1000,\"height\":406,\"caption\":\"Premium Travel & Dine Info\"},\"image\":{\"@id\":\"https:\/\/www.travelanddine.info\/#logo\"}},{\"@type\":\"WebSite\",\"@id\":\"https:\/\/www.travelanddine.info\/#website\",\"url\":\"https:\/\/www.travelanddine.info\/\",\"name\":\"Premium Travel&amp;Dine Info\",\"description\":\"tipy, doporu\\u010den\\u00ed, informace.. pro ty, kte\\u0159\\u00ed maj\\u00ed r\\u00e1di cestov\\u00e1n\\u00ed na vysok\\u00e9 \\u00farovni a skv\\u011bl\\u00e9 j\\u00eddlo\",\"publisher\":{\"@id\":\"https:\/\/www.travelanddine.info\/#organization\"},\"potentialAction\":[{\"@type\":\"SearchAction\",\"target\":{\"@type\":\"EntryPoint\",\"urlTemplate\":\"https:\/\/www.travelanddine.info\/?s={search_term_string}\"},\"query-input\":\"required name=search_term_string\"}],\"inLanguage\":\"cs\"},{\"@type\":\"ImageObject\",\"@id\":\"https:\/\/www.travelanddine.info\/index.php\/hong-kong-cz\/#primaryimage\",\"inLanguage\":\"cs\",\"url\":\"http:\/\/www.travelanddine.info\/wp-content\/uploads\/2019\/07\/hong-kong-2-1024x360.jpg\",\"contentUrl\":\"http:\/\/www.travelanddine.info\/wp-content\/uploads\/2019\/07\/hong-kong-2-1024x360.jpg\"},{\"@type\":\"WebPage\",\"@id\":\"https:\/\/www.travelanddine.info\/index.php\/hong-kong-cz\/#webpage\",\"url\":\"https:\/\/www.travelanddine.info\/index.php\/hong-kong-cz\/\",\"name\":\"Hong Kong - Premium Travel&amp;Dine Info\",\"isPartOf\":{\"@id\":\"https:\/\/www.travelanddine.info\/#website\"},\"primaryImageOfPage\":{\"@id\":\"https:\/\/www.travelanddine.info\/index.php\/hong-kong-cz\/#primaryimage\"},\"datePublished\":\"2019-02-17T15:37:05+00:00\",\"dateModified\":\"2021-05-18T14:06:28+00:00\",\"breadcrumb\":{\"@id\":\"https:\/\/www.travelanddine.info\/index.php\/hong-kong-cz\/#breadcrumb\"},\"inLanguage\":\"cs\",\"potentialAction\":[{\"@type\":\"ReadAction\",\"target\":[\"https:\/\/www.travelanddine.info\/index.php\/hong-kong-cz\/\"]}]},{\"@type\":\"BreadcrumbList\",\"@id\":\"https:\/\/www.travelanddine.info\/index.php\/hong-kong-cz\/#breadcrumb\",\"itemListElement\":[{\"@type\":\"ListItem\",\"position\":1,\"name\":\"Dom\\u016f\",\"item\":\"https:\/\/www.travelanddine.info\/index.php\/en\/home\/\"},{\"@type\":\"ListItem\",\"position\":2,\"name\":\"Hong Kong\"}]}]}<\/script>\n<!-- \/ Yoast SEO plugin. -->","yoast_head_json":{"title":"Hong Kong - Premium Travel&amp;Dine Info","robots":{"index":"index","follow":"follow","max-snippet":"max-snippet:-1","max-image-preview":"max-image-preview:large","max-video-preview":"max-video-preview:-1"},"canonical":"https:\/\/www.travelanddine.info\/index.php\/hong-kong-cz\/","og_locale":"cs_CZ","og_type":"article","og_title":"Hong Kong - Premium Travel&amp;Dine Info","og_description":"R T&#8217;ANG COURT Cantonese R LUNG KING HEEN Cantonese R CAPRICE French&nbsp;&nbsp; R SUSHI SHIKON Japanese R SUN TUNG LOK Cantonese R TENKU RIUGIN Japanese R TIN LUNG HEEN Cantonese R LOAF ON Cantonese R CELEBRITY CUISINE Cantonese R VEA...","og_url":"https:\/\/www.travelanddine.info\/index.php\/hong-kong-cz\/","og_site_name":"Premium Travel&amp;Dine Info","article_publisher":"http:\/\/www.facebook.com\/PremiumTravelAndDineInfo","article_modified_time":"2021-05-18T14:06:28+00:00","og_image":[{"url":"http:\/\/www.travelanddine.info\/wp-content\/uploads\/2019\/07\/hong-kong-2-1024x360.jpg"}],"twitter_card":"summary_large_image","twitter_misc":{"Odhadovan\u00e1 doba \u010dten\u00ed":"3 minuty"},"schema":{"@context":"https:\/\/schema.org","@graph":[{"@type":"Organization","@id":"https:\/\/www.travelanddine.info\/#organization","name":"Premium Travel & Dine Info","url":"https:\/\/www.travelanddine.info\/","sameAs":["http:\/\/www.facebook.com\/PremiumTravelAndDineInfo","https:\/\/www.instagram.com\/premium_travel_and_dine_info\/","https:\/\/www.youtube.com\/channel\/UCq4d7zmKK3AOuzDrR1p_2Qw\/featured?disable_polymer=1"],"logo":{"@type":"ImageObject","@id":"https:\/\/www.travelanddine.info\/#logo","inLanguage":"cs","url":"https:\/\/www.travelanddine.info\/wp-content\/uploads\/2019\/01\/logo-premium-e1547240252292.jpg","contentUrl":"https:\/\/www.travelanddine.info\/wp-content\/uploads\/2019\/01\/logo-premium-e1547240252292.jpg","width":1000,"height":406,"caption":"Premium Travel & Dine Info"},"image":{"@id":"https:\/\/www.travelanddine.info\/#logo"}},{"@type":"WebSite","@id":"https:\/\/www.travelanddine.info\/#website","url":"https:\/\/www.travelanddine.info\/","name":"Premium Travel&amp;Dine Info","description":"tipy, doporu\u010den\u00ed, informace.. pro ty, kte\u0159\u00ed maj\u00ed r\u00e1di cestov\u00e1n\u00ed na vysok\u00e9 \u00farovni a skv\u011bl\u00e9 j\u00eddlo","publisher":{"@id":"https:\/\/www.travelanddine.info\/#organization"},"potentialAction":[{"@type":"SearchAction","target":{"@type":"EntryPoint","urlTemplate":"https:\/\/www.travelanddine.info\/?s={search_term_string}"},"query-input":"required name=search_term_string"}],"inLanguage":"cs"},{"@type":"ImageObject","@id":"https:\/\/www.travelanddine.info\/index.php\/hong-kong-cz\/#primaryimage","inLanguage":"cs","url":"http:\/\/www.travelanddine.info\/wp-content\/uploads\/2019\/07\/hong-kong-2-1024x360.jpg","contentUrl":"http:\/\/www.travelanddine.info\/wp-content\/uploads\/2019\/07\/hong-kong-2-1024x360.jpg"},{"@type":"WebPage","@id":"https:\/\/www.travelanddine.info\/index.php\/hong-kong-cz\/#webpage","url":"https:\/\/www.travelanddine.info\/index.php\/hong-kong-cz\/","name":"Hong Kong - Premium Travel&amp;Dine Info","isPartOf":{"@id":"https:\/\/www.travelanddine.info\/#website"},"primaryImageOfPage":{"@id":"https:\/\/www.travelanddine.info\/index.php\/hong-kong-cz\/#primaryimage"},"datePublished":"2019-02-17T15:37:05+00:00","dateModified":"2021-05-18T14:06:28+00:00","breadcrumb":{"@id":"https:\/\/www.travelanddine.info\/index.php\/hong-kong-cz\/#breadcrumb"},"inLanguage":"cs","potentialAction":[{"@type":"ReadAction","target":["https:\/\/www.travelanddine.info\/index.php\/hong-kong-cz\/"]}]},{"@type":"BreadcrumbList","@id":"https:\/\/www.travelanddine.info\/index.php\/hong-kong-cz\/#breadcrumb","itemListElement":[{"@type":"ListItem","position":1,"name":"Dom\u016f","item":"https:\/\/www.travelanddine.info\/index.php\/en\/home\/"},{"@type":"ListItem","position":2,"name":"Hong Kong"}]}]}},"_links":{"self":[{"href":"https:\/\/www.travelanddine.info\/index.php\/wp-json\/wp\/v2\/pages\/1935"}],"collection":[{"href":"https:\/\/www.travelanddine.info\/index.php\/wp-json\/wp\/v2\/pages"}],"about":[{"href":"https:\/\/www.travelanddine.info\/index.php\/wp-json\/wp\/v2\/types\/page"}],"author":[{"embeddable":true,"href":"https:\/\/www.travelanddine.info\/index.php\/wp-json\/wp\/v2\/users\/1"}],"replies":[{"embeddable":true,"href":"https:\/\/www.travelanddine.info\/index.php\/wp-json\/wp\/v2\/comments?post=1935"}],"version-history":[{"count":24,"href":"https:\/\/www.travelanddine.info\/index.php\/wp-json\/wp\/v2\/pages\/1935\/revisions"}],"predecessor-version":[{"id":4266,"href":"https:\/\/www.travelanddine.info\/index.php\/wp-json\/wp\/v2\/pages\/1935\/revisions\/4266"}],"wp:attachment":[{"href":"https:\/\/www.travelanddine.info\/index.php\/wp-json\/wp\/v2\/media?parent=1935"}],"curies":[{"name":"wp","href":"https:\/\/api.w.org\/{rel}","templated":true}]}}