{"id":2023,"date":"2019-02-17T17:20:52","date_gmt":"2019-02-17T17:20:52","guid":{"rendered":"http:\/\/www.travelanddine.info\/?page_id=2023"},"modified":"2021-05-18T14:25:38","modified_gmt":"2021-05-18T14:25:38","slug":"jambo-seafood-riverside-point","status":"publish","type":"page","link":"https:\/\/www.travelanddine.info\/index.php\/singapur-2\/jambo-seafood-riverside-point\/","title":{"rendered":"JUMBO SEAFOOD RIVERSIDE POINT"},"content":{"rendered":"\n<p><em>O restauraci<\/em><\/p>\n\n\n\n<p>Jumbo Seafood je \u0159et\u011bzec restaurac\u00ed v Singapuru, kter\u00fd zah\u00e1jil svou \u010dinnost v roce 1987, kdy provozoval pouze jednu restauraci. Brzy pot\u00e9 restaurace z\u00edskala pov\u011bst pro p\u0159\u00edpravu \u010derstv\u00fdch a chutn\u00fdch j\u00eddel, kter\u00e9 si z\u00edskali srdce m\u00edstn\u00edch i ciz\u00edch milovn\u00edk\u016f dobr\u00e9ho j\u00eddla. Tak jak reputace restaurace rostla, za\u010dal se zvy\u0161ovat i po\u010det provozoven. Dnes spole\u010dnost Jumbo Seafood provozuje 5 restaurac\u00ed v&nbsp;Singapuru, n\u011bkolik restaurac\u00edch v pevninsk\u00e9 \u010c\u00edn\u011b, rovn\u011b\u017e i v n\u011bkolika dal\u0161\u00edch asijsk\u00fdch zem\u00edch.<\/p>\n\n\n\n<p><em>Um\u00edst\u011bn\u00ed restaurace a prostor<\/em><\/p>\n\n\n\n<p>Jumbo Seafood Riverside Point se nach\u00e1z\u00ed pod\u00e9l \u0159eky Singapur v Central Business Disctrict naproti hotelu Novotel na Clarke Quay. Restaurace m\u00e1 dv\u011b patra a venkovn\u00ed posezen\u00ed pro Al Fresco stolov\u00e1n\u00ed s kr\u00e1sn\u00fdm v\u00fdhledem. Je nutn\u00e9 si p\u0159edem ud\u011blat rezervaci, proto\u017ee restaurace je obvykle pln\u011b obsazena.<\/p>\n\n\n\n<p>Sv\u016fj st\u016fl jsme si pro ve\u010der rezervovali ji\u017e kolem poledne. Dostanete sv\u00e9 \u010d\u00edslo a mus\u00edte se do restaurace dostavit p\u0159esn\u011b podle rezervace, jinak va\u0161e m\u00edsto bude nab\u00eddnuto jin\u00fdm z\u00e1kazn\u00edk\u016fm, kte\u0159\u00ed \u010dekaj\u00ed na svou \u0161anci p\u0159ed restaurac\u00ed a nemaj\u00ed svou pevnou rezervaci.&nbsp;<\/p>\n\n\n\n<p>Prvn\u00ed ve\u010der jsme m\u011bli st\u016fl uvnit\u0159 ve druh\u00e9m pat\u0159e vedle mal\u00e9ho baz\u00e9nku se zlat\u00fdmi \u010d\u00ednsk\u00fdmi rybi\u010dkami. Po objedn\u00e1vce krab\u016f dostanete p\u0159\u00edbor, kle\u0161t\u011b a brynd\u00e1k. Pot\u00e9 p\u0159ich\u00e1z\u00ed va\u0161e j\u00eddlo. Person\u00e1l je p\u0159\u00e1telsk\u00fd, n\u00e1pomocn\u00fd a profesion\u00e1ln\u00ed. Pokud pot\u0159ebujete, r\u00e1d v\u00e1m vysv\u011btl\u00ed jak j\u00eddlo konzumovat.&nbsp;<\/p>\n\n\n\n<p>Druh\u00fd den jsme si rezervovali venkovn\u00ed sezen\u00ed, kter\u00e9 bylo velmi romantick\u00e9 a my jsme si u\u017e\u00edvali skvostn\u00e9 j\u00eddlo a kr\u00e1sn\u00fd v\u00fdhled.<\/p>\n\n\n\n<p>Prostor je \u010dist\u00fd, modern\u00ed a za\u0159\u00edzen v asijsk\u00e9m stylu.&nbsp;<\/p>\n\n\n\n<figure class=\"wp-block-image size-medium\"><img loading=\"lazy\" width=\"300\" height=\"225\" src=\"https:\/\/www.travelanddine.info\/wp-content\/uploads\/2019\/02\/image-246-300x225.png\" alt=\"\" class=\"wp-image-2024\" srcset=\"https:\/\/www.travelanddine.info\/wp-content\/uploads\/2019\/02\/image-246-300x225.png 300w, https:\/\/www.travelanddine.info\/wp-content\/uploads\/2019\/02\/image-246.png 550w\" sizes=\"(max-width: 300px) 100vw, 300px\" \/><\/figure>\n\n\n\n<figure class=\"wp-block-image size-medium\"><img loading=\"lazy\" width=\"300\" height=\"200\" src=\"https:\/\/www.travelanddine.info\/wp-content\/uploads\/2019\/02\/image-247-300x200.png\" alt=\"\" class=\"wp-image-2025\" srcset=\"https:\/\/www.travelanddine.info\/wp-content\/uploads\/2019\/02\/image-247-300x200.png 300w, https:\/\/www.travelanddine.info\/wp-content\/uploads\/2019\/02\/image-247.png 611w\" sizes=\"(max-width: 300px) 100vw, 300px\" \/><\/figure>\n\n\n\n<p><em>Specialita restaurace<\/em><\/p>\n\n\n\n<p>Chilli krab. Ocen\u011b\u0148ovan\u00e9 j\u00eddlo.<\/p>\n\n\n\n<p>Ofici\u00e1ln\u00ed popis tohoto oce\u0148ovan\u00e9ho j\u00eddla zn\u00ed: \u010cerstv\u00e9 kraby v om\u00e1\u010dce, kter\u00e1 je pohlazen\u00edm na jazyku, odborn\u011b upraven\u00e9 \u0161\u00e9fkucha\u0159em s v\u00edce ne\u017e 10 druhy r\u016fzn\u00e9ho ko\u0159en\u00ed jihov\u00fdchodn\u00ed Asie. Tato ochucen\u00e1 sm\u011bs ko\u0159en\u00ed s jemnou kyselost\u00ed otev\u00edr\u00e1 jemn\u00e9 v\u016fn\u011b a vyvol\u00e1v\u00e1 \u010derstvost krab\u016f. Obsahuje p\u0159\u00edsady, kter\u00e9 rozkl\u00e1daj\u00ed r\u016fznorodosti chut\u00ed. Jde o pokrm, kter\u00fd p\u0159edstavuje jedine\u010dn\u00fd kulin\u00e1\u0159sk\u00fd z\u00e1\u017eitek a d\u00e1 se jednozna\u010dn\u011b pojmenovat jm\u00e9nem Singapur<\/p>\n\n\n\n<p>a<\/p>\n\n\n\n<p>Black pepper crab \u2013 krab na \u010dern\u00e9m pep\u0159i<\/p>\n\n\n\n<p>Va\u0159en\u00fd v \u00fa\u017easn\u00e9m mixu, kter\u00fd je vyr\u00e1b\u011bn restov\u00e1n\u00edm sladk\u00e9ho m\u00e1sla s pr\u00e9miov\u00fdmi sm\u011bsmi pep\u0159ov\u00e9ho ko\u0159en\u00ed, kter\u00e9 byly speci\u00e1ln\u011b vybran\u00e9 a restovan\u00e9. Jemn\u011b pikantn\u00ed \u010dern\u00fd a b\u00edl\u00fd pep\u0159 p\u0159in\u00e1\u0161\u00ed \u010derstvost a chu\u0165 kraba, co pot\u011b\u0161\u00ed ka\u017ed\u00e9ho milovn\u00edka pikantnosti.<\/p>\n\n\n\n<p>Oba tyto popisy maj\u00ed pravdu a ob\u011b j\u00eddla jsou jedine\u010dn\u00e1, \u010derstv\u00e1, super chutn\u00e1 a velmi singapursk\u00e1.<\/p>\n\n\n\n<p>Za j\u00eddlo, kter\u00e9 obsahuje zhruba 1kg \u010derstv\u00e9ho kraba m\u016f\u017eete zaplatit 90 a\u017e 240 Singapursk\u00fdch dolar\u016f (58 a\u017e 155 EUR) v z\u00e1vislosti na v\u00fdb\u011bru druhu krab\u016f &#8211; alja\u0161sk\u00fd, bahnit\u00fd nebo krab Dungeness. Alja\u0161\u0161t\u00ed krabi jsou nejdra\u017e\u0161\u00ed mo\u017enost\u00ed.<\/p>\n\n\n\n<figure class=\"wp-block-image size-medium\"><img loading=\"lazy\" width=\"300\" height=\"183\" src=\"https:\/\/www.travelanddine.info\/wp-content\/uploads\/2019\/02\/image-248-300x183.png\" alt=\"\" class=\"wp-image-2026\" srcset=\"https:\/\/www.travelanddine.info\/wp-content\/uploads\/2019\/02\/image-248-300x183.png 300w, https:\/\/www.travelanddine.info\/wp-content\/uploads\/2019\/02\/image-248.png 640w\" sizes=\"(max-width: 300px) 100vw, 300px\" \/><\/figure>\n\n\n\n<figure class=\"wp-block-image size-medium\"><img loading=\"lazy\" width=\"300\" height=\"225\" src=\"https:\/\/www.travelanddine.info\/wp-content\/uploads\/2019\/02\/image-249-300x225.png\" alt=\"\" class=\"wp-image-2027\" srcset=\"https:\/\/www.travelanddine.info\/wp-content\/uploads\/2019\/02\/image-249-300x225.png 300w, https:\/\/www.travelanddine.info\/wp-content\/uploads\/2019\/02\/image-249.png 550w\" sizes=\"(max-width: 300px) 100vw, 300px\" \/><\/figure>\n\n\n\n<p><em>Dal\u0161\u00ed j\u00eddla na j\u00eddeln\u00ed\u010dku<\/em><\/p>\n\n\n\n<p>Solen\u00e9 krevety a k\u0159upav\u011b sma\u017een\u00e9 kalam\u00e1ry, \u010derstv\u00e9 humry, r\u016fzn\u00e9 ryby, pol\u00e9vky, nudle&#8230; abychom jmenovali alespo\u0148 p\u00e1r mo\u017enost\u00ed. Restaurace nab\u00edz\u00ed dal\u0161\u00ed inovativn\u00ed a v\u00fdrazn\u00e9 polo\u017eky v j\u00eddeln\u00ed\u010dku, v\u010detn\u011b speci\u00e1ln\u00edch sez\u00f3nn\u00edch j\u00eddel.<\/p>\n\n\n\n<p><em>Servis<\/em><\/p>\n\n\n\n<p>Slu\u017eby person\u00e1lu restaurace jsou rychl\u00e9, zdvo\u0159il\u00e9, efektivn\u00ed a p\u0159\u00e1telsk\u00e9.&nbsp;<\/p>\n\n\n\n<p><em>Z\u00e1v\u011br<\/em><\/p>\n\n\n\n<p>Otev\u00edrac\u00ed hodiny\tob\u011bd : 12.00 \u2013 15.00 (posledn\u00ed objedn\u00e1vka se p\u0159ij\u00edm\u00e1 ve 14.15)&nbsp;<\/p>\n\n\n\n<p>ve\u010de\u0159e : 18.00 \u2013 24.00 (posledn\u00ed objedn\u00e1vka se p\u0159ij\u00edm\u00e1 ve 23.15)&nbsp;<\/p>\n\n\n\n<p>Kontakt 30 Merchant Road #01-01\/02,<br>Riverside Point, Singapore 058282<br>Tel : 6532-3435<\/p>\n\n\n\n<p>Fantastick\u00fd z\u00e1\u017eitek ochutnat j\u00eddlo z kraba.&nbsp;<\/p>\n","protected":false},"excerpt":{"rendered":"<p>O restauraci Jumbo Seafood je \u0159et\u011bzec restaurac\u00ed v Singapuru, kter\u00fd zah\u00e1jil svou \u010dinnost v roce 1987, kdy provozoval pouze jednu restauraci. Brzy pot\u00e9 restaurace z\u00edskala pov\u011bst pro p\u0159\u00edpravu \u010derstv\u00fdch a chutn\u00fdch j\u00eddel, kter\u00e9 si z\u00edskali srdce m\u00edstn\u00edch i ciz\u00edch milovn\u00edk\u016f&#8230;<\/p>\n","protected":false},"author":1,"featured_media":0,"parent":1926,"menu_order":0,"comment_status":"closed","ping_status":"closed","template":"","meta":[],"yoast_head":"<!-- This site is optimized with the Yoast SEO plugin v17.0 - https:\/\/yoast.com\/wordpress\/plugins\/seo\/ -->\n<title>JUMBO SEAFOOD RIVERSIDE POINT - Premium Travel&amp;Dine Info<\/title>\n<meta name=\"robots\" content=\"index, follow, max-snippet:-1, max-image-preview:large, max-video-preview:-1\" \/>\n<link rel=\"canonical\" href=\"https:\/\/www.travelanddine.info\/index.php\/singapur-2\/jambo-seafood-riverside-point\/\" \/>\n<meta property=\"og:locale\" content=\"cs_CZ\" \/>\n<meta property=\"og:type\" content=\"article\" \/>\n<meta property=\"og:title\" content=\"JUMBO SEAFOOD RIVERSIDE POINT - Premium Travel&amp;Dine Info\" \/>\n<meta property=\"og:description\" content=\"O restauraci Jumbo Seafood je \u0159et\u011bzec restaurac\u00ed v Singapuru, kter\u00fd zah\u00e1jil svou \u010dinnost v roce 1987, kdy provozoval pouze jednu restauraci. Brzy pot\u00e9 restaurace z\u00edskala pov\u011bst pro p\u0159\u00edpravu \u010derstv\u00fdch a chutn\u00fdch j\u00eddel, kter\u00e9 si z\u00edskali srdce m\u00edstn\u00edch i ciz\u00edch milovn\u00edk\u016f...\" \/>\n<meta property=\"og:url\" content=\"https:\/\/www.travelanddine.info\/index.php\/singapur-2\/jambo-seafood-riverside-point\/\" \/>\n<meta property=\"og:site_name\" content=\"Premium Travel&amp;Dine Info\" \/>\n<meta property=\"article:publisher\" content=\"http:\/\/www.facebook.com\/PremiumTravelAndDineInfo\" \/>\n<meta property=\"article:modified_time\" content=\"2021-05-18T14:25:38+00:00\" \/>\n<meta property=\"og:image\" content=\"http:\/\/www.travelanddine.info\/wp-content\/uploads\/2019\/02\/image-246-300x225.png\" \/>\n<meta name=\"twitter:card\" content=\"summary_large_image\" \/>\n<meta name=\"twitter:label1\" content=\"Odhadovan\u00e1 doba \u010dten\u00ed\" \/>\n\t<meta name=\"twitter:data1\" content=\"3 minuty\" \/>\n<script type=\"application\/ld+json\" class=\"yoast-schema-graph\">{\"@context\":\"https:\/\/schema.org\",\"@graph\":[{\"@type\":\"Organization\",\"@id\":\"https:\/\/www.travelanddine.info\/#organization\",\"name\":\"Premium Travel & Dine Info\",\"url\":\"https:\/\/www.travelanddine.info\/\",\"sameAs\":[\"http:\/\/www.facebook.com\/PremiumTravelAndDineInfo\",\"https:\/\/www.instagram.com\/premium_travel_and_dine_info\/\",\"https:\/\/www.youtube.com\/channel\/UCq4d7zmKK3AOuzDrR1p_2Qw\/featured?disable_polymer=1\"],\"logo\":{\"@type\":\"ImageObject\",\"@id\":\"https:\/\/www.travelanddine.info\/#logo\",\"inLanguage\":\"cs\",\"url\":\"https:\/\/www.travelanddine.info\/wp-content\/uploads\/2019\/01\/logo-premium-e1547240252292.jpg\",\"contentUrl\":\"https:\/\/www.travelanddine.info\/wp-content\/uploads\/2019\/01\/logo-premium-e1547240252292.jpg\",\"width\":1000,\"height\":406,\"caption\":\"Premium Travel & Dine Info\"},\"image\":{\"@id\":\"https:\/\/www.travelanddine.info\/#logo\"}},{\"@type\":\"WebSite\",\"@id\":\"https:\/\/www.travelanddine.info\/#website\",\"url\":\"https:\/\/www.travelanddine.info\/\",\"name\":\"Premium Travel&amp;Dine Info\",\"description\":\"tipy, doporu\\u010den\\u00ed, informace.. pro ty, kte\\u0159\\u00ed maj\\u00ed r\\u00e1di cestov\\u00e1n\\u00ed na vysok\\u00e9 \\u00farovni a skv\\u011bl\\u00e9 j\\u00eddlo\",\"publisher\":{\"@id\":\"https:\/\/www.travelanddine.info\/#organization\"},\"potentialAction\":[{\"@type\":\"SearchAction\",\"target\":{\"@type\":\"EntryPoint\",\"urlTemplate\":\"https:\/\/www.travelanddine.info\/?s={search_term_string}\"},\"query-input\":\"required name=search_term_string\"}],\"inLanguage\":\"cs\"},{\"@type\":\"ImageObject\",\"@id\":\"https:\/\/www.travelanddine.info\/index.php\/singapur-2\/jambo-seafood-riverside-point\/#primaryimage\",\"inLanguage\":\"cs\",\"url\":\"http:\/\/www.travelanddine.info\/wp-content\/uploads\/2019\/02\/image-246-300x225.png\",\"contentUrl\":\"http:\/\/www.travelanddine.info\/wp-content\/uploads\/2019\/02\/image-246-300x225.png\"},{\"@type\":\"WebPage\",\"@id\":\"https:\/\/www.travelanddine.info\/index.php\/singapur-2\/jambo-seafood-riverside-point\/#webpage\",\"url\":\"https:\/\/www.travelanddine.info\/index.php\/singapur-2\/jambo-seafood-riverside-point\/\",\"name\":\"JUMBO SEAFOOD RIVERSIDE POINT - Premium Travel&amp;Dine Info\",\"isPartOf\":{\"@id\":\"https:\/\/www.travelanddine.info\/#website\"},\"primaryImageOfPage\":{\"@id\":\"https:\/\/www.travelanddine.info\/index.php\/singapur-2\/jambo-seafood-riverside-point\/#primaryimage\"},\"datePublished\":\"2019-02-17T17:20:52+00:00\",\"dateModified\":\"2021-05-18T14:25:38+00:00\",\"breadcrumb\":{\"@id\":\"https:\/\/www.travelanddine.info\/index.php\/singapur-2\/jambo-seafood-riverside-point\/#breadcrumb\"},\"inLanguage\":\"cs\",\"potentialAction\":[{\"@type\":\"ReadAction\",\"target\":[\"https:\/\/www.travelanddine.info\/index.php\/singapur-2\/jambo-seafood-riverside-point\/\"]}]},{\"@type\":\"BreadcrumbList\",\"@id\":\"https:\/\/www.travelanddine.info\/index.php\/singapur-2\/jambo-seafood-riverside-point\/#breadcrumb\",\"itemListElement\":[{\"@type\":\"ListItem\",\"position\":1,\"name\":\"Dom\\u016f\",\"item\":\"https:\/\/www.travelanddine.info\/index.php\/en\/home\/\"},{\"@type\":\"ListItem\",\"position\":2,\"name\":\"Singapur\",\"item\":\"https:\/\/www.travelanddine.info\/index.php\/singapur-2\/\"},{\"@type\":\"ListItem\",\"position\":3,\"name\":\"JUMBO SEAFOOD RIVERSIDE POINT\"}]}]}<\/script>\n<!-- \/ Yoast SEO plugin. -->","yoast_head_json":{"title":"JUMBO SEAFOOD RIVERSIDE POINT - Premium Travel&amp;Dine Info","robots":{"index":"index","follow":"follow","max-snippet":"max-snippet:-1","max-image-preview":"max-image-preview:large","max-video-preview":"max-video-preview:-1"},"canonical":"https:\/\/www.travelanddine.info\/index.php\/singapur-2\/jambo-seafood-riverside-point\/","og_locale":"cs_CZ","og_type":"article","og_title":"JUMBO SEAFOOD RIVERSIDE POINT - Premium Travel&amp;Dine Info","og_description":"O restauraci Jumbo Seafood je \u0159et\u011bzec restaurac\u00ed v Singapuru, kter\u00fd zah\u00e1jil svou \u010dinnost v roce 1987, kdy provozoval pouze jednu restauraci. Brzy pot\u00e9 restaurace z\u00edskala pov\u011bst pro p\u0159\u00edpravu \u010derstv\u00fdch a chutn\u00fdch j\u00eddel, kter\u00e9 si z\u00edskali srdce m\u00edstn\u00edch i ciz\u00edch milovn\u00edk\u016f...","og_url":"https:\/\/www.travelanddine.info\/index.php\/singapur-2\/jambo-seafood-riverside-point\/","og_site_name":"Premium Travel&amp;Dine Info","article_publisher":"http:\/\/www.facebook.com\/PremiumTravelAndDineInfo","article_modified_time":"2021-05-18T14:25:38+00:00","og_image":[{"url":"http:\/\/www.travelanddine.info\/wp-content\/uploads\/2019\/02\/image-246-300x225.png"}],"twitter_card":"summary_large_image","twitter_misc":{"Odhadovan\u00e1 doba \u010dten\u00ed":"3 minuty"},"schema":{"@context":"https:\/\/schema.org","@graph":[{"@type":"Organization","@id":"https:\/\/www.travelanddine.info\/#organization","name":"Premium Travel & Dine Info","url":"https:\/\/www.travelanddine.info\/","sameAs":["http:\/\/www.facebook.com\/PremiumTravelAndDineInfo","https:\/\/www.instagram.com\/premium_travel_and_dine_info\/","https:\/\/www.youtube.com\/channel\/UCq4d7zmKK3AOuzDrR1p_2Qw\/featured?disable_polymer=1"],"logo":{"@type":"ImageObject","@id":"https:\/\/www.travelanddine.info\/#logo","inLanguage":"cs","url":"https:\/\/www.travelanddine.info\/wp-content\/uploads\/2019\/01\/logo-premium-e1547240252292.jpg","contentUrl":"https:\/\/www.travelanddine.info\/wp-content\/uploads\/2019\/01\/logo-premium-e1547240252292.jpg","width":1000,"height":406,"caption":"Premium Travel & Dine Info"},"image":{"@id":"https:\/\/www.travelanddine.info\/#logo"}},{"@type":"WebSite","@id":"https:\/\/www.travelanddine.info\/#website","url":"https:\/\/www.travelanddine.info\/","name":"Premium Travel&amp;Dine Info","description":"tipy, doporu\u010den\u00ed, informace.. pro ty, kte\u0159\u00ed maj\u00ed r\u00e1di cestov\u00e1n\u00ed na vysok\u00e9 \u00farovni a skv\u011bl\u00e9 j\u00eddlo","publisher":{"@id":"https:\/\/www.travelanddine.info\/#organization"},"potentialAction":[{"@type":"SearchAction","target":{"@type":"EntryPoint","urlTemplate":"https:\/\/www.travelanddine.info\/?s={search_term_string}"},"query-input":"required name=search_term_string"}],"inLanguage":"cs"},{"@type":"ImageObject","@id":"https:\/\/www.travelanddine.info\/index.php\/singapur-2\/jambo-seafood-riverside-point\/#primaryimage","inLanguage":"cs","url":"http:\/\/www.travelanddine.info\/wp-content\/uploads\/2019\/02\/image-246-300x225.png","contentUrl":"http:\/\/www.travelanddine.info\/wp-content\/uploads\/2019\/02\/image-246-300x225.png"},{"@type":"WebPage","@id":"https:\/\/www.travelanddine.info\/index.php\/singapur-2\/jambo-seafood-riverside-point\/#webpage","url":"https:\/\/www.travelanddine.info\/index.php\/singapur-2\/jambo-seafood-riverside-point\/","name":"JUMBO SEAFOOD RIVERSIDE POINT - Premium Travel&amp;Dine Info","isPartOf":{"@id":"https:\/\/www.travelanddine.info\/#website"},"primaryImageOfPage":{"@id":"https:\/\/www.travelanddine.info\/index.php\/singapur-2\/jambo-seafood-riverside-point\/#primaryimage"},"datePublished":"2019-02-17T17:20:52+00:00","dateModified":"2021-05-18T14:25:38+00:00","breadcrumb":{"@id":"https:\/\/www.travelanddine.info\/index.php\/singapur-2\/jambo-seafood-riverside-point\/#breadcrumb"},"inLanguage":"cs","potentialAction":[{"@type":"ReadAction","target":["https:\/\/www.travelanddine.info\/index.php\/singapur-2\/jambo-seafood-riverside-point\/"]}]},{"@type":"BreadcrumbList","@id":"https:\/\/www.travelanddine.info\/index.php\/singapur-2\/jambo-seafood-riverside-point\/#breadcrumb","itemListElement":[{"@type":"ListItem","position":1,"name":"Dom\u016f","item":"https:\/\/www.travelanddine.info\/index.php\/en\/home\/"},{"@type":"ListItem","position":2,"name":"Singapur","item":"https:\/\/www.travelanddine.info\/index.php\/singapur-2\/"},{"@type":"ListItem","position":3,"name":"JUMBO SEAFOOD RIVERSIDE POINT"}]}]}},"_links":{"self":[{"href":"https:\/\/www.travelanddine.info\/index.php\/wp-json\/wp\/v2\/pages\/2023"}],"collection":[{"href":"https:\/\/www.travelanddine.info\/index.php\/wp-json\/wp\/v2\/pages"}],"about":[{"href":"https:\/\/www.travelanddine.info\/index.php\/wp-json\/wp\/v2\/types\/page"}],"author":[{"embeddable":true,"href":"https:\/\/www.travelanddine.info\/index.php\/wp-json\/wp\/v2\/users\/1"}],"replies":[{"embeddable":true,"href":"https:\/\/www.travelanddine.info\/index.php\/wp-json\/wp\/v2\/comments?post=2023"}],"version-history":[{"count":4,"href":"https:\/\/www.travelanddine.info\/index.php\/wp-json\/wp\/v2\/pages\/2023\/revisions"}],"predecessor-version":[{"id":4285,"href":"https:\/\/www.travelanddine.info\/index.php\/wp-json\/wp\/v2\/pages\/2023\/revisions\/4285"}],"up":[{"embeddable":true,"href":"https:\/\/www.travelanddine.info\/index.php\/wp-json\/wp\/v2\/pages\/1926"}],"wp:attachment":[{"href":"https:\/\/www.travelanddine.info\/index.php\/wp-json\/wp\/v2\/media?parent=2023"}],"curies":[{"name":"wp","href":"https:\/\/api.w.org\/{rel}","templated":true}]}}