{"id":2078,"date":"2019-02-19T19:14:04","date_gmt":"2019-02-19T19:14:04","guid":{"rendered":"http:\/\/www.travelanddine.info\/?page_id=2078"},"modified":"2019-02-19T19:35:10","modified_gmt":"2019-02-19T19:35:10","slug":"lufthansa-business-class","status":"publish","type":"page","link":"https:\/\/www.travelanddine.info\/index.php\/lufthansa-business-class\/","title":{"rendered":"LUFTHANSA BUSINESS CLASS"},"content":{"rendered":"\n<p><em>Fakta o letu<\/em><\/p>\n\n\n\n<p>Let LH797 z Hongkongu do Frankfurtu byl provozov\u00e1n Boeingem B747-8i. Odlet letu z Hongkongu je ve 23,45 hod m\u00edstn\u00edho \u010dasu, p\u0159i\u010dem\u017e standardn\u00ed doba letu cca. 12 hodin. Sekce Business Class v letadle m\u00e1 80 sedadel.<\/p>\n\n\n\n<figure class=\"wp-block-image\"><img loading=\"lazy\" width=\"914\" height=\"273\" src=\"https:\/\/www.travelanddine.info\/wp-content\/uploads\/2019\/02\/image-260.png\" alt=\"\" class=\"wp-image-2079\" srcset=\"https:\/\/www.travelanddine.info\/wp-content\/uploads\/2019\/02\/image-260.png 914w, https:\/\/www.travelanddine.info\/wp-content\/uploads\/2019\/02\/image-260-300x90.png 300w, https:\/\/www.travelanddine.info\/wp-content\/uploads\/2019\/02\/image-260-768x229.png 768w\" sizes=\"(max-width: 914px) 100vw, 914px\" \/><\/figure>\n\n\n\n<p><em>Odbaven\u00ed<\/em><\/p>\n\n\n\n<p>Na odbaven\u00ed v termin\u00e1lu 1 jsem se dostal docela pozd\u011b, kolem 22.47 hod. Na check-inu nebyli \u017e\u00e1dn\u00ed cestuj\u00edc\u00ed, tak\u017ee moje odbaven\u00ed bylo velmi rychl\u00e9. Moje dv\u011b zavazadla ka\u017ed\u00e9 o v\u00e1ze 30kg byly odbaveny bezprobl\u00e9mov\u011b.&nbsp;<\/p>\n\n\n\n<p><em>Salonek<\/em><\/p>\n\n\n\n<p>Proto\u017ee jsem se na odbaven\u00ed letu dostavil docela pozd\u011b, nepou\u017eil jsem \u017e\u00e1dn\u00e9 salonky a hned jsem pro\u0161el bezpe\u010dnostn\u00ed a pasovou kontrolou. Cestou do odletov\u00e9ho v\u00fdchodu jsem ud\u011blal p\u00e1r n\u00e1kup\u016f v bezceln\u00ed z\u00f3n\u011b. V\u0161ichni pasa\u017e\u00e9\u0159i Lufthansa Business Class mohou ale vyu\u017e\u00edvat odletov\u00fd salonek United Club Lounge, Thai Royal Orchid Lounge nebo Singapore Airlines SilverKris Lounge.<\/p>\n\n\n\n<p><em>N\u00e1stup do letadla<\/em><\/p>\n\n\n\n<p>K tomu abych se dostal do odletov\u00e9ho v\u00fdchodu 214 jsem musel pou\u017e\u00edt leti\u0161tn\u00ed SkyTrain, co trv\u00e1 nejm\u00e9n\u011b 15 minut. U odletov\u00e9ho v\u00fdchodu ji\u017e byla dlouh\u00e1 \u0159ada lid\u00ed \u010dekaj\u00edc\u00edch na n\u00e1stup do letadla. Na\u0161t\u011bst\u00ed tam st\u00e1ly dv\u011b \u0159ady, jedna do ekonomickou t\u0159\u00eddu a druh\u00e1 pro business t\u0159\u00eddu. B\u011bhem \u010dek\u00e1n\u00ed ve front\u011b pozemn\u00ed person\u00e1l pr\u016fb\u011b\u017en\u011b kontroloval palubn\u00ed vstupenky a cestovn\u00ed pasy, tak\u017ee kontrola m\u00e9 palubn\u00ed vstupenky u odletov\u00e9 br\u00e1ny byla ji\u017e rychl\u00e1 a mohl jsem snadno a rychle proj\u00edt k nastoupen\u00ed do letadla.<\/p>\n\n\n\n<p><em>Kabina letadla a sedadlo&nbsp;<\/em><\/p>\n\n\n\n<p>Moje sedadlo 11G bylo um\u00edst\u011bno v posledn\u00edm \u0159ad\u011b business t\u0159\u00eddy na spodn\u00ed palub\u011b. Jak ji\u017e bylo uvedeno, Lufthansa provozuje pom\u011brn\u011b velkou sekci Business Class s celkovou kapacitou 80 m\u00edst jak na doln\u00ed, tak na horn\u00ed palub\u011b letadla. V\u0161echny seda\u010dky jsou pom\u011brn\u011b pohodln\u00e9 a daj\u00ed se p\u0159etransformovat do polohy postele. Jsou vybaven\u00e9 velk\u00fdm monitorem, USB portem, sluch\u00e1tky s potla\u010den\u00edm okoln\u00edho ruchu a ovlada\u010dem palubn\u00ed z\u00e1bavy. Sedadla jsou konfigurov\u00e1na v konfiguraci 2-2-2 sedadel. Na sedadle se nach\u00e1zel pol\u0161t\u00e1\u0159 a kvalitn\u011bj\u0161\u00ed pro\u0161\u00edvan\u00e1 deka.<\/p>\n\n\n\n<p>Zd\u00e1lo se, \u017ee tento let byl v business t\u0159\u00edd\u011b zcela zapln\u011bn.&nbsp;<\/p>\n\n\n\n<figure class=\"wp-block-image\"><img loading=\"lazy\" width=\"970\" height=\"257\" src=\"https:\/\/www.travelanddine.info\/wp-content\/uploads\/2019\/02\/image-261.png\" alt=\"\" class=\"wp-image-2080\" srcset=\"https:\/\/www.travelanddine.info\/wp-content\/uploads\/2019\/02\/image-261.png 970w, https:\/\/www.travelanddine.info\/wp-content\/uploads\/2019\/02\/image-261-300x79.png 300w, https:\/\/www.travelanddine.info\/wp-content\/uploads\/2019\/02\/image-261-768x203.png 768w\" sizes=\"(max-width: 970px) 100vw, 970px\" \/><\/figure>\n\n\n\n<p><em>Let<\/em><\/p>\n\n\n\n<p>Hned pot\u00e9, co jsem se posadil na sv\u00e9 m\u00edsto, mn\u011b mil\u00e1 stevardka nab\u00eddla n\u00e1poj na uv\u00edtanou &#8211; sklenici \u0161ampa\u0148sk\u00e9ho. Kosmetick\u00e1 ta\u0161ti\u010dka byla um\u00edst\u011bna v kapse sedadla. Brzy pot\u00e9 ke mn\u011b p\u0159istoupila pos\u00e1dka, aby se mn\u011b zeptala jak\u00fd aperitiv a p\u0159edkrm si budu po startu p\u0159\u00e1t. J\u00e1 jsem se rozhodl pro krevetov\u00fd koktejl. K dispozici byly celkem 3 p\u0159edkrmy.<\/p>\n\n\n\n<p>Palubn\u00ed z\u00e1bava byla zah\u00e1jena u\u017e na zemi, tak\u017ee jsem si ji\u017e mohl vybrat, na co se b\u011bhem letu koukat.<\/p>\n\n\n\n<p>Asi 20 minut po startu mi byla nab\u00eddnuta moje objednan\u00e1 skleni\u010dka \u010dilsk\u00e9ho v\u00edna Valle de Aconcagua, Vina Errazuriz, kter\u00e1 byla pod\u00e1v\u00e1na s&nbsp;m\u00edchan\u00fdmi o\u0159echy. Proto\u017ee toto v\u00edno bylo pro m\u011b trochu siln\u00e9, zm\u011bnil jsem m\u016fj v\u00fdb\u011br na francouzsk\u00e9 v\u00edno Chateau Croix Rival, Lussac Saint-Emilion, kter\u00e9 bylo prost\u011b dokonal\u00e9. M\u016fj p\u0159edkrm byl pod\u00e1v\u00e1n s v\u00fdb\u011brem tepl\u00e9ho pe\u010diva. Pot\u00e9 byl serv\u00edrov\u00e1no m\u016fj v\u00fdb\u011br hlavn\u00edho j\u00eddla. Vybral jsem si mo\u0159sk\u00fd jazyk s \u010d\u00ednskou s\u00f3jovou om\u00e1\u010dkou, r\u00fd\u017e\u00ed a zeleninou. Posl\u00e9ze jsem ji\u017e nemohl ochutnat v\u00fdb\u011br s\u00fdr\u016f a dezert\u016f, kter\u00e9 byly nab\u00edzeny s digestivy. Sledoval jsem pouze jeden ze stovek film\u016f a pot\u00e9 \u0161el sp\u00e1t.<\/p>\n\n\n\n<p>Po vskutku kvalitn\u00edm 8hodinov\u00e9m sp\u00e1nku na rozta\u017een\u00e9 posteli, se za\u010dala zhruba 1 hodinu a 30 minut p\u0159ed p\u0159ist\u00e1n\u00edm pod\u00e1vat sn\u00eddan\u011b. Sn\u00eddan\u011b za\u010d\u00ednala nab\u00eddkou \u010derstv\u00e9ho pomeran\u010dov\u00e9ho d\u017eusu a posl\u00e9ze jsem si vybral asijsk\u00e9 nudle ramen s ku\u0159ec\u00edm masem a zeleninou. Prav\u00e1 asijsk\u00e1 sn\u00eddan\u011b.<\/p>\n\n\n\n<figure class=\"wp-block-image\"><img loading=\"lazy\" width=\"612\" height=\"408\" src=\"https:\/\/www.travelanddine.info\/wp-content\/uploads\/2019\/02\/image-262.png\" alt=\"\" class=\"wp-image-2081\" srcset=\"https:\/\/www.travelanddine.info\/wp-content\/uploads\/2019\/02\/image-262.png 612w, https:\/\/www.travelanddine.info\/wp-content\/uploads\/2019\/02\/image-262-300x200.png 300w\" sizes=\"(max-width: 612px) 100vw, 612px\" \/><\/figure>\n\n\n\n<p><em>P\u0159\u00edlet<\/em><\/p>\n\n\n\n<p>Do Frankfurtu jsme p\u0159ilet\u011bli asi 10 minut p\u0159ed pl\u00e1novan\u00fdm \u010dasem. P\u0159i vystupov\u00e1n\u00ed z letadla se pos\u00e1dka rozlou\u010dila se sv\u00fdmi klienty a j\u00e1 jsem byl p\u0159ipraven p\u0159estoupit na sv\u016fj kr\u00e1tk\u00fd dal\u0161\u00ed let do Prahy.<\/p>\n\n\n\n<p><em>Z\u00e1v\u011br<\/em><\/p>\n\n\n\n<p>Vskutku slu\u0161n\u00fd let. Servis byl p\u0159\u00e1telsk\u00fd a profesion\u00e1ln\u00ed. Letadlo bylo pohodln\u00e9 a v\u00fdb\u011br j\u00eddel byl p\u0159\u00edjemn\u00fd.<\/p>\n\n\n\n<p>Kontakt: <a href=\"http:\/\/www.lh.com\/\" target=\"_blank\" rel=\"noreferrer noopener\" aria-label=\" (otev\u0159e se na nov\u00e9 z\u00e1lo\u017ece)\">www.lh.com<\/a><br><\/p>\n","protected":false},"excerpt":{"rendered":"<p>Fakta o letu Let LH797 z Hongkongu do Frankfurtu byl provozov\u00e1n Boeingem B747-8i. Odlet letu z Hongkongu je ve 23,45 hod m\u00edstn\u00edho \u010dasu, p\u0159i\u010dem\u017e standardn\u00ed doba letu cca. 12 hodin. Sekce Business Class v letadle m\u00e1 80 sedadel. Odbaven\u00ed Na&#8230;<\/p>\n","protected":false},"author":1,"featured_media":0,"parent":0,"menu_order":0,"comment_status":"closed","ping_status":"closed","template":"","meta":[],"yoast_head":"<!-- This site is optimized with the Yoast SEO plugin v17.0 - https:\/\/yoast.com\/wordpress\/plugins\/seo\/ -->\n<title>LUFTHANSA BUSINESS CLASS - Premium Travel&amp;Dine Info<\/title>\n<meta name=\"robots\" content=\"index, follow, max-snippet:-1, max-image-preview:large, max-video-preview:-1\" \/>\n<link rel=\"canonical\" href=\"https:\/\/www.travelanddine.info\/index.php\/lufthansa-business-class\/\" \/>\n<meta property=\"og:locale\" content=\"cs_CZ\" \/>\n<meta property=\"og:type\" content=\"article\" \/>\n<meta property=\"og:title\" content=\"LUFTHANSA BUSINESS CLASS - Premium Travel&amp;Dine Info\" \/>\n<meta property=\"og:description\" content=\"Fakta o letu Let LH797 z Hongkongu do Frankfurtu byl provozov\u00e1n Boeingem B747-8i. Odlet letu z Hongkongu je ve 23,45 hod m\u00edstn\u00edho \u010dasu, p\u0159i\u010dem\u017e standardn\u00ed doba letu cca. 12 hodin. Sekce Business Class v letadle m\u00e1 80 sedadel. Odbaven\u00ed Na...\" \/>\n<meta property=\"og:url\" content=\"https:\/\/www.travelanddine.info\/index.php\/lufthansa-business-class\/\" \/>\n<meta property=\"og:site_name\" content=\"Premium Travel&amp;Dine Info\" \/>\n<meta property=\"article:publisher\" content=\"http:\/\/www.facebook.com\/PremiumTravelAndDineInfo\" \/>\n<meta property=\"article:modified_time\" content=\"2019-02-19T19:35:10+00:00\" \/>\n<meta property=\"og:image\" content=\"http:\/\/www.travelanddine.info\/wp-content\/uploads\/2019\/02\/image-260.png\" \/>\n<meta name=\"twitter:card\" content=\"summary_large_image\" \/>\n<meta name=\"twitter:label1\" content=\"Odhadovan\u00e1 doba \u010dten\u00ed\" \/>\n\t<meta name=\"twitter:data1\" content=\"4 minuty\" \/>\n<script type=\"application\/ld+json\" class=\"yoast-schema-graph\">{\"@context\":\"https:\/\/schema.org\",\"@graph\":[{\"@type\":\"Organization\",\"@id\":\"https:\/\/www.travelanddine.info\/#organization\",\"name\":\"Premium Travel & Dine Info\",\"url\":\"https:\/\/www.travelanddine.info\/\",\"sameAs\":[\"http:\/\/www.facebook.com\/PremiumTravelAndDineInfo\",\"https:\/\/www.instagram.com\/premium_travel_and_dine_info\/\",\"https:\/\/www.youtube.com\/channel\/UCq4d7zmKK3AOuzDrR1p_2Qw\/featured?disable_polymer=1\"],\"logo\":{\"@type\":\"ImageObject\",\"@id\":\"https:\/\/www.travelanddine.info\/#logo\",\"inLanguage\":\"cs\",\"url\":\"https:\/\/www.travelanddine.info\/wp-content\/uploads\/2019\/01\/logo-premium-e1547240252292.jpg\",\"contentUrl\":\"https:\/\/www.travelanddine.info\/wp-content\/uploads\/2019\/01\/logo-premium-e1547240252292.jpg\",\"width\":1000,\"height\":406,\"caption\":\"Premium Travel & Dine Info\"},\"image\":{\"@id\":\"https:\/\/www.travelanddine.info\/#logo\"}},{\"@type\":\"WebSite\",\"@id\":\"https:\/\/www.travelanddine.info\/#website\",\"url\":\"https:\/\/www.travelanddine.info\/\",\"name\":\"Premium Travel&amp;Dine Info\",\"description\":\"tipy, doporu\\u010den\\u00ed, informace.. pro ty, kte\\u0159\\u00ed maj\\u00ed r\\u00e1di cestov\\u00e1n\\u00ed na vysok\\u00e9 \\u00farovni a skv\\u011bl\\u00e9 j\\u00eddlo\",\"publisher\":{\"@id\":\"https:\/\/www.travelanddine.info\/#organization\"},\"potentialAction\":[{\"@type\":\"SearchAction\",\"target\":{\"@type\":\"EntryPoint\",\"urlTemplate\":\"https:\/\/www.travelanddine.info\/?s={search_term_string}\"},\"query-input\":\"required name=search_term_string\"}],\"inLanguage\":\"cs\"},{\"@type\":\"ImageObject\",\"@id\":\"https:\/\/www.travelanddine.info\/index.php\/lufthansa-business-class\/#primaryimage\",\"inLanguage\":\"cs\",\"url\":\"http:\/\/www.travelanddine.info\/wp-content\/uploads\/2019\/02\/image-260.png\",\"contentUrl\":\"http:\/\/www.travelanddine.info\/wp-content\/uploads\/2019\/02\/image-260.png\"},{\"@type\":\"WebPage\",\"@id\":\"https:\/\/www.travelanddine.info\/index.php\/lufthansa-business-class\/#webpage\",\"url\":\"https:\/\/www.travelanddine.info\/index.php\/lufthansa-business-class\/\",\"name\":\"LUFTHANSA BUSINESS CLASS - Premium Travel&amp;Dine Info\",\"isPartOf\":{\"@id\":\"https:\/\/www.travelanddine.info\/#website\"},\"primaryImageOfPage\":{\"@id\":\"https:\/\/www.travelanddine.info\/index.php\/lufthansa-business-class\/#primaryimage\"},\"datePublished\":\"2019-02-19T19:14:04+00:00\",\"dateModified\":\"2019-02-19T19:35:10+00:00\",\"breadcrumb\":{\"@id\":\"https:\/\/www.travelanddine.info\/index.php\/lufthansa-business-class\/#breadcrumb\"},\"inLanguage\":\"cs\",\"potentialAction\":[{\"@type\":\"ReadAction\",\"target\":[\"https:\/\/www.travelanddine.info\/index.php\/lufthansa-business-class\/\"]}]},{\"@type\":\"BreadcrumbList\",\"@id\":\"https:\/\/www.travelanddine.info\/index.php\/lufthansa-business-class\/#breadcrumb\",\"itemListElement\":[{\"@type\":\"ListItem\",\"position\":1,\"name\":\"Dom\\u016f\",\"item\":\"https:\/\/www.travelanddine.info\/index.php\/en\/home\/\"},{\"@type\":\"ListItem\",\"position\":2,\"name\":\"LUFTHANSA BUSINESS CLASS\"}]}]}<\/script>\n<!-- \/ Yoast SEO plugin. -->","yoast_head_json":{"title":"LUFTHANSA BUSINESS CLASS - Premium Travel&amp;Dine Info","robots":{"index":"index","follow":"follow","max-snippet":"max-snippet:-1","max-image-preview":"max-image-preview:large","max-video-preview":"max-video-preview:-1"},"canonical":"https:\/\/www.travelanddine.info\/index.php\/lufthansa-business-class\/","og_locale":"cs_CZ","og_type":"article","og_title":"LUFTHANSA BUSINESS CLASS - Premium Travel&amp;Dine Info","og_description":"Fakta o letu Let LH797 z Hongkongu do Frankfurtu byl provozov\u00e1n Boeingem B747-8i. Odlet letu z Hongkongu je ve 23,45 hod m\u00edstn\u00edho \u010dasu, p\u0159i\u010dem\u017e standardn\u00ed doba letu cca. 12 hodin. Sekce Business Class v letadle m\u00e1 80 sedadel. Odbaven\u00ed Na...","og_url":"https:\/\/www.travelanddine.info\/index.php\/lufthansa-business-class\/","og_site_name":"Premium Travel&amp;Dine Info","article_publisher":"http:\/\/www.facebook.com\/PremiumTravelAndDineInfo","article_modified_time":"2019-02-19T19:35:10+00:00","og_image":[{"url":"http:\/\/www.travelanddine.info\/wp-content\/uploads\/2019\/02\/image-260.png"}],"twitter_card":"summary_large_image","twitter_misc":{"Odhadovan\u00e1 doba \u010dten\u00ed":"4 minuty"},"schema":{"@context":"https:\/\/schema.org","@graph":[{"@type":"Organization","@id":"https:\/\/www.travelanddine.info\/#organization","name":"Premium Travel & Dine Info","url":"https:\/\/www.travelanddine.info\/","sameAs":["http:\/\/www.facebook.com\/PremiumTravelAndDineInfo","https:\/\/www.instagram.com\/premium_travel_and_dine_info\/","https:\/\/www.youtube.com\/channel\/UCq4d7zmKK3AOuzDrR1p_2Qw\/featured?disable_polymer=1"],"logo":{"@type":"ImageObject","@id":"https:\/\/www.travelanddine.info\/#logo","inLanguage":"cs","url":"https:\/\/www.travelanddine.info\/wp-content\/uploads\/2019\/01\/logo-premium-e1547240252292.jpg","contentUrl":"https:\/\/www.travelanddine.info\/wp-content\/uploads\/2019\/01\/logo-premium-e1547240252292.jpg","width":1000,"height":406,"caption":"Premium Travel & Dine Info"},"image":{"@id":"https:\/\/www.travelanddine.info\/#logo"}},{"@type":"WebSite","@id":"https:\/\/www.travelanddine.info\/#website","url":"https:\/\/www.travelanddine.info\/","name":"Premium Travel&amp;Dine Info","description":"tipy, doporu\u010den\u00ed, informace.. pro ty, kte\u0159\u00ed maj\u00ed r\u00e1di cestov\u00e1n\u00ed na vysok\u00e9 \u00farovni a skv\u011bl\u00e9 j\u00eddlo","publisher":{"@id":"https:\/\/www.travelanddine.info\/#organization"},"potentialAction":[{"@type":"SearchAction","target":{"@type":"EntryPoint","urlTemplate":"https:\/\/www.travelanddine.info\/?s={search_term_string}"},"query-input":"required name=search_term_string"}],"inLanguage":"cs"},{"@type":"ImageObject","@id":"https:\/\/www.travelanddine.info\/index.php\/lufthansa-business-class\/#primaryimage","inLanguage":"cs","url":"http:\/\/www.travelanddine.info\/wp-content\/uploads\/2019\/02\/image-260.png","contentUrl":"http:\/\/www.travelanddine.info\/wp-content\/uploads\/2019\/02\/image-260.png"},{"@type":"WebPage","@id":"https:\/\/www.travelanddine.info\/index.php\/lufthansa-business-class\/#webpage","url":"https:\/\/www.travelanddine.info\/index.php\/lufthansa-business-class\/","name":"LUFTHANSA BUSINESS CLASS - Premium Travel&amp;Dine Info","isPartOf":{"@id":"https:\/\/www.travelanddine.info\/#website"},"primaryImageOfPage":{"@id":"https:\/\/www.travelanddine.info\/index.php\/lufthansa-business-class\/#primaryimage"},"datePublished":"2019-02-19T19:14:04+00:00","dateModified":"2019-02-19T19:35:10+00:00","breadcrumb":{"@id":"https:\/\/www.travelanddine.info\/index.php\/lufthansa-business-class\/#breadcrumb"},"inLanguage":"cs","potentialAction":[{"@type":"ReadAction","target":["https:\/\/www.travelanddine.info\/index.php\/lufthansa-business-class\/"]}]},{"@type":"BreadcrumbList","@id":"https:\/\/www.travelanddine.info\/index.php\/lufthansa-business-class\/#breadcrumb","itemListElement":[{"@type":"ListItem","position":1,"name":"Dom\u016f","item":"https:\/\/www.travelanddine.info\/index.php\/en\/home\/"},{"@type":"ListItem","position":2,"name":"LUFTHANSA BUSINESS CLASS"}]}]}},"_links":{"self":[{"href":"https:\/\/www.travelanddine.info\/index.php\/wp-json\/wp\/v2\/pages\/2078"}],"collection":[{"href":"https:\/\/www.travelanddine.info\/index.php\/wp-json\/wp\/v2\/pages"}],"about":[{"href":"https:\/\/www.travelanddine.info\/index.php\/wp-json\/wp\/v2\/types\/page"}],"author":[{"embeddable":true,"href":"https:\/\/www.travelanddine.info\/index.php\/wp-json\/wp\/v2\/users\/1"}],"replies":[{"embeddable":true,"href":"https:\/\/www.travelanddine.info\/index.php\/wp-json\/wp\/v2\/comments?post=2078"}],"version-history":[{"count":3,"href":"https:\/\/www.travelanddine.info\/index.php\/wp-json\/wp\/v2\/pages\/2078\/revisions"}],"predecessor-version":[{"id":2094,"href":"https:\/\/www.travelanddine.info\/index.php\/wp-json\/wp\/v2\/pages\/2078\/revisions\/2094"}],"wp:attachment":[{"href":"https:\/\/www.travelanddine.info\/index.php\/wp-json\/wp\/v2\/media?parent=2078"}],"curies":[{"name":"wp","href":"https:\/\/api.w.org\/{rel}","templated":true}]}}