{"id":2582,"date":"2019-07-08T21:11:29","date_gmt":"2019-07-08T21:11:29","guid":{"rendered":"http:\/\/www.travelanddine.info\/?page_id=2582"},"modified":"2021-06-11T11:53:14","modified_gmt":"2021-06-11T11:53:14","slug":"francie","status":"publish","type":"page","link":"https:\/\/www.travelanddine.info\/index.php\/francie\/","title":{"rendered":"Francie"},"content":{"rendered":"\n<figure class=\"wp-block-image\"><img loading=\"lazy\" width=\"1024\" height=\"680\" src=\"https:\/\/www.travelanddine.info\/wp-content\/uploads\/2019\/07\/france-1024x680.jpg\" alt=\"\" class=\"wp-image-2909\" srcset=\"https:\/\/www.travelanddine.info\/wp-content\/uploads\/2019\/07\/france-1024x680.jpg 1024w, https:\/\/www.travelanddine.info\/wp-content\/uploads\/2019\/07\/france-300x199.jpg 300w, https:\/\/www.travelanddine.info\/wp-content\/uploads\/2019\/07\/france-768x510.jpg 768w, https:\/\/www.travelanddine.info\/wp-content\/uploads\/2019\/07\/france.jpg 1920w\" sizes=\"(max-width: 1024px) 100vw, 1024px\" \/><\/figure>\n\n\n\n<figure class=\"wp-block-image size-large\"><img loading=\"lazy\" width=\"1024\" height=\"39\" src=\"https:\/\/www.travelanddine.info\/wp-content\/uploads\/2021\/06\/PREMIOVE-HOTELY-CZE-1024x39.png\" alt=\"\" class=\"wp-image-4584\" srcset=\"https:\/\/www.travelanddine.info\/wp-content\/uploads\/2021\/06\/PREMIOVE-HOTELY-CZE-1024x39.png 1024w, https:\/\/www.travelanddine.info\/wp-content\/uploads\/2021\/06\/PREMIOVE-HOTELY-CZE-300x12.png 300w, https:\/\/www.travelanddine.info\/wp-content\/uploads\/2021\/06\/PREMIOVE-HOTELY-CZE-768x29.png 768w, https:\/\/www.travelanddine.info\/wp-content\/uploads\/2021\/06\/PREMIOVE-HOTELY-CZE.png 1250w\" sizes=\"(max-width: 1024px) 100vw, 1024px\" \/><\/figure>\n\n\n\n<figure class=\"wp-block-table\"><table><tbody><tr><td>H<\/td><td>LE BRISTOL, AN OETKER COLLECTION<\/td><td>PARIS<\/td><\/tr><tr><td>H<\/td><td>FOUR SEASONS, GEORGE V<\/td><td>PARIS<\/td><\/tr><tr><td>H<\/td><td>THE PENINSULA<\/td><td>PARIS<\/td><\/tr><tr><td>H<\/td><td>LE ROYAL MONCEAU RAFFLES<\/td><td>PARIS<\/td><\/tr><tr><td>H<\/td><td>RITZ PARIS<\/td><td>PARIS<\/td><\/tr><tr><td>H<\/td><td>PARK HYATT VENDOME<\/td><td>PARIS<\/td><\/tr><tr><td>H<\/td><td>MANDARIN ORIENTAL<\/td><td>PARIS<\/td><\/tr><tr><td>H<\/td><td>SHANGRI-LA<\/td><td>PARIS<\/td><\/tr><tr><td>H<\/td><td>LE PAVILLON DE LA REINE &amp; SPA<\/td><td>PARIS<\/td><\/tr><tr><td>H<\/td><td>NOLINSKI<\/td><td>PARIS<\/td><\/tr><tr><td>H<\/td><td>INTERCONTINENTAL LE GRAND<\/td><td>PARIS<\/td><\/tr><tr><td>H<\/td><td>SOFITEL ARC DE TRIOMPHE<\/td><td>PARIS<\/td><\/tr><tr><td>H<\/td><td>SAN REGIS<\/td><td>PARIS<\/td><\/tr><tr><td>H<\/td><td>HYATT MADELEINE<\/td><td>PARIS<\/td><\/tr><tr><td>H<\/td><td>W PARIS OPERA<\/td><td>PARIS<\/td><\/tr><tr><td>H<\/td><td>THE WESTIN VENDOME<\/td><td>PARIS<\/td><\/tr><tr><td>H<\/td><td>HILTON OPERA<\/td><td>PARIS<\/td><\/tr><tr><td>H<\/td><td>HYATT REGENCY PALAIS DE LA MEDITERRANEE<\/td><td>NICE<\/td><\/tr><tr><td>H<\/td><td>NEGRESCO<\/td><td>NICE<\/td><\/tr><tr><td>H<\/td><td>BOSCOLO EXEDRA, AUTOGRAPH COLLECTION<\/td><td>NICE<\/td><\/tr><tr><td>H<\/td><td>AC HOTEL BY MARRIOTT<\/td><td>NICE<\/td><\/tr><tr><td>H<\/td><td>INTERCONTINENTAL CARLTON<\/td><td>CANNES<\/td><\/tr><tr><td>H<\/td><td>MARTINEZ, COLLECTION BY HYATT<\/td><td>CANNES<\/td><\/tr><tr><td>H<\/td><td>JW MARRIOTT<\/td><td>CANNES<\/td><\/tr><tr><td>H<\/td><td>IMPERIAL GAROUPE<\/td><td>ANTIBES<\/td><\/tr><tr><td>H<\/td><td>CHATEAU DE LA MESSARDIERE<\/td><td>SAINT TROPEZ<\/td><\/tr><tr><td>H<\/td><td>LA BASTIDE DE SAINT TROPEZ<\/td><td>SAINT TROPEZ<\/td><\/tr><tr><td>H<\/td><td>HOTEL DE PARIS<\/td><td>MONTE CARLO<\/td><\/tr><tr><td>H<\/td><td>METROPOLE<\/td><td>MONTE CARLO<\/td><\/tr><tr><td>H<\/td><td>HOTEL HERMITAGE<\/td><td>MONTE CARLO<\/td><\/tr><tr><td>H<\/td><td>FAIRMONT<\/td><td>MONTE CARLO<\/td><\/tr><tr><td>H<\/td><td>LE MERIDIEN BEACH PLAZA<\/td><td>MONTE CARLO<\/td><\/tr><tr><td>H<\/td><td>RENAISSANCE&nbsp;<\/td><td>AIX-EN-PROVENCE<\/td><\/tr><tr><td>H<\/td><td>LE PIGONNET &#8211; ESPRIT DE FRANCE<\/td><td>AIX-EN-PROVENCE<\/td><\/tr><\/tbody><\/table><\/figure>\n\n\n\n<p><\/p>\n","protected":false},"excerpt":{"rendered":"<p>H LE BRISTOL, AN OETKER COLLECTION PARIS H FOUR SEASONS, GEORGE V PARIS H THE PENINSULA PARIS H LE ROYAL MONCEAU RAFFLES PARIS H RITZ PARIS PARIS H PARK HYATT VENDOME PARIS H MANDARIN ORIENTAL PARIS H SHANGRI-LA PARIS H&#8230;<\/p>\n","protected":false},"author":1,"featured_media":0,"parent":0,"menu_order":0,"comment_status":"closed","ping_status":"closed","template":"","meta":[],"yoast_head":"<!-- This site is optimized with the Yoast SEO plugin v17.0 - https:\/\/yoast.com\/wordpress\/plugins\/seo\/ -->\n<title>Francie - Premium Travel&amp;Dine Info<\/title>\n<meta name=\"robots\" content=\"index, follow, max-snippet:-1, max-image-preview:large, max-video-preview:-1\" \/>\n<link rel=\"canonical\" href=\"https:\/\/www.travelanddine.info\/index.php\/francie\/\" \/>\n<meta property=\"og:locale\" content=\"cs_CZ\" \/>\n<meta property=\"og:type\" content=\"article\" \/>\n<meta property=\"og:title\" content=\"Francie - Premium Travel&amp;Dine Info\" \/>\n<meta property=\"og:description\" content=\"H LE BRISTOL, AN OETKER COLLECTION PARIS H FOUR SEASONS, GEORGE V PARIS H THE PENINSULA PARIS H LE ROYAL MONCEAU RAFFLES PARIS H RITZ PARIS PARIS H PARK HYATT VENDOME PARIS H MANDARIN ORIENTAL PARIS H SHANGRI-LA PARIS H...\" \/>\n<meta property=\"og:url\" content=\"https:\/\/www.travelanddine.info\/index.php\/francie\/\" \/>\n<meta property=\"og:site_name\" content=\"Premium Travel&amp;Dine Info\" \/>\n<meta property=\"article:publisher\" content=\"http:\/\/www.facebook.com\/PremiumTravelAndDineInfo\" \/>\n<meta property=\"article:modified_time\" content=\"2021-06-11T11:53:14+00:00\" \/>\n<meta property=\"og:image\" content=\"http:\/\/www.travelanddine.info\/wp-content\/uploads\/2019\/07\/france-1024x680.jpg\" \/>\n<meta name=\"twitter:card\" content=\"summary_large_image\" \/>\n<meta name=\"twitter:label1\" content=\"Odhadovan\u00e1 doba \u010dten\u00ed\" \/>\n\t<meta name=\"twitter:data1\" content=\"2 minuty\" \/>\n<script type=\"application\/ld+json\" class=\"yoast-schema-graph\">{\"@context\":\"https:\/\/schema.org\",\"@graph\":[{\"@type\":\"Organization\",\"@id\":\"https:\/\/www.travelanddine.info\/#organization\",\"name\":\"Premium Travel & Dine Info\",\"url\":\"https:\/\/www.travelanddine.info\/\",\"sameAs\":[\"http:\/\/www.facebook.com\/PremiumTravelAndDineInfo\",\"https:\/\/www.instagram.com\/premium_travel_and_dine_info\/\",\"https:\/\/www.youtube.com\/channel\/UCq4d7zmKK3AOuzDrR1p_2Qw\/featured?disable_polymer=1\"],\"logo\":{\"@type\":\"ImageObject\",\"@id\":\"https:\/\/www.travelanddine.info\/#logo\",\"inLanguage\":\"cs\",\"url\":\"https:\/\/www.travelanddine.info\/wp-content\/uploads\/2019\/01\/logo-premium-e1547240252292.jpg\",\"contentUrl\":\"https:\/\/www.travelanddine.info\/wp-content\/uploads\/2019\/01\/logo-premium-e1547240252292.jpg\",\"width\":1000,\"height\":406,\"caption\":\"Premium Travel & Dine Info\"},\"image\":{\"@id\":\"https:\/\/www.travelanddine.info\/#logo\"}},{\"@type\":\"WebSite\",\"@id\":\"https:\/\/www.travelanddine.info\/#website\",\"url\":\"https:\/\/www.travelanddine.info\/\",\"name\":\"Premium Travel&amp;Dine Info\",\"description\":\"tipy, doporu\\u010den\\u00ed, informace.. pro ty, kte\\u0159\\u00ed maj\\u00ed r\\u00e1di cestov\\u00e1n\\u00ed na vysok\\u00e9 \\u00farovni a skv\\u011bl\\u00e9 j\\u00eddlo\",\"publisher\":{\"@id\":\"https:\/\/www.travelanddine.info\/#organization\"},\"potentialAction\":[{\"@type\":\"SearchAction\",\"target\":{\"@type\":\"EntryPoint\",\"urlTemplate\":\"https:\/\/www.travelanddine.info\/?s={search_term_string}\"},\"query-input\":\"required name=search_term_string\"}],\"inLanguage\":\"cs\"},{\"@type\":\"ImageObject\",\"@id\":\"https:\/\/www.travelanddine.info\/index.php\/francie\/#primaryimage\",\"inLanguage\":\"cs\",\"url\":\"http:\/\/www.travelanddine.info\/wp-content\/uploads\/2019\/07\/france-1024x680.jpg\",\"contentUrl\":\"http:\/\/www.travelanddine.info\/wp-content\/uploads\/2019\/07\/france-1024x680.jpg\"},{\"@type\":\"WebPage\",\"@id\":\"https:\/\/www.travelanddine.info\/index.php\/francie\/#webpage\",\"url\":\"https:\/\/www.travelanddine.info\/index.php\/francie\/\",\"name\":\"Francie - Premium Travel&amp;Dine Info\",\"isPartOf\":{\"@id\":\"https:\/\/www.travelanddine.info\/#website\"},\"primaryImageOfPage\":{\"@id\":\"https:\/\/www.travelanddine.info\/index.php\/francie\/#primaryimage\"},\"datePublished\":\"2019-07-08T21:11:29+00:00\",\"dateModified\":\"2021-06-11T11:53:14+00:00\",\"breadcrumb\":{\"@id\":\"https:\/\/www.travelanddine.info\/index.php\/francie\/#breadcrumb\"},\"inLanguage\":\"cs\",\"potentialAction\":[{\"@type\":\"ReadAction\",\"target\":[\"https:\/\/www.travelanddine.info\/index.php\/francie\/\"]}]},{\"@type\":\"BreadcrumbList\",\"@id\":\"https:\/\/www.travelanddine.info\/index.php\/francie\/#breadcrumb\",\"itemListElement\":[{\"@type\":\"ListItem\",\"position\":1,\"name\":\"Dom\\u016f\",\"item\":\"https:\/\/www.travelanddine.info\/index.php\/en\/home\/\"},{\"@type\":\"ListItem\",\"position\":2,\"name\":\"Francie\"}]}]}<\/script>\n<!-- \/ Yoast SEO plugin. -->","yoast_head_json":{"title":"Francie - Premium Travel&amp;Dine Info","robots":{"index":"index","follow":"follow","max-snippet":"max-snippet:-1","max-image-preview":"max-image-preview:large","max-video-preview":"max-video-preview:-1"},"canonical":"https:\/\/www.travelanddine.info\/index.php\/francie\/","og_locale":"cs_CZ","og_type":"article","og_title":"Francie - Premium Travel&amp;Dine Info","og_description":"H LE BRISTOL, AN OETKER COLLECTION PARIS H FOUR SEASONS, GEORGE V PARIS H THE PENINSULA PARIS H LE ROYAL MONCEAU RAFFLES PARIS H RITZ PARIS PARIS H PARK HYATT VENDOME PARIS H MANDARIN ORIENTAL PARIS H SHANGRI-LA PARIS H...","og_url":"https:\/\/www.travelanddine.info\/index.php\/francie\/","og_site_name":"Premium Travel&amp;Dine Info","article_publisher":"http:\/\/www.facebook.com\/PremiumTravelAndDineInfo","article_modified_time":"2021-06-11T11:53:14+00:00","og_image":[{"url":"http:\/\/www.travelanddine.info\/wp-content\/uploads\/2019\/07\/france-1024x680.jpg"}],"twitter_card":"summary_large_image","twitter_misc":{"Odhadovan\u00e1 doba \u010dten\u00ed":"2 minuty"},"schema":{"@context":"https:\/\/schema.org","@graph":[{"@type":"Organization","@id":"https:\/\/www.travelanddine.info\/#organization","name":"Premium Travel & Dine Info","url":"https:\/\/www.travelanddine.info\/","sameAs":["http:\/\/www.facebook.com\/PremiumTravelAndDineInfo","https:\/\/www.instagram.com\/premium_travel_and_dine_info\/","https:\/\/www.youtube.com\/channel\/UCq4d7zmKK3AOuzDrR1p_2Qw\/featured?disable_polymer=1"],"logo":{"@type":"ImageObject","@id":"https:\/\/www.travelanddine.info\/#logo","inLanguage":"cs","url":"https:\/\/www.travelanddine.info\/wp-content\/uploads\/2019\/01\/logo-premium-e1547240252292.jpg","contentUrl":"https:\/\/www.travelanddine.info\/wp-content\/uploads\/2019\/01\/logo-premium-e1547240252292.jpg","width":1000,"height":406,"caption":"Premium Travel & Dine Info"},"image":{"@id":"https:\/\/www.travelanddine.info\/#logo"}},{"@type":"WebSite","@id":"https:\/\/www.travelanddine.info\/#website","url":"https:\/\/www.travelanddine.info\/","name":"Premium Travel&amp;Dine Info","description":"tipy, doporu\u010den\u00ed, informace.. pro ty, kte\u0159\u00ed maj\u00ed r\u00e1di cestov\u00e1n\u00ed na vysok\u00e9 \u00farovni a skv\u011bl\u00e9 j\u00eddlo","publisher":{"@id":"https:\/\/www.travelanddine.info\/#organization"},"potentialAction":[{"@type":"SearchAction","target":{"@type":"EntryPoint","urlTemplate":"https:\/\/www.travelanddine.info\/?s={search_term_string}"},"query-input":"required name=search_term_string"}],"inLanguage":"cs"},{"@type":"ImageObject","@id":"https:\/\/www.travelanddine.info\/index.php\/francie\/#primaryimage","inLanguage":"cs","url":"http:\/\/www.travelanddine.info\/wp-content\/uploads\/2019\/07\/france-1024x680.jpg","contentUrl":"http:\/\/www.travelanddine.info\/wp-content\/uploads\/2019\/07\/france-1024x680.jpg"},{"@type":"WebPage","@id":"https:\/\/www.travelanddine.info\/index.php\/francie\/#webpage","url":"https:\/\/www.travelanddine.info\/index.php\/francie\/","name":"Francie - Premium Travel&amp;Dine Info","isPartOf":{"@id":"https:\/\/www.travelanddine.info\/#website"},"primaryImageOfPage":{"@id":"https:\/\/www.travelanddine.info\/index.php\/francie\/#primaryimage"},"datePublished":"2019-07-08T21:11:29+00:00","dateModified":"2021-06-11T11:53:14+00:00","breadcrumb":{"@id":"https:\/\/www.travelanddine.info\/index.php\/francie\/#breadcrumb"},"inLanguage":"cs","potentialAction":[{"@type":"ReadAction","target":["https:\/\/www.travelanddine.info\/index.php\/francie\/"]}]},{"@type":"BreadcrumbList","@id":"https:\/\/www.travelanddine.info\/index.php\/francie\/#breadcrumb","itemListElement":[{"@type":"ListItem","position":1,"name":"Dom\u016f","item":"https:\/\/www.travelanddine.info\/index.php\/en\/home\/"},{"@type":"ListItem","position":2,"name":"Francie"}]}]}},"_links":{"self":[{"href":"https:\/\/www.travelanddine.info\/index.php\/wp-json\/wp\/v2\/pages\/2582"}],"collection":[{"href":"https:\/\/www.travelanddine.info\/index.php\/wp-json\/wp\/v2\/pages"}],"about":[{"href":"https:\/\/www.travelanddine.info\/index.php\/wp-json\/wp\/v2\/types\/page"}],"author":[{"embeddable":true,"href":"https:\/\/www.travelanddine.info\/index.php\/wp-json\/wp\/v2\/users\/1"}],"replies":[{"embeddable":true,"href":"https:\/\/www.travelanddine.info\/index.php\/wp-json\/wp\/v2\/comments?post=2582"}],"version-history":[{"count":5,"href":"https:\/\/www.travelanddine.info\/index.php\/wp-json\/wp\/v2\/pages\/2582\/revisions"}],"predecessor-version":[{"id":4585,"href":"https:\/\/www.travelanddine.info\/index.php\/wp-json\/wp\/v2\/pages\/2582\/revisions\/4585"}],"wp:attachment":[{"href":"https:\/\/www.travelanddine.info\/index.php\/wp-json\/wp\/v2\/media?parent=2582"}],"curies":[{"name":"wp","href":"https:\/\/api.w.org\/{rel}","templated":true}]}}